INSERT INTO `glpi_logs` (`id`, `itemtype`, `items_id`, `itemtype_link`, `linked_action`, `user_name`, `date_mod`, `id_search_option`, `old_value`, `new_value`) VALUES
(5536, 'User', 144, '0', 20, 'CARMONA ALEJANDRO (7)', '2024-09-05 02:56:46', 0, '', ''),
(5537, 'User', 145, 'UserEmail', 17, 'CARMONA ALEJANDRO (7)', '2024-09-05 02:57:30', 0, '', 'julieth.becerra@alfaparf.com.co (137)'),
(5538, 'UserEmail', 137, '0', 20, 'CARMONA ALEJANDRO (7)', '2024-09-05 02:57:30', 0, '', ''),
(5539, 'User', 145, 'Profile', 17, 'CARMONA ALEJANDRO (7)', '2024-09-05 02:57:30', 0, '', 'Self-Service (1)'),
(5540, 'User', 145, '0', 20, 'CARMONA ALEJANDRO (7)', '2024-09-05 02:57:30', 0, '', ''),
(5541, 'User', 146, 'Profile', 17, 'CARMONA ALEJANDRO (7)', '2024-09-05 02:58:56', 0, '', 'Self-Service (1)'),
(5542, 'User', 146, '0', 20, 'CARMONA ALEJANDRO (7)', '2024-09-05 02:58:56', 0, '', ''),
(5543, 'User', 147, 'UserEmail', 17, 'CARMONA ALEJANDRO (7)', '2024-09-05 03:00:00', 0, '', 'elizabeth.martinez@alfaparf.com.co (138)'),
(5544, 'UserEmail', 138, '0', 20, 'CARMONA ALEJANDRO (7)', '2024-09-05 03:00:00', 0, '', ''),
(5545, 'User', 147, 'Profile', 17, 'CARMONA ALEJANDRO (7)', '2024-09-05 03:00:00', 0, '', 'Self-Service (1)'),
(5546, 'User', 147, '0', 20, 'CARMONA ALEJANDRO (7)', '2024-09-05 03:00:00', 0, '', ''),
(5547, 'User', 148, 'UserEmail', 17, 'CARMONA ALEJANDRO (7)', '2024-09-05 03:00:41', 0, '', 'harol.solano@alfaparf.com.co (139)'),
(5548, 'UserEmail', 139, '0', 20, 'CARMONA ALEJANDRO (7)', '2024-09-05 03:00:41', 0, '', ''),
(5549, 'User', 148, 'Profile', 17, 'CARMONA ALEJANDRO (7)', '2024-09-05 03:00:41', 0, '', 'Self-Service (1)'),
(5550, 'User', 148, '0', 20, 'CARMONA ALEJANDRO (7)', '2024-09-05 03:00:41', 0, '', ''),
(5551, 'User', 149, 'UserEmail', 17, 'CARMONA ALEJANDRO (7)', '2024-09-05 03:01:41', 0, '', 'zuleima.negrette@alfaparf.com.co (140)'),
(5552, 'UserEmail', 140, '0', 20, 'CARMONA ALEJANDRO (7)', '2024-09-05 03:01:41', 0, '', ''),
(5553, 'User', 149, 'Profile', 17, 'CARMONA ALEJANDRO (7)', '2024-09-05 03:01:41', 0, '', 'Self-Service (1)'),
(5554, 'User', 149, '0', 20, 'CARMONA ALEJANDRO (7)', '2024-09-05 03:01:41', 0, '', ''),
(5555, 'User', 150, 'UserEmail', 17, 'CARMONA ALEJANDRO (7)', '2024-09-05 03:02:18', 0, '', 'julio.rincon@alfaparf.com.co (141)'),
(5556, 'UserEmail', 141, '0', 20, 'CARMONA ALEJANDRO (7)', '2024-09-05 03:02:18', 0, '', ''),
(5557, 'User', 150, 'Profile', 17, 'CARMONA ALEJANDRO (7)', '2024-09-05 03:02:18', 0, '', 'Self-Service (1)'),
(5558, 'User', 150, '0', 20, 'CARMONA ALEJANDRO (7)', '2024-09-05 03:02:18', 0, '', ''),
(5559, 'User', 151, 'UserEmail', 17, 'CARMONA ALEJANDRO (7)', '2024-09-05 03:03:28', 0, '', 'luz.rincon@alfaparf.com.co (142)'),
(5560, 'UserEmail', 142, '0', 20, 'CARMONA ALEJANDRO (7)', '2024-09-05 03:03:28', 0, '', ''),
(5561, 'User', 151, 'Profile', 17, 'CARMONA ALEJANDRO (7)', '2024-09-05 03:03:28', 0, '', 'Self-Service (1)'),
(5562, 'User', 151, '0', 20, 'CARMONA ALEJANDRO (7)', '2024-09-05 03:03:28', 0, '', ''),
(5563, 'User', 152, 'UserEmail', 17, 'CARMONA ALEJANDRO (7)', '2024-09-05 03:04:15', 0, '', 'daniellis.montes@alfaparf.com.co (143)'),
(5564, 'UserEmail', 143, '0', 20, 'CARMONA ALEJANDRO (7)', '2024-09-05 03:04:15', 0, '', ''),
(5565, 'User', 152, 'Profile', 17, 'CARMONA ALEJANDRO (7)', '2024-09-05 03:04:15', 0, '', 'Self-Service (1)'),
(5566, 'User', 152, '0', 20, 'CARMONA ALEJANDRO (7)', '2024-09-05 03:04:15', 0, '', ''),
(5567, 'User', 153, 'UserEmail', 17, 'CARMONA ALEJANDRO (7)', '2024-09-05 03:05:02', 0, '', 'pamela.aragon@alfaparf.com.co (144)'),
(5568, 'UserEmail', 144, '0', 20, 'CARMONA ALEJANDRO (7)', '2024-09-05 03:05:02', 0, '', ''),
(5569, 'User', 153, 'Profile', 17, 'CARMONA ALEJANDRO (7)', '2024-09-05 03:05:02', 0, '', 'Self-Service (1)'),
(5570, 'User', 153, '0', 20, 'CARMONA ALEJANDRO (7)', '2024-09-05 03:05:02', 0, '', ''),
(5571, 'User', 154, 'UserEmail', 17, 'CARMONA ALEJANDRO (7)', '2024-09-05 03:05:35', 0, '', 'lina.uribe@alfaparf.com.co (145)'),
(5572, 'UserEmail', 145, '0', 20, 'CARMONA ALEJANDRO (7)', '2024-09-05 03:05:35', 0, '', ''),
(5573, 'User', 154, 'Profile', 17, 'CARMONA ALEJANDRO (7)', '2024-09-05 03:05:35', 0, '', 'Self-Service (1)'),
(5574, 'User', 154, '0', 20, 'CARMONA ALEJANDRO (7)', '2024-09-05 03:05:35', 0, '', ''),
(5575, 'User', 155, 'UserEmail', 17, 'CARMONA ALEJANDRO (7)', '2024-09-05 03:06:14', 0, '', 'laura.ortega@alfaparf.com.co (146)'),
(5576, 'UserEmail', 146, '0', 20, 'CARMONA ALEJANDRO (7)', '2024-09-05 03:06:14', 0, '', ''),
(5577, 'User', 155, 'Profile', 17, 'CARMONA ALEJANDRO (7)', '2024-09-05 03:06:14', 0, '', 'Self-Service (1)'),
(5578, 'User', 155, '0', 20, 'CARMONA ALEJANDRO (7)', '2024-09-05 03:06:14', 0, '', ''),
(5579, 'User', 146, 'UserEmail', 17, 'CARMONA ALEJANDRO (7)', '2024-09-05 03:20:13', 0, '', 'alejandro.martinez@alfaparf.com.co (147)'),
(5580, 'UserEmail', 147, '0', 20, 'CARMONA ALEJANDRO (7)', '2024-09-05 03:20:13', 0, '', ''),
(5583, 'User', 10, 'Profile', 19, 'CARMONA ALEJANDRO (7)', '2024-09-05 04:38:33', 0, 'Self-Service (1)', ''),
(5584, 'Entity', 1, 'Entity', 19, 'CARMONA ALEJANDRO (7)', '2024-09-05 04:38:33', 0, 'gerencia general (6)', ''),
(5585, 'User', 58, '', 0, 'CARMONA ALEJANDRO (7)', '2024-09-05 05:03:23', 80, 'GLPIColombia (0)', 'GLPIColombia &#62; alfaparf &#62; comerciales (7)'),
(5586, 'User', 58, '', 0, 'CARMONA ALEJANDRO (7)', '2024-09-05 05:03:23', 20, '&nbsp; (0)', 'Self-Service (1)'),
(5587, 'User', 58, '', 0, 'CARMONA ALEJANDRO (7)', '2024-09-05 05:03:23', 13, '&nbsp; (0)', 'gerentes comerciales (8)'),
(5588, 'UserTitle', 4, '0', 20, 'CARMONA ALEJANDRO (7)', '2024-09-05 05:08:01', 0, '', ''),
(5589, 'UserTitle', 5, '0', 20, 'CARMONA ALEJANDRO (7)', '2024-09-05 05:09:17', 0, '', ''),
(5590, 'UserCategory', 1, '0', 20, 'CARMONA ALEJANDRO (7)', '2024-09-05 05:09:42', 0, '', ''),
(5591, 'Location', 1, '0', 20, 'CARMONA ALEJANDRO (7)', '2024-09-05 05:11:40', 0, '', ''),
(5592, 'User', 58, '', 0, 'CARMONA ALEJANDRO (7)', '2024-09-05 05:12:13', 82, '&nbsp; (0)', 'Gerente Regional Bogota (1)'),
(5593, 'User', 58, '', 0, 'CARMONA ALEJANDRO (7)', '2024-09-05 05:12:13', 81, '&nbsp; (0)', 'Gerente Regional Bogotá (5)'),
(5594, 'User', 58, '', 0, 'CARMONA ALEJANDRO (7)', '2024-09-05 05:12:13', 3, '&nbsp; (0)', 'Bogota (1)'),
(5595, 'User', 58, '', 0, 'CARMONA ALEJANDRO (7)', '2024-09-05 05:12:13', 99, '0', '58'),
(5596, 'UserCategory', 2, '0', 20, 'CARMONA ALEJANDRO (7)', '2024-09-05 05:19:19', 0, '', ''),
(5597, 'UserTitle', 6, '0', 20, 'CARMONA ALEJANDRO (7)', '2024-09-05 05:19:44', 0, '', ''),
(5598, 'User', 59, '', 0, 'CARMONA ALEJANDRO (7)', '2024-09-05 05:20:17', 82, '&nbsp; (0)', 'Ejecutivo Ventas Bogota (2)'),
(5599, 'User', 59, '', 0, 'CARMONA ALEJANDRO (7)', '2024-09-05 05:20:17', 81, '&nbsp; (0)', 'Ejecutivo Ventas Bogota (6)'),
(5600, 'User', 59, '', 0, 'CARMONA ALEJANDRO (7)', '2024-09-05 05:20:17', 3, '&nbsp; (0)', 'Bogota (1)'),
(5601, 'User', 59, '', 0, 'CARMONA ALEJANDRO (7)', '2024-09-05 05:20:17', 20, '&nbsp; (0)', 'Self-Service (1)'),
(5602, 'User', 58, 'Profile', 17, 'CARMONA ALEJANDRO (7)', '2024-09-05 05:23:52', 0, '', 'Self-Service (1)'),
(5603, 'User', 69, 'Profile', 17, 'CARMONA ALEJANDRO (7)', '2024-09-05 05:24:14', 0, '', 'Self-Service (1)'),
(5604, 'User', 82, 'Profile', 17, 'CARMONA ALEJANDRO (7)', '2024-09-05 05:24:32', 0, '', 'Self-Service (1)'),
(5605, 'User', 83, 'Profile', 17, 'CARMONA ALEJANDRO (7)', '2024-09-05 05:24:47', 0, '', 'Self-Service (1)'),
(5606, 'User', 92, 'Profile', 17, 'CARMONA ALEJANDRO (7)', '2024-09-05 05:25:01', 0, '', 'Self-Service (1)'),
(5607, 'User', 106, 'Profile', 17, 'CARMONA ALEJANDRO (7)', '2024-09-05 05:25:17', 0, '', 'Self-Service (1)'),
(5608, 'User', 117, 'Profile', 17, 'CARMONA ALEJANDRO (7)', '2024-09-05 05:25:30', 0, '', 'Self-Service (1)'),
(5609, 'User', 127, 'Profile', 17, 'CARMONA ALEJANDRO (7)', '2024-09-05 05:25:41', 0, '', 'Self-Service (1)'),
(5610, 'User', 140, 'Profile', 17, 'CARMONA ALEJANDRO (7)', '2024-09-05 05:25:52', 0, '', 'Self-Service (1)'),
(5611, 'User', 69, 'Group', 16, 'CARMONA ALEJANDRO (7)', '2024-09-05 05:43:37', 0, 'ejecutivos alfaparf bogota (11)', ''),
(5612, 'Group', 11, 'User', 16, 'CARMONA ALEJANDRO (7)', '2024-09-05 05:43:37', 0, 'Leon Leidy (69)', ''),
(5613, 'User', 156, 'UserEmail', 17, 'CARMONA ALEJANDRO (7)', '2024-09-05 05:53:27', 0, '', 'luis.ruiz@alfaparf.com.co (148)'),
(5614, 'UserEmail', 148, '0', 20, 'CARMONA ALEJANDRO (7)', '2024-09-05 05:53:27', 0, '', ''),
(5615, 'User', 156, 'Profile', 17, 'CARMONA ALEJANDRO (7)', '2024-09-05 05:53:27', 0, '', 'Self-Service (1)'),
(5616, 'User', 156, '0', 20, 'CARMONA ALEJANDRO (7)', '2024-09-05 05:53:27', 0, '', ''),
(5617, 'User', 58, 'Group', 16, 'CARMONA ALEJANDRO (7)', '2024-09-05 06:38:17', 0, 'ejecutivos alfaparf bogota (11)', ''),
(5618, 'Group', 11, 'User', 16, 'CARMONA ALEJANDRO (7)', '2024-09-05 06:38:17', 0, 'Lopez Diana (58)', ''),
(5619, 'User', 157, 'UserEmail', 17, 'CARMONA ALEJANDRO (7)', '2024-09-05 07:26:02', 0, '', 'mayra.ramirez@alfaparf.com.co (149)'),
(5620, 'UserEmail', 149, '0', 20, 'CARMONA ALEJANDRO (7)', '2024-09-05 07:26:02', 0, '', ''),
(5621, 'User', 157, 'Profile', 17, 'CARMONA ALEJANDRO (7)', '2024-09-05 07:26:02', 0, '', 'Self-Service (1)'),
(5622, 'User', 157, '0', 20, 'CARMONA ALEJANDRO (7)', '2024-09-05 07:26:02', 0, '', ''),
(5623, 'User', 128, 'Group', 16, 'CARMONA ALEJANDRO (7)', '2024-09-05 07:39:42', 0, 'ejecutivos ventas antioquia (10)', ''),
(5624, 'Group', 10, 'User', 16, 'CARMONA ALEJANDRO (7)', '2024-09-05 07:39:42', 0, 'Pena Andres (128)', ''),
(5630, 'User', 137, 'Group', 16, 'CARMONA ALEJANDRO (7)', '2024-09-05 07:53:22', 0, 'ejecutivos ventas antioquia (10)', ''),
(5631, 'Group', 10, 'User', 16, 'CARMONA ALEJANDRO (7)', '2024-09-05 07:53:22', 0, 'Medellin Cajera (137)', ''),
(5632, 'Group', 22, '', 0, 'CARMONA ALEJANDRO (7)', '2024-09-05 07:58:38', 14, 'tecnicos alfaparf', 'tecnico capilar'),
(5633, 'Group', 22, '', 0, 'CARMONA ALEJANDRO (7)', '2024-09-05 07:58:38', 1, 'tecnicos alfaparf', 'tecnico capilar'),
(5634, 'Group', 22, '', 0, 'CARMONA ALEJANDRO (7)', '2024-09-05 07:59:51', 14, 'tecnico capilar', 'tecnico alfaparf'),
(5635, 'Group', 22, '', 0, 'CARMONA ALEJANDRO (7)', '2024-09-05 07:59:51', 1, 'tecnico capilar', 'tecnico alfaparf'),
(5636, 'User', 55, '', 0, 'CARMONA ALEJANDRO (7)', '2024-09-05 08:09:48', 1, 'eperez', 'epaez'),
(5637, 'User', 55, '', 0, 'CARMONA ALEJANDRO (7)', '2024-09-05 08:09:48', 34, 'Perez', 'Paez'),
(5638, 'User', 38, 'Group', 16, 'CARMONA ALEJANDRO (7)', '2024-09-05 08:14:05', 0, 'supervisores operaciones (20)', ''),
(5639, 'Group', 20, 'User', 16, 'CARMONA ALEJANDRO (7)', '2024-09-05 08:14:05', 0, 'Camargo Jeimy (38)', ''),
(5651, 'Group', 30, 'Group', 17, 'CARMONA ALEJANDRO (7)', '2024-09-05 08:30:45', 0, '', 'contabilidad (37)'),
(5653, 'Group', 30, 'Group', 19, 'CARMONA ALEJANDRO (7)', '2024-09-05 08:31:05', 0, 'contabilidad (37)', ''),
(5657, 'Group', 5, '', 0, 'CARMONA ALEJANDRO (7)', '2024-09-05 08:39:05', 14, 'jefes recursos humanos', 'jefe recursos humanos'),
(5658, 'Group', 5, '', 0, 'CARMONA ALEJANDRO (7)', '2024-09-05 08:39:05', 1, 'jefes recursos humanos', 'jefe recursos humanos'),
(5659, 'User', 20, 'Profile', 17, 'CARMONA ALEJANDRO (7)', '2024-09-05 08:41:36', 0, '', 'Self-Service (1)'),
(5660, 'User', 36, 'Profile', 17, 'CARMONA ALEJANDRO (7)', '2024-09-05 08:42:32', 0, '', 'Self-Service (1)'),
(5661, 'User', 38, 'Profile', 17, 'CARMONA ALEJANDRO (7)', '2024-09-05 08:43:58', 0, '', 'Self-Service (1)'),
(5662, 'User', 43, 'Profile', 17, 'CARMONA ALEJANDRO (7)', '2024-09-05 08:45:06', 0, '', 'Self-Service (1)'),
(5663, 'User', 44, 'Profile', 17, 'CARMONA ALEJANDRO (7)', '2024-09-05 08:45:18', 0, '', 'Self-Service (1)'),
(5664, 'User', 21, 'Profile', 17, 'CARMONA ALEJANDRO (7)', '2024-09-05 08:46:07', 0, '', 'Self-Service (1)'),
(5665, 'ComputerAntivirus', 1, '', 0, 'Plugin_FusionInventory (9)', '2024-09-05 17:45:26', 3, '1.417.468.0', '1.417.513.0'),
(5666, 'Computer', 1, 'ComputerAntivirus', 18, 'Plugin_FusionInventory (9)', '2024-09-05 17:45:26', 0, '1.417.468.0', '1.417.513.0'),
(5667, 'Computer', 1, 'Peripheral', 16, 'Plugin_FusionInventory (9)', '2024-09-05 17:45:26', 0, 'Nexus/Pixel Device (MTP) (1)', ''),
(5668, 'Peripheral', 1, 'Computer', 16, 'Plugin_FusionInventory (9)', '2024-09-05 17:45:26', 0, 'SISTEMAS-2 (1)', ''),
(5669, 'Computer', 1, 'SoftwareVersion', 5, 'Plugin_FusionInventory', '2024-09-05 17:45:26', 0, 'Phone Link - 1.24081.89.0 (759)', ''),
(5670, 'SoftwareVersion', 890, 'Computer', 5, 'Plugin_FusionInventory', '2024-09-05 17:45:26', 0, 'SISTEMAS-2 (1)', ''),
(5671, 'Computer', 1, 'SoftwareVersion', 5, 'Plugin_FusionInventory', '2024-09-05 17:45:26', 0, 'Microsoft Edge - 128.0.2739.54 (792)', ''),
(5672, 'SoftwareVersion', 940, 'Computer', 5, 'Plugin_FusionInventory', '2024-09-05 17:45:26', 0, 'SISTEMAS-2 (1)', ''),
(5673, 'Computer', 1, 'SoftwareVersion', 5, 'Plugin_FusionInventory', '2024-09-05 17:45:26', 0, 'WebView2 Runtime de Microsoft Edge - 128.0.2739.54 (793)', ''),
(5674, 'SoftwareVersion', 941, 'Computer', 5, 'Plugin_FusionInventory', '2024-09-05 17:45:26', 0, 'SISTEMAS-2 (1)', ''),
(5675, 'Computer', 1, 'SoftwareVersion', 5, 'Plugin_FusionInventory', '2024-09-05 17:45:26', 0, 'Google Chrome - 128.0.6613.114 (796)', ''),
(5676, 'SoftwareVersion', 944, 'Computer', 5, 'Plugin_FusionInventory', '2024-09-05 17:45:26', 0, 'SISTEMAS-2 (1)', ''),
(5677, 'SoftwareVersion', 802, '', 20, 'Plugin_FusionInventory', '2024-09-05 17:45:26', 0, '', ''),
(5678, 'SoftwareVersion', 803, '', 20, 'Plugin_FusionInventory', '2024-09-05 17:45:26', 0, '', ''),
(5679, 'SoftwareVersion', 804, '', 20, 'Plugin_FusionInventory', '2024-09-05 17:45:26', 0, '', ''),
(5680, 'SoftwareVersion', 805, '', 20, 'Plugin_FusionInventory', '2024-09-05 17:45:26', 0, '', ''),
(5681, 'Computer', 1, 'SoftwareVersion', 4, 'Plugin_FusionInventory', '2024-09-05 17:45:26', 0, '', 'Google Chrome - 128.0.6613.119 (802)'),
(5682, 'SoftwareVersion', 802, 'Computer', 4, 'Plugin_FusionInventory', '2024-09-05 17:45:26', 0, '', 'SISTEMAS-2 (1)'),
(5683, 'Computer', 1, 'SoftwareVersion', 4, 'Plugin_FusionInventory', '2024-09-05 17:45:26', 0, '', 'Microsoft Edge - 128.0.2739.63 (803)'),
(5684, 'SoftwareVersion', 803, 'Computer', 4, 'Plugin_FusionInventory', '2024-09-05 17:45:26', 0, '', 'SISTEMAS-2 (1)'),
(5685, 'Computer', 1, 'SoftwareVersion', 4, 'Plugin_FusionInventory', '2024-09-05 17:45:26', 0, '', 'WebView2 Runtime de Microsoft Edge - 128.0.2739.63 (804)'),
(5686, 'SoftwareVersion', 804, 'Computer', 4, 'Plugin_FusionInventory', '2024-09-05 17:45:26', 0, '', 'SISTEMAS-2 (1)'),
(5687, 'Computer', 1, 'SoftwareVersion', 4, 'Plugin_FusionInventory', '2024-09-05 17:45:26', 0, '', 'Phone Link - 1.24081.95.0 (805)'),
(5688, 'SoftwareVersion', 805, 'Computer', 4, 'Plugin_FusionInventory', '2024-09-05 17:45:26', 0, '', 'SISTEMAS-2 (1)'),
(5689, 'Filesystem', 23, '0', 20, 'Plugin_FusionInventory (9)', '2024-09-05 18:44:57', 0, '', ''),
(5690, 'Manufacturer', 149, '0', 20, 'Plugin_FusionInventory (9)', '2024-09-05 18:44:57', 0, '', ''),
(5691, 'DeviceHardDrive', 5, '0', 20, 'Plugin_FusionInventory (9)', '2024-09-05 18:44:57', 0, '', ''),
(5692, 'Computer', 1, 'DeviceHardDrive', 1, 'Plugin_FusionInventory (9)', '2024-09-05 18:44:57', 0, '', 'ADATA HV620S SCSI Disk Device (5)'),
(5694, 'Computer', 1, 'DeviceSoundCard', 1, 'Plugin_FusionInventory (9)', '2024-09-05 18:44:57', 0, '', 'USB Audio Device (3)'),
(5696, 'Computer', 1, 'Item_Disk', 17, 'Plugin_FusionInventory (9)', '2024-09-05 18:44:57', 0, '', 'TERALFA (9)'),
(5698, 'IPNetwork', 7, 'IPAddress', 15, 'Plugin_FusionInventory (9)', '2024-09-05 18:44:57', 0, '', '192.168.20.96 (90)'),
(5699, 'IPNetwork', 7, '0', 20, 'Plugin_FusionInventory (9)', '2024-09-05 18:44:57', 0, '', ''),
(5700, 'Computer', 1, 'NetworkPort', 19, 'Plugin_FusionInventory (9)', '2024-09-05 18:44:57', 0, 'SISTEMAS-2 - Hyper-V Virtual Ethernet Adapter #7 (55)', ''),
(5701, 'Computer', 1, 'NetworkPort', 17, 'Plugin_FusionInventory (9)', '2024-09-05 18:44:57', 0, '', 'SISTEMAS-2 - Hyper-V Virtual Ethernet Adapter #7 (56)'),
(5705, 'Computer', 1, 'NetworkPort', 17, 'Plugin_FusionInventory (9)', '2024-09-05 18:44:57', 0, '', 'SISTEMAS-2 - Remote NDIS Compatible Device #2 (57)'),
(5709, 'IPNetwork', 7, 'IPAddress', 15, 'Plugin_FusionInventory (9)', '2024-09-05 18:44:57', 0, '', '192.168.20.32 (96)'),
(5712, 'Peripheral', 5, '0', 20, 'Plugin_FusionInventory (9)', '2024-09-05 18:44:57', 0, '', ''),
(5713, 'Computer', 1, 'Peripheral', 15, 'Plugin_FusionInventory (9)', '2024-09-05 18:44:57', 0, '', 'Nexus/Pixel Device (MTP) (1)'),
(5714, 'Peripheral', 1, 'Computer', 15, 'Plugin_FusionInventory (9)', '2024-09-05 18:44:57', 0, '', 'SISTEMAS-2 (1)'),
(5715, 'Peripheral', 5, '', 0, 'Plugin_FusionInventory (9)', '2024-09-05 18:44:57', 7, '', 'adm@ALFAPARFSABAMA'),
(5716, 'Computer', 1, 'Peripheral', 15, 'Plugin_FusionInventory (9)', '2024-09-05 18:44:57', 0, '', 'USB Attached SCSI (UAS) Mass Storage Device (5)'),
(5717, 'Peripheral', 5, 'Computer', 15, 'Plugin_FusionInventory (9)', '2024-09-05 18:44:57', 0, '', 'SISTEMAS-2 (1)'),
(5718, 'Computer', 1, 'DeviceHardDrive', 3, 'Plugin_FusionInventory (9)', '2024-09-05 19:44:23', 0, 'ADATA HV620S SCSI Disk Device (5)', ''),
(5719, 'Computer', 1, 'DeviceSoundCard', 3, 'Plugin_FusionInventory (9)', '2024-09-05 19:44:23', 0, 'USB Audio Device (3)', ''),
(5720, 'Computer', 1, 'Item_Disk', 19, 'Plugin_FusionInventory (9)', '2024-09-05 19:44:23', 0, 'TERALFA (9)', ''),
(5721, 'Computer', 1, 'NetworkPort', 19, 'Plugin_FusionInventory (9)', '2024-09-05 19:44:23', 0, 'SISTEMAS-2 - Remote NDIS Compatible Device #2 (57)', ''),
(5722, 'Computer', 1, 'Peripheral', 16, 'Plugin_FusionInventory (9)', '2024-09-05 19:44:23', 0, 'Nexus/Pixel Device (MTP) (1)', ''),
(5723, 'Peripheral', 1, 'Computer', 16, 'Plugin_FusionInventory (9)', '2024-09-05 19:44:23', 0, 'SISTEMAS-2 (1)', ''),
(5724, 'Computer', 1, 'Peripheral', 16, 'Plugin_FusionInventory (9)', '2024-09-05 19:44:23', 0, 'USB Attached SCSI (UAS) Mass Storage Device (5)', ''),
(5725, 'Peripheral', 5, 'Computer', 16, 'Plugin_FusionInventory (9)', '2024-09-05 19:44:23', 0, 'SISTEMAS-2 (1)', ''),
(5726, 'Computer', 1, 'NetworkPort', 19, 'Plugin_FusionInventory (9)', '2024-09-05 20:44:20', 0, 'SISTEMAS-2 - Hyper-V Virtual Ethernet Adapter #7 (56)', ''),
(5727, 'Computer', 1, 'NetworkPort', 17, 'Plugin_FusionInventory (9)', '2024-09-05 20:44:20', 0, '', 'SISTEMAS-2 - Hyper-V Virtual Ethernet Adapter #7 (58)'),
(5728, 'NetworkPort', 58, '0', 20, 'Plugin_FusionInventory (9)', '2024-09-05 20:44:20', 0, '', ''),
(5729, 'NetworkPort', 58, 'NetworkName', 17, 'Plugin_FusionInventory (9)', '2024-09-05 20:44:20', 0, '', 'N/A (58)'),
(5730, 'NetworkName', 58, '0', 20, 'Plugin_FusionInventory (9)', '2024-09-05 20:44:20', 0, '', ''),
(5731, 'Computer', 1, 'Peripheral', 15, 'Plugin_FusionInventory (9)', '2024-09-05 20:44:20', 0, '', 'Nexus/Pixel Device (MTP) (1)'),
(5732, 'Peripheral', 1, 'Computer', 15, 'Plugin_FusionInventory (9)', '2024-09-05 20:44:20', 0, '', 'SISTEMAS-2 (1)'),
(5733, 'Computer', 1, 'SoftwareVersion', 5, 'Plugin_FusionInventory', '2024-09-05 20:44:20', 0, 'Outlook for Windows - 1.2024.516.100 (155)', ''),
(5734, 'SoftwareVersion', 850, 'Computer', 5, 'Plugin_FusionInventory', '2024-09-05 20:44:20', 0, 'SISTEMAS-2 (1)', ''),
(5735, 'SoftwareVersion', 806, '', 20, 'Plugin_FusionInventory', '2024-09-05 20:44:20', 0, '', ''),
(5736, 'Computer', 1, 'SoftwareVersion', 4, 'Plugin_FusionInventory', '2024-09-05 20:44:20', 0, '', 'Outlook for Windows - 1.2024.829.100 (806)'),
(5737, 'SoftwareVersion', 806, 'Computer', 4, 'Plugin_FusionInventory', '2024-09-05 20:44:20', 0, '', 'SISTEMAS-2 (1)'),
(5738, 'DeviceHardDrive', 6, '0', 20, 'Plugin_FusionInventory (9)', '2024-09-05 21:44:09', 0, '', ''),
(5739, 'Computer', 1, 'DeviceHardDrive', 1, 'Plugin_FusionInventory (9)', '2024-09-05 21:44:09', 0, '', 'ADATA HD710 PRO USB Device (6)'),
(5740, 'Item_DeviceHardDrive', 9, '0', 20, 'Plugin_FusionInventory (9)', '2024-09-05 21:44:09', 0, '', ''),
(5741, 'Computer', 1, 'Item_Disk', 17, 'Plugin_FusionInventory (9)', '2024-09-05 21:44:09', 0, '', 'SOFTERA (10)'),
(5742, 'Item_Disk', 10, '0', 20, 'Plugin_FusionInventory (9)', '2024-09-05 21:44:09', 0, '', ''),
(5743, 'Peripheral', 6, '0', 20, 'Plugin_FusionInventory (9)', '2024-09-05 21:44:09', 0, '', ''),
(5744, 'Computer', 1, 'Peripheral', 16, 'Plugin_FusionInventory (9)', '2024-09-05 21:44:09', 0, 'Nexus/Pixel Device (MTP) (1)', ''),
(5745, 'Peripheral', 1, 'Computer', 16, 'Plugin_FusionInventory (9)', '2024-09-05 21:44:09', 0, 'SISTEMAS-2 (1)', ''),
(5746, 'Peripheral', 6, '', 0, 'Plugin_FusionInventory (9)', '2024-09-05 21:44:09', 7, '', 'adm@ALFAPARFSABAMA'),
(5747, 'Computer', 1, 'Peripheral', 15, 'Plugin_FusionInventory (9)', '2024-09-05 21:44:09', 0, '', 'USB Mass Storage Device (6)'),
(5748, 'Peripheral', 6, 'Computer', 15, 'Plugin_FusionInventory (9)', '2024-09-05 21:44:09', 0, '', 'SISTEMAS-2 (1)'),
(5749, 'User', 22, 'Profile', 17, 'ERIK JOHN (8)', '2024-09-05 21:55:59', 0, '', 'Self-Service (1)'),
(5750, 'User', 23, 'Profile', 17, 'ERIK JOHN (8)', '2024-09-05 21:56:15', 0, '', 'Self-Service (1)'),
(5751, 'User', 24, 'Profile', 17, 'ERIK JOHN (8)', '2024-09-05 21:56:34', 0, '', 'Self-Service (1)'),
(5752, 'User', 24, 'Profile', 17, 'ERIK JOHN (8)', '2024-09-05 21:56:53', 0, '', 'Self-Service (1)'),
(5753, 'User', 24, 'Profile', 19, 'ERIK JOHN (8)', '2024-09-05 21:57:08', 0, 'Self-Service (1)', ''),
(5754, 'User', 26, 'Profile', 17, 'ERIK JOHN (8)', '2024-09-05 21:57:40', 0, '', 'Self-Service (1)'),
(5755, 'User', 27, 'Profile', 17, 'ERIK JOHN (8)', '2024-09-05 21:57:54', 0, '', 'Self-Service (1)'),
(5756, 'User', 28, 'Profile', 17, 'ERIK JOHN (8)', '2024-09-05 21:58:09', 0, '', 'Self-Service (1)'),
(5757, 'User', 29, 'Profile', 17, 'ERIK JOHN (8)', '2024-09-05 21:58:22', 0, '', 'Self-Service (1)'),
(5758, 'User', 30, 'Profile', 17, 'ERIK JOHN (8)', '2024-09-05 21:58:38', 0, '', 'Self-Service (1)'),
(5759, 'Entity', 11, 'Entity', 17, 'ERIK JOHN (8)', '2024-09-05 21:59:40', 0, '', 'facturacion (18)'),
(5760, 'Entity', 18, '0', 20, 'ERIK JOHN (8)', '2024-09-05 21:59:40', 0, '', ''),
(5761, 'User', 32, 'Profile', 17, 'ERIK JOHN (8)', '2024-09-05 22:00:31', 0, '', 'Self-Service (1)'),
(5762, 'User', 33, 'Profile', 17, 'ERIK JOHN (8)', '2024-09-05 22:00:46', 0, '', 'Self-Service (1)'),
(5763, 'User', 34, 'Profile', 17, 'ERIK JOHN (8)', '2024-09-05 22:01:02', 0, '', 'Self-Service (1)'),
(5764, 'User', 35, 'Profile', 17, 'ERIK JOHN (8)', '2024-09-05 22:01:15', 0, '', 'Self-Service (1)'),
(5765, 'Entity', 11, 'Entity', 19, 'ERIK JOHN (8)', '2024-09-05 22:02:34', 0, 'cartera (4)', ''),
(5766, 'Computer', 1, 'Peripheral', 15, 'Plugin_FusionInventory (9)', '2024-09-05 22:44:34', 0, '', 'Nexus/Pixel Device (MTP) (1)'),
(5767, 'Peripheral', 1, 'Computer', 15, 'Plugin_FusionInventory (9)', '2024-09-05 22:44:34', 0, '', 'SISTEMAS-2 (1)'),
(5768, 'Computer', 1, 'Peripheral', 16, 'Plugin_FusionInventory (9)', '2024-09-05 23:44:54', 0, 'Nexus/Pixel Device (MTP) (1)', ''),
(5769, 'Peripheral', 1, 'Computer', 16, 'Plugin_FusionInventory (9)', '2024-09-05 23:44:54', 0, 'SISTEMAS-2 (1)', ''),
(5770, 'Config', 1, '', 0, 'ERIK JOHN (8)', '2024-09-06 00:04:12', 1, 'admin_email sistemassabamaalfaparf@gmail.com', 'sistemas@alfaparf.com.co'),
(5771, 'Config', 1, '', 0, 'ERIK JOHN (8)', '2024-09-06 00:04:12', 1, 'from_email sistemassabamaalfaparf@gmail.com', 'sistemas@alfaparf.com.co'),
(5772, 'Config', 1, '', 0, 'ERIK JOHN (8)', '2024-09-06 00:04:12', 1, 'replyto_email sistemassabamaalfaparf@gmail.com', 'sistemas@alfaparf.com.co'),
(5773, 'Config', 1, '', 0, 'ERIK JOHN (8)', '2024-09-06 00:04:12', 1, 'noreply_email sistemassabamaalfaparf@gmail.com', 'sistemas@alfaparf.com.co'),
(5774, 'Config', 1, '', 0, 'ERIK JOHN (8)', '2024-09-06 00:04:12', 1, 'smtp_mode 3', '2'),
(5775, 'Config', 1, '', 0, 'ERIK JOHN (8)', '2024-09-06 00:04:12', 1, 'smtp_host smtp.gmail.com', 'mail.alfaparf.com.co'),
(5776, 'Config', 1, '', 0, 'ERIK JOHN (8)', '2024-09-06 00:04:12', 1, 'smtp_port 587', '465'),
(5777, 'Config', 1, '', 0, 'ERIK JOHN (8)', '2024-09-06 00:04:12', 1, 'smtp_username sistemassabamaalfaparf@gmail.com ', 'sistemas@alfaparf.com.co'),
(5778, 'Config', 1, '', 0, 'ERIK JOHN (8)', '2024-09-06 00:04:12', 1, 'smtp_passwd ********', '********'),
(5779, 'Config', 1, '', 0, 'ERIK JOHN (8)', '2024-09-06 00:04:12', 1, 'smtp_sender sistemassabamaalfaparf@gmail.com', 'sistemas@alfaparf.com.co');

-- --------------------------------------------------------

--
-- Estructura de tabla para la tabla `glpi_mailcollectors`
--

CREATE TABLE `glpi_mailcollectors` (
  `id` int(10) UNSIGNED NOT NULL,
  `name` varchar(255) COLLATE utf8mb4_unicode_ci DEFAULT NULL,
  `host` varchar(255) COLLATE utf8mb4_unicode_ci DEFAULT NULL,
  `login` varchar(255) COLLATE utf8mb4_unicode_ci DEFAULT NULL,
  `filesize_max` int(11) NOT NULL DEFAULT '2097152',
  `is_active` tinyint(4) NOT NULL DEFAULT '1',
  `date_mod` timestamp NULL DEFAULT NULL,
  `comment` text COLLATE utf8mb4_unicode_ci,
  `passwd` varchar(255) COLLATE utf8mb4_unicode_ci DEFAULT NULL,
  `accepted` varchar(255) COLLATE utf8mb4_unicode_ci DEFAULT NULL,
  `refused` varchar(255) COLLATE utf8mb4_unicode_ci DEFAULT NULL,
  `errors` int(11) NOT NULL DEFAULT '0',
  `use_mail_date` tinyint(4) NOT NULL DEFAULT '0',
  `date_creation` timestamp NULL DEFAULT NULL,
  `requester_field` int(11) NOT NULL DEFAULT '0',
  `add_cc_to_observer` tinyint(4) NOT NULL DEFAULT '0',
  `collect_only_unread` tinyint(4) NOT NULL DEFAULT '0'
) ENGINE=InnoDB DEFAULT CHARSET=utf8mb4 COLLATE=utf8mb4_unicode_ci ROW_FORMAT=DYNAMIC;

-- --------------------------------------------------------

--
-- Estructura de tabla para la tabla `glpi_manuallinks`
--

CREATE TABLE `glpi_manuallinks` (
  `id` int(10) UNSIGNED NOT NULL,
  `name` varchar(255) COLLATE utf8mb4_unicode_ci DEFAULT NULL,
  `url` varchar(8096) COLLATE utf8mb4_unicode_ci NOT NULL,
  `open_window` tinyint(4) NOT NULL DEFAULT '1',
  `icon` varchar(255) COLLATE utf8mb4_unicode_ci DEFAULT NULL,
  `comment` text COLLATE utf8mb4_unicode_ci,
  `items_id` int(10) UNSIGNED NOT NULL DEFAULT '0',
  `itemtype` varchar(255) COLLATE utf8mb4_unicode_ci DEFAULT NULL,
  `date_creation` timestamp NULL DEFAULT NULL,
  `date_mod` timestamp NULL DEFAULT NULL
) ENGINE=InnoDB DEFAULT CHARSET=utf8mb4 COLLATE=utf8mb4_unicode_ci ROW_FORMAT=DYNAMIC;

-- --------------------------------------------------------

--
-- Estructura de tabla para la tabla `glpi_manufacturers`
--

CREATE TABLE `glpi_manufacturers` (
  `id` int(10) UNSIGNED NOT NULL,
  `name` varchar(255) COLLATE utf8mb4_unicode_ci DEFAULT NULL,
  `comment` text COLLATE utf8mb4_unicode_ci,
  `date_mod` timestamp NULL DEFAULT NULL,
  `date_creation` timestamp NULL DEFAULT NULL
) ENGINE=InnoDB DEFAULT CHARSET=utf8mb4 COLLATE=utf8mb4_unicode_ci ROW_FORMAT=DYNAMIC;

--
-- Volcado de datos para la tabla `glpi_manufacturers`
--

INSERT INTO `glpi_manufacturers` (`id`, `name`, `comment`, `date_mod`, `date_creation`) VALUES
(1, 'HP', '', '2024-08-09 21:56:29', '2024-08-09 21:56:29'),
(2, 'Intel', '', '2024-08-09 21:56:29', '2024-08-09 21:56:29'),
(3, '(Standard disk drives)', '', '2024-08-09 21:56:29', '2024-08-09 21:56:29'),
(4, '(Standard CD-ROM drives)', '', '2024-08-09 21:56:29', '2024-08-09 21:56:29'),
(5, 'Realtek Semiconductor Co., Ltd.', '', '2024-08-09 21:56:29', '2024-08-09 21:56:29'),
(6, 'Intel(R) Corporation', '', '2024-08-09 21:56:29', '2024-08-09 21:56:29'),
(7, 'Synaptics', '', '2024-08-09 21:56:29', '2024-08-09 21:56:29'),
(8, 'Microsoft', '', '2024-08-09 21:56:29', '2024-08-09 21:56:29'),
(9, 'Intel Corporation', '', '2024-08-09 21:56:29', '2024-08-09 21:56:29'),
(10, 'Kingston Technology Company, Inc.', '', '2024-08-09 21:56:29', '2024-08-09 21:56:29'),
(11, 'Microsoft Corporation', '', '2024-08-09 21:56:29', '2024-08-09 21:56:29'),
(12, 'Samsung Electric Company', '', '2024-08-09 21:56:29', '2024-08-09 21:56:29'),
(13, 'Logitech, Inc.', '', '2024-08-09 21:56:29', '2024-08-09 21:56:29'),
(14, 'China Resource Semico Co., Ltd', '', '2024-08-09 21:56:29', '2024-08-09 21:56:29'),
(15, 'KYE Systems Corp. (Mouse Systems)', '', '2024-08-09 21:56:29', '2024-08-09 21:56:29'),
(16, 'JGraph', '', '2024-08-09 21:56:29', '2024-08-09 21:56:29'),
(17, 'Igor Pavlov', '', '2024-08-09 21:56:29', '2024-08-09 21:56:29'),
(18, 'Conexant Systems', '', '2024-08-09 21:56:29', '2024-08-09 21:56:29'),
(19, 'FusionInventory Team', '', '2024-08-09 21:56:29', '2024-08-09 21:56:29'),
(20, 'The Git Development Community', '', '2024-08-09 21:56:29', '2024-08-09 21:56:29'),
(21, 'Stellar Information Technology Pvt. Ltd.', '', '2024-08-09 21:56:29', '2024-08-09 21:56:29'),
(22, 'TeamViewer', '', '2024-08-09 21:56:29', '2024-08-09 21:56:29'),
(23, 'Apache Friends', '', '2024-08-09 21:56:29', '2024-08-09 21:56:29'),
(24, 'Python Software Foundation', '', '2024-08-09 21:56:29', '2024-08-09 21:56:29'),
(25, 'Oracle and/or its affiliates', '', '2024-08-09 21:56:29', '2024-08-09 21:56:29'),
(26, 'Oracle Corporation', '', '2024-08-09 21:56:29', '2024-08-09 21:56:29'),
(27, 'Adobe', '', '2024-08-09 21:56:29', '2024-08-09 21:56:29'),
(28, 'Simon Tatham', '', '2024-08-09 21:56:29', '2024-08-09 21:56:29'),
(29, 'JetBrains s.r.o.', '', '2024-08-09 21:56:29', '2024-08-09 21:56:29'),
(30, 'www.microsip.org', '', '2024-08-09 21:56:29', '2024-08-09 21:56:29'),
(31, 'JetBrains', '', '2024-08-09 21:56:29', '2024-08-09 21:56:29'),
(32, 'AnyDesk Software GmbH', '', '2024-08-09 21:56:29', '2024-08-09 21:56:29'),
(33, 'Los creadores de Brave', '', '2024-08-09 21:56:29', '2024-08-09 21:56:29'),
(34, 'Cisco Systems, Inc.', '', '2024-08-09 21:56:29', '2024-08-09 21:56:29'),
(35, 'Consulta Práctica ®', '', '2024-08-09 21:56:29', '2024-08-09 21:56:29'),
(36, 'Tim Kosse', '', '2024-08-09 21:56:29', '2024-08-09 21:56:29'),
(37, 'Google LLC', '', '2024-08-09 21:56:29', '2024-08-09 21:56:29'),
(38, 'Nmap Project', '', '2024-08-09 21:56:29', '2024-08-09 21:56:29'),
(39, 'QNAP Systems, Inc.', '', '2024-08-09 21:56:29', '2024-08-09 21:56:29'),
(40, 'SAP AG', '', '2024-08-09 21:56:29', '2024-08-09 21:56:29'),
(41, 'Skillbrains', '', '2024-08-09 21:56:29', '2024-08-09 21:56:29'),
(42, 'Famatech', '', '2024-08-09 21:56:29', '2024-08-09 21:56:29'),
(43, 'Adobe Systems Incorporated', '', '2024-08-09 21:56:29', '2024-08-09 21:56:29'),
(44, 'Hangzhou Hikvision Digital Technology Co., Ltd.', '', '2024-08-09 21:56:29', '2024-08-09 21:56:29'),
(45, 'SAP', '', '2024-08-09 21:56:29', '2024-08-09 21:56:29'),
(46, 'Microsoft Platform Extensions', '', '2024-08-09 21:56:29', '2024-08-09 21:56:29'),
(47, 'Adobe Acrobat Reader', '', '2024-08-09 21:56:29', '2024-08-09 21:56:29'),
(48, 'Apple Inc.', '', '2024-08-09 21:56:29', '2024-08-09 21:56:29'),
(49, 'Spotify AB', '', '2024-08-09 21:56:29', '2024-08-09 21:56:29'),
(50, 'Blix Inc', '', '2024-08-09 21:56:29', '2024-08-09 21:56:29'),
(51, 'KYOCERA Document Solutions Inc', '', '2024-08-09 21:56:29', '2024-08-09 21:56:29'),
(52, 'Skype', '', '2024-08-09 21:56:29', '2024-08-09 21:56:29'),
(53, 'INTEL CORP', '', '2024-08-09 21:56:29', '2024-08-09 21:56:29'),
(54, 'WhatsApp Inc.', '', '2024-08-09 21:56:29', '2024-08-09 21:56:29'),
(55, 'HP Inc.', '', '2024-08-09 21:56:29', '2024-08-09 21:56:29'),
(56, 'Shenzhen iMyFone Technology Co., Ltd.', '', '2024-08-12 23:43:51', '2024-08-12 23:43:51'),
(57, 'GitHub, Inc.', '', '2024-08-20 21:44:00', '2024-08-20 21:44:00'),
(58, 'Microsoft Corporations', '', '2024-08-20 22:44:02', '2024-08-20 22:44:02'),
(59, 'IBM Corp.', '', '2024-08-20 23:44:01', '2024-08-20 23:44:01'),
(60, 'Google Inc.', '', '2024-08-21 00:43:59', '2024-08-21 00:43:59'),
(61, '(Standard system devices)', '', '2024-08-21 01:44:00', '2024-08-21 01:44:00'),
(62, 'Qualcomm, Inc.', '', '2024-08-21 02:44:35', '2024-08-21 02:44:35'),
(63, 'Logitech USB Headset', '', '2024-08-22 01:47:12', '2024-08-22 01:47:12'),
(64, '0x05ac', '', '2024-08-22 01:47:12', '2024-08-22 01:47:12'),
(65, 'DP', '', '2024-08-22 01:47:12', '2024-08-22 01:47:12'),
(66, 'Apple Computer Inc', '', '2024-08-22 01:47:12', '2024-08-22 01:47:12'),
(67, '2.0, Copyright Apple Inc. 2007-2019', '', '2024-08-22 01:47:12', '2024-08-22 01:47:12'),
(68, 'Packet Tracer 8 by Cisco Systems, Inc', '', '2024-08-22 01:47:12', '2024-08-22 01:47:12'),
(69, '1.9 (190.2), Copyright © 2007-2009 Apple Inc. All Rights Reserved.', '', '2024-08-22 01:47:12', '2024-08-22 01:47:12'),
(70, '10.1, © Copyright 2003-2014 Apple  Inc. All rights reserved.', '', '2024-08-22 01:47:12', '2024-08-22 01:47:12'),
(71, '5.0, Copyright Apple Inc. 2007-2013', '', '2024-08-22 01:47:12', '2024-08-22 01:47:12'),
(72, 'Copyright(C) Seiko Epson Corporation 2013-2022. All rights reserved.', '', '2024-08-22 01:47:12', '2024-08-22 01:47:12'),
(73, 'Copyright © 2008-2013 Apple Inc.', '', '2024-08-22 01:47:12', '2024-08-22 01:47:12'),
(74, '361', '', '2024-08-22 01:47:12', '2024-08-22 01:47:12'),
(75, 'IP Scanner 5.24', '', '2024-08-22 01:47:12', '2024-08-22 01:47:12'),
(76, '1.7.00.16352', '', '2024-08-22 01:47:12', '2024-08-22 01:47:12'),
(77, 'Adobe Reader X 24.002.21005, ©1984 -2024 Adobe Systems Incorporated. All rights reserved.', '', '2024-08-22 01:47:12', '2024-08-22 01:47:12'),
(78, '1.9.2, Copyright © 2000â2017 Apple Inc. All rights reserved.', '', '2024-08-22 01:47:12', '2024-08-22 01:47:12'),
(79, '5.8.9, Copyright(C) Seiko Epson Corporation 2002-2017 All rights reserved.', '', '2024-08-22 01:47:12', '2024-08-22 01:47:12'),
(80, '2.51, Copyright (C) Seiko Epson Corporation 2009-2018 All rights reserved.', '', '2024-08-22 01:47:12', '2024-08-22 01:47:12'),
(81, 'EPRemoteAutoSetupTool Copyright(C) Seiko Epson Corporation 2013-2022. All rights reserved.', '', '2024-08-22 01:47:12', '2024-08-22 01:47:12'),
(82, '1 . 2 . 2, ©2009-2015 Adobe Systems Incorporated. All rights reserved.', '', '2024-08-22 01:47:12', '2024-08-22 01:47:12'),
(83, 'Oracle VM VirtualBox Manager 7.0.12, © 2007-2023 Oracle and/or its affiliates', '', '2024-08-22 01:47:12', '2024-08-22 01:47:12'),
(84, 'pdftopdf2 version 13.04, Copyright(C) Seiko Epson Corporation 2001-2023. All rights reserved.', '', '2024-08-22 01:47:12', '2024-08-22 01:47:12'),
(85, '9.0 (1)', '', '2024-08-22 01:47:12', '2024-08-22 01:47:12'),
(86, 'Brave Browser 123.1.64.122, Copyright © 2024 The Brave Authors. All rights reserved.', '', '2024-08-22 01:47:12', '2024-08-22 01:47:12'),
(87, '2.51.70, Copyright (c) SEIKO EPSON CORPORATION 2007-2019. All rights reserved.', '', '2024-08-22 01:47:12', '2024-08-22 01:47:12'),
(88, 'Dock 1.8', '', '2024-08-22 01:47:12', '2024-08-22 01:47:12'),
(89, 'kBluetoothCFBundleGetInfoString', '', '2024-08-22 01:47:12', '2024-08-22 01:47:12'),
(90, '2.2.1 (221.10), Copyright © 2006 -2020 Apple Inc. All Rights Reserved.', '', '2024-08-22 01:47:12', '2024-08-22 01:47:12'),
(91, 'Google Chrome 122.0.6261.112, Copyright 2024 Google LLC. All rights reserved.', '', '2024-08-22 01:47:12', '2024-08-22 01:47:12'),
(92, 'Copyright © 2009 Apple Inc.', '', '2024-08-22 01:47:12', '2024-08-22 01:47:12'),
(93, '6.3.9, Copyright 2001 -2021 Apple Inc.', '', '2024-08-22 01:47:12', '2024-08-22 01:47:12'),
(94, '4.14, Copyright 2014-2018 Apple Computer, Inc.', '', '2024-08-22 01:47:12', '2024-08-22 01:47:12'),
(95, '3.12.0, © 2001-2023 Python Software Foundation', '', '2024-08-22 01:47:12', '2024-08-22 01:47:12'),
(96, 'Application Manager 1.0', '', '2024-08-22 01:47:12', '2024-08-22 01:47:12'),
(97, '3.18, Copyright 2003â2017 Apple Inc.', '', '2024-08-22 01:47:12', '2024-08-22 01:47:12'),
(98, '3.0.6', '', '2024-08-22 01:47:12', '2024-08-22 01:47:12'),
(99, '2021.0.13 Copyright 2006-2022 TechSmith Corporation', '', '2024-08-22 01:47:12', '2024-08-22 01:47:12'),
(100, 'epsonpdftoescp Copyright(C) Seiko Epson Corporation 2001-2018. All rights reserved.', '', '2024-08-22 01:47:12', '2024-08-22 01:47:12'),
(101, 'Chinese Text Converter 1.1', '', '2024-08-22 01:47:12', '2024-08-22 01:47:12'),
(102, 'SZLONGVERSION', '', '2024-08-22 01:47:12', '2024-08-22 01:47:12'),
(103, '7.94, Copyright 2005-2023 Nmap Software LLC https://nmap.org/zenmap/', '', '2024-08-22 01:47:12', '2024-08-22 01:47:12'),
(104, '7.0.0, Copyright © 2002-2018 Apple Inc. All rights reserved.', '', '2024-08-22 01:47:12', '2024-08-22 01:47:12'),
(105, 'Opera 102.0.4880.90, Copyright 1995-2023 Opera Software AS. All rights reserved.', '', '2024-08-22 01:47:12', '2024-08-22 01:47:12'),
(106, '17.0, Copyright © 2012-2019 Apple Inc. All rights reserved.', '', '2024-08-22 01:47:12', '2024-08-22 01:47:12'),
(107, 'commandtoescp Copyright(C) Seiko Epson Corporation 2001-2023. All rights reserved.', '', '2024-08-22 01:47:12', '2024-08-22 01:47:12'),
(108, '3.5, Copyright 2002â2021 Apple Inc.', '', '2024-08-22 01:47:12', '2024-08-22 01:47:12'),
(109, '1.0, Copyright Apple Computer Inc. 2004', '', '2024-08-22 01:47:12', '2024-08-22 01:47:12'),
(110, 'eprastertopng Copyright(C) Seiko Epson Corporation 2013-2022. All rights reserved.', '', '2024-08-22 01:47:12', '2024-08-22 01:47:12'),
(111, 'Opera 102.0.4880.99, Copyright 1995-2023 Opera Software AS. All rights reserved.', '', '2024-08-22 01:47:12', '2024-08-22 01:47:12'),
(112, '9.0.88.6', '', '2024-08-22 01:47:12', '2024-08-22 01:47:12'),
(113, 'Copyright(C) Seiko Epson Corporation 2010-2023.', '', '2024-08-22 01:47:12', '2024-08-22 01:47:12'),
(114, 'Angry IP Scanner 3.9.1 - fast and friendly network scanner', '', '2024-08-22 01:47:12', '2024-08-22 01:47:12'),
(115, 'Copyright © 2013 Apple Inc.', '', '2024-08-22 01:47:12', '2024-08-22 01:47:12'),
(116, 'Firefox 112.0.2', '', '2024-08-22 01:47:12', '2024-08-22 01:47:12'),
(117, 'Created by Qt/QMake', '', '2024-08-22 01:47:12', '2024-08-22 01:47:12'),
(118, 'Epson Printer Utility 4 version 13.04', '', '2024-08-22 01:47:12', '2024-08-22 01:47:12'),
(119, '4.0, Copyright Apple Computer Inc. 2004', '', '2024-08-22 01:47:12', '2024-08-22 01:47:12'),
(120, '17.6, Copyright © 2003-2024 Apple Inc.', '', '2024-08-22 01:47:12', '2024-08-22 01:47:12'),
(121, '10.14, Copyright © 2000-2018, Apple Inc.', '', '2024-08-22 01:47:12', '2024-08-22 01:47:12'),
(122, 'macOS Finder 12.5', '', '2024-08-22 01:47:12', '2024-08-22 01:47:12'),
(123, 'Music 1.2.5.7, © 2019â2022 Apple Inc. All rights reserved.', '', '2024-08-22 01:47:12', '2024-08-22 01:47:12'),
(124, 'InstallBuilder, Copyright 2003-2023 Backstaff SL', '', '2024-08-22 01:47:12', '2024-08-22 01:47:12'),
(125, '1.3.2, Copyright(C) Seiko Epson Corporation 2010-2022.        All rights reserved.', '', '2024-08-22 01:47:12', '2024-08-22 01:47:12'),
(126, 'Wish Shell 8.5.9,Copyright © 1989-2023 Tcl Core Team,Copyright © 2002-2023 Daniel A. Steffen,Copyright © 2001-2009 Apple Inc.,Copyright © 2001-2002 Jim Ingham &#38; Ian Reid', '', '2024-08-22 01:47:12', '2024-08-22 01:47:12'),
(127, '© 2002-2003 Apple', '', '2024-08-22 01:47:12', '2024-08-22 01:47:12'),
(128, '10.4, Copyright © 2009-2020 Apple Inc. All Rights Reserved.', '', '2024-08-22 01:47:12', '2024-08-22 01:47:12'),
(129, 'Software Update version 4.0, Copyright © 2000-2009, Apple Inc. All rights reserved.', '', '2024-08-22 01:47:12', '2024-08-22 01:47:12'),
(130, 'EPIJAutoSetupTool2 Copyright(C) Seiko Epson Corporation 2001-2023. All rights reserved.', '', '2024-08-22 01:47:12', '2024-08-22 01:47:12'),
(131, '3.12.0, (c) 2001-2023 Python Software Foundation.', '', '2024-08-22 01:47:12', '2024-08-22 01:47:12'),
(132, 'XAMPP 8.2.4-0', '', '2024-08-22 01:47:12', '2024-08-22 01:47:12'),
(133, 'Epson Printer Utility Lite version 13.04', '', '2024-08-22 01:47:12', '2024-08-22 01:47:12'),
(134, 'pstoescp Copyright(C) Seiko Epson Corporation 2001-2018. All rights reserved.', '', '2024-08-22 01:47:12', '2024-08-22 01:47:12'),
(135, 'Epson Remote Print Utility version 12.64', '', '2024-08-22 01:47:12', '2024-08-22 01:47:12'),
(136, 'TV 1.2.5.7, © 2019â2022 Apple Inc. All rights reserved.', '', '2024-08-22 01:47:12', '2024-08-22 01:47:12'),
(137, 'Tamil Input Method 1.5', '', '2024-08-22 01:47:12', '2024-08-22 01:47:12'),
(138, '2.0.0, Copyright(C) Seiko Epson Corporation 2011-2023. All rights reserved.', '', '2024-08-22 01:47:12', '2024-08-22 01:47:12'),
(139, '10.1, © Copyright 2003-2015 Apple Inc. All rights reserved.', '', '2024-08-22 01:47:12', '2024-08-22 01:47:12'),
(140, 'rastertoescpII Copyright(C) Seiko Epson Corporation 2001-2023. All rights reserved.', '', '2024-08-22 01:47:12', '2024-08-22 01:47:12'),
(141, '5.1.1f0', '', '2024-08-22 01:47:12', '2024-08-22 01:47:12'),
(142, 'Samsung Electronics Co., Ltd', '', '2024-08-27 04:44:45', '2024-08-27 04:44:45'),
(143, 'Vysor Inc.', '', '2024-08-27 20:44:52', '2024-08-27 20:44:52'),
(144, 'ClockworkMod', '', '2024-08-27 20:44:52', '2024-08-27 20:44:52'),
(145, 'Apple', '', '2024-08-28 23:07:11', '2024-08-28 23:07:11'),
(146, 'Paessler AG', '', '2024-08-29 00:44:19', '2024-08-29 00:44:19'),
(147, 'Alcor Micro Corp.', '', '2024-09-03 01:44:32', '2024-09-03 01:44:32'),
(148, 'Apple, Inc.', '', '2024-09-03 20:44:19', '2024-09-03 20:44:19'),
(149, 'A-DATA Technology Co., Ltd.', '', '2024-09-05 18:44:57', '2024-09-05 18:44:57');

-- --------------------------------------------------------

--
-- Estructura de tabla para la tabla `glpi_monitormodels`
--

CREATE TABLE `glpi_monitormodels` (
  `id` int(10) UNSIGNED NOT NULL,
  `name` varchar(255) COLLATE utf8mb4_unicode_ci DEFAULT NULL,
  `comment` text COLLATE utf8mb4_unicode_ci,
  `product_number` varchar(255) COLLATE utf8mb4_unicode_ci DEFAULT NULL,
  `weight` int(11) NOT NULL DEFAULT '0',
  `required_units` int(11) NOT NULL DEFAULT '1',
  `depth` float NOT NULL DEFAULT '1',
  `power_connections` int(11) NOT NULL DEFAULT '0',
  `power_consumption` int(11) NOT NULL DEFAULT '0',
  `is_half_rack` tinyint(4) NOT NULL DEFAULT '0',
  `picture_front` text COLLATE utf8mb4_unicode_ci,
  `picture_rear` text COLLATE utf8mb4_unicode_ci,
  `pictures` text COLLATE utf8mb4_unicode_ci,
  `date_mod` timestamp NULL DEFAULT NULL,
  `date_creation` timestamp NULL DEFAULT NULL
) ENGINE=InnoDB DEFAULT CHARSET=utf8mb4 COLLATE=utf8mb4_unicode_ci ROW_FORMAT=DYNAMIC;

--
-- Volcado de datos para la tabla `glpi_monitormodels`
--

INSERT INTO `glpi_monitormodels` (`id`, `name`, `comment`, `product_number`, `weight`, `required_units`, `depth`, `power_connections`, `power_consumption`, `is_half_rack`, `picture_front`, `picture_rear`, `pictures`, `date_mod`, `date_creation`) VALUES
(1, 'C32R50x', '', NULL, 0, 1, 1, 0, 0, 0, NULL, NULL, NULL, '2024-08-09 21:56:29', '2024-08-09 21:56:29'),
(2, 'Color LCD', '', NULL, 0, 1, 1, 0, 0, 0, NULL, NULL, NULL, '2024-08-22 01:47:12', '2024-08-22 01:47:12');

-- --------------------------------------------------------

--
-- Estructura de tabla para la tabla `glpi_monitors`
--

CREATE TABLE `glpi_monitors` (
  `id` int(10) UNSIGNED NOT NULL,
  `entities_id` int(10) UNSIGNED NOT NULL DEFAULT '0',
  `name` varchar(255) COLLATE utf8mb4_unicode_ci DEFAULT NULL,
  `date_mod` timestamp NULL DEFAULT NULL,
  `contact` varchar(255) COLLATE utf8mb4_unicode_ci DEFAULT NULL,
  `contact_num` varchar(255) COLLATE utf8mb4_unicode_ci DEFAULT NULL,
  `users_id_tech` int(10) UNSIGNED NOT NULL DEFAULT '0',
  `groups_id_tech` int(10) UNSIGNED NOT NULL DEFAULT '0',
  `comment` text COLLATE utf8mb4_unicode_ci,
  `serial` varchar(255) COLLATE utf8mb4_unicode_ci DEFAULT NULL,
  `otherserial` varchar(255) COLLATE utf8mb4_unicode_ci DEFAULT NULL,
  `size` decimal(5,2) NOT NULL DEFAULT '0.00',
  `have_micro` tinyint(4) NOT NULL DEFAULT '0',
  `have_speaker` tinyint(4) NOT NULL DEFAULT '0',
  `have_subd` tinyint(4) NOT NULL DEFAULT '0',
  `have_bnc` tinyint(4) NOT NULL DEFAULT '0',
  `have_dvi` tinyint(4) NOT NULL DEFAULT '0',
  `have_pivot` tinyint(4) NOT NULL DEFAULT '0',
  `have_hdmi` tinyint(4) NOT NULL DEFAULT '0',
  `have_displayport` tinyint(4) NOT NULL DEFAULT '0',
  `locations_id` int(10) UNSIGNED NOT NULL DEFAULT '0',
  `monitortypes_id` int(10) UNSIGNED NOT NULL DEFAULT '0',
  `monitormodels_id` int(10) UNSIGNED NOT NULL DEFAULT '0',
  `manufacturers_id` int(10) UNSIGNED NOT NULL DEFAULT '0',
  `is_global` tinyint(4) NOT NULL DEFAULT '0',
  `is_deleted` tinyint(4) NOT NULL DEFAULT '0',
  `is_template` tinyint(4) NOT NULL DEFAULT '0',
  `template_name` varchar(255) COLLATE utf8mb4_unicode_ci DEFAULT NULL,
  `users_id` int(10) UNSIGNED NOT NULL DEFAULT '0',
  `groups_id` int(10) UNSIGNED NOT NULL DEFAULT '0',
  `states_id` int(10) UNSIGNED NOT NULL DEFAULT '0',
  `ticket_tco` decimal(20,4) DEFAULT '0.0000',
  `is_dynamic` tinyint(4) NOT NULL DEFAULT '0',
  `autoupdatesystems_id` int(10) UNSIGNED NOT NULL DEFAULT '0',
  `uuid` varchar(255) COLLATE utf8mb4_unicode_ci DEFAULT NULL,
  `date_creation` timestamp NULL DEFAULT NULL,
  `is_recursive` tinyint(4) NOT NULL DEFAULT '0'
) ENGINE=InnoDB DEFAULT CHARSET=utf8mb4 COLLATE=utf8mb4_unicode_ci ROW_FORMAT=DYNAMIC;

--
-- Volcado de datos para la tabla `glpi_monitors`
--

INSERT INTO `glpi_monitors` (`id`, `entities_id`, `name`, `date_mod`, `contact`, `contact_num`, `users_id_tech`, `groups_id_tech`, `comment`, `serial`, `otherserial`, `size`, `have_micro`, `have_speaker`, `have_subd`, `have_bnc`, `have_dvi`, `have_pivot`, `have_hdmi`, `have_displayport`, `locations_id`, `monitortypes_id`, `monitormodels_id`, `manufacturers_id`, `is_global`, `is_deleted`, `is_template`, `template_name`, `users_id`, `groups_id`, `states_id`, `ticket_tco`, `is_dynamic`, `autoupdatesystems_id`, `uuid`, `date_creation`, `is_recursive`) VALUES
(1, 0, 'Samsung C32R50x', '2024-08-09 21:56:29', 'adm@ALFAPARFSABAMA', NULL, 0, 0, NULL, 'H4CTB00019R', '', 0.00, 0, 0, 0, 0, 0, 0, 0, 0, 0, 0, 1, 12, 0, 0, 0, NULL, 0, 0, 0, 0.0000, 1, 0, NULL, '2024-08-09 21:56:29', 0);

-- --------------------------------------------------------

--
-- Estructura de tabla para la tabla `glpi_monitortypes`
--

CREATE TABLE `glpi_monitortypes` (
  `id` int(10) UNSIGNED NOT NULL,
  `name` varchar(255) COLLATE utf8mb4_unicode_ci DEFAULT NULL,
  `comment` text COLLATE utf8mb4_unicode_ci,
  `date_mod` timestamp NULL DEFAULT NULL,
  `date_creation` timestamp NULL DEFAULT NULL
) ENGINE=InnoDB DEFAULT CHARSET=utf8mb4 COLLATE=utf8mb4_unicode_ci ROW_FORMAT=DYNAMIC;

-- --------------------------------------------------------

--
-- Estructura de tabla para la tabla `glpi_networkaliases`
--

CREATE TABLE `glpi_networkaliases` (
  `id` int(10) UNSIGNED NOT NULL,
  `entities_id` int(10) UNSIGNED NOT NULL DEFAULT '0',
  `networknames_id` int(10) UNSIGNED NOT NULL DEFAULT '0',
  `name` varchar(255) COLLATE utf8mb4_unicode_ci DEFAULT NULL,
  `fqdns_id` int(10) UNSIGNED NOT NULL DEFAULT '0',
  `comment` text COLLATE utf8mb4_unicode_ci
) ENGINE=InnoDB DEFAULT CHARSET=utf8mb4 COLLATE=utf8mb4_unicode_ci ROW_FORMAT=DYNAMIC;

-- --------------------------------------------------------

--
-- Estructura de tabla para la tabla `glpi_networkequipmentmodels`
--

CREATE TABLE `glpi_networkequipmentmodels` (
  `id` int(10) UNSIGNED NOT NULL,
  `name` varchar(255) COLLATE utf8mb4_unicode_ci DEFAULT NULL,
  `comment` text COLLATE utf8mb4_unicode_ci,
  `product_number` varchar(255) COLLATE utf8mb4_unicode_ci DEFAULT NULL,
  `weight` int(11) NOT NULL DEFAULT '0',
  `required_units` int(11) NOT NULL DEFAULT '1',
  `depth` float NOT NULL DEFAULT '1',
  `power_connections` int(11) NOT NULL DEFAULT '0',
  `power_consumption` int(11) NOT NULL DEFAULT '0',
  `is_half_rack` tinyint(4) NOT NULL DEFAULT '0',
  `picture_front` text COLLATE utf8mb4_unicode_ci,
  `picture_rear` text COLLATE utf8mb4_unicode_ci,
  `pictures` text COLLATE utf8mb4_unicode_ci,
  `date_mod` timestamp NULL DEFAULT NULL,
  `date_creation` timestamp NULL DEFAULT NULL
) ENGINE=InnoDB DEFAULT CHARSET=utf8mb4 COLLATE=utf8mb4_unicode_ci ROW_FORMAT=DYNAMIC;

-- --------------------------------------------------------

--
-- Estructura de tabla para la tabla `glpi_networkequipments`
--

CREATE TABLE `glpi_networkequipments` (
  `id` int(10) UNSIGNED NOT NULL,
  `entities_id` int(10) UNSIGNED NOT NULL DEFAULT '0',
  `is_recursive` tinyint(4) NOT NULL DEFAULT '0',
  `name` varchar(255) COLLATE utf8mb4_unicode_ci DEFAULT NULL,
  `ram` varchar(255) COLLATE utf8mb4_unicode_ci DEFAULT NULL,
  `serial` varchar(255) COLLATE utf8mb4_unicode_ci DEFAULT NULL,
  `otherserial` varchar(255) COLLATE utf8mb4_unicode_ci DEFAULT NULL,
  `contact` varchar(255) COLLATE utf8mb4_unicode_ci DEFAULT NULL,
  `contact_num` varchar(255) COLLATE utf8mb4_unicode_ci DEFAULT NULL,
  `users_id_tech` int(10) UNSIGNED NOT NULL DEFAULT '0',
  `groups_id_tech` int(10) UNSIGNED NOT NULL DEFAULT '0',
  `date_mod` timestamp NULL DEFAULT NULL,
  `comment` text COLLATE utf8mb4_unicode_ci,
  `locations_id` int(10) UNSIGNED NOT NULL DEFAULT '0',
  `networks_id` int(10) UNSIGNED NOT NULL DEFAULT '0',
  `networkequipmenttypes_id` int(10) UNSIGNED NOT NULL DEFAULT '0',
  `networkequipmentmodels_id` int(10) UNSIGNED NOT NULL DEFAULT '0',
  `manufacturers_id` int(10) UNSIGNED NOT NULL DEFAULT '0',
  `is_deleted` tinyint(4) NOT NULL DEFAULT '0',
  `is_template` tinyint(4) NOT NULL DEFAULT '0',
  `template_name` varchar(255) COLLATE utf8mb4_unicode_ci DEFAULT NULL,
  `users_id` int(10) UNSIGNED NOT NULL DEFAULT '0',
  `groups_id` int(10) UNSIGNED NOT NULL DEFAULT '0',
  `states_id` int(10) UNSIGNED NOT NULL DEFAULT '0',
  `ticket_tco` decimal(20,4) DEFAULT '0.0000',
  `is_dynamic` tinyint(4) NOT NULL DEFAULT '0',
  `uuid` varchar(255) COLLATE utf8mb4_unicode_ci DEFAULT NULL,
  `date_creation` timestamp NULL DEFAULT NULL,
  `autoupdatesystems_id` int(10) UNSIGNED NOT NULL DEFAULT '0',
  `sysdescr` text COLLATE utf8mb4_unicode_ci,
  `cpu` int(11) NOT NULL DEFAULT '0',
  `uptime` varchar(255) COLLATE utf8mb4_unicode_ci NOT NULL DEFAULT '0',
  `last_inventory_update` timestamp NULL DEFAULT NULL,
  `snmpcredentials_id` int(10) UNSIGNED NOT NULL DEFAULT '0'
) ENGINE=InnoDB DEFAULT CHARSET=utf8mb4 COLLATE=utf8mb4_unicode_ci ROW_FORMAT=DYNAMIC;

-- --------------------------------------------------------

--
-- Estructura de tabla para la tabla `glpi_networkequipmenttypes`
--

CREATE TABLE `glpi_networkequipmenttypes` (
  `id` int(10) UNSIGNED NOT NULL,
  `name` varchar(255) COLLATE utf8mb4_unicode_ci DEFAULT NULL,
  `comment` text COLLATE utf8mb4_unicode_ci,
  `date_mod` timestamp NULL DEFAULT NULL,
  `date_creation` timestamp NULL DEFAULT NULL
) ENGINE=InnoDB DEFAULT CHARSET=utf8mb4 COLLATE=utf8mb4_unicode_ci ROW_FORMAT=DYNAMIC;

-- --------------------------------------------------------

--
-- Estructura de tabla para la tabla `glpi_networkinterfaces`
--

CREATE TABLE `glpi_networkinterfaces` (
  `id` int(10) UNSIGNED NOT NULL,
  `name` varchar(255) COLLATE utf8mb4_unicode_ci DEFAULT NULL,
  `comment` text COLLATE utf8mb4_unicode_ci
) ENGINE=InnoDB DEFAULT CHARSET=utf8mb4 COLLATE=utf8mb4_unicode_ci ROW_FORMAT=DYNAMIC;

-- --------------------------------------------------------

--
-- Estructura de tabla para la tabla `glpi_networknames`
--

CREATE TABLE `glpi_networknames` (
  `id` int(10) UNSIGNED NOT NULL,
  `entities_id` int(10) UNSIGNED NOT NULL DEFAULT '0',
  `items_id` int(10) UNSIGNED NOT NULL DEFAULT '0',
  `itemtype` varchar(100) COLLATE utf8mb4_unicode_ci NOT NULL,
  `name` varchar(255) COLLATE utf8mb4_unicode_ci DEFAULT NULL,
  `comment` text COLLATE utf8mb4_unicode_ci,
  `fqdns_id` int(10) UNSIGNED NOT NULL DEFAULT '0',
  `ipnetworks_id` int(10) UNSIGNED NOT NULL DEFAULT '0',
  `is_deleted` tinyint(4) NOT NULL DEFAULT '0',
  `is_dynamic` tinyint(4) NOT NULL DEFAULT '0',
  `date_mod` timestamp NULL DEFAULT NULL,
  `date_creation` timestamp NULL DEFAULT NULL
) ENGINE=InnoDB DEFAULT CHARSET=utf8mb4 COLLATE=utf8mb4_unicode_ci ROW_FORMAT=DYNAMIC;

--
-- Volcado de datos para la tabla `glpi_networknames`
--

INSERT INTO `glpi_networknames` (`id`, `entities_id`, `items_id`, `itemtype`, `name`, `comment`, `fqdns_id`, `ipnetworks_id`, `is_deleted`, `is_dynamic`, `date_mod`, `date_creation`) VALUES
(4, 0, 4, 'NetworkPort', NULL, NULL, 0, 0, 0, 1, '2024-08-22 01:47:12', '2024-08-22 01:47:12'),
(5, 0, 5, 'NetworkPort', NULL, NULL, 0, 0, 0, 1, '2024-08-22 01:47:12', '2024-08-22 01:47:12'),
(6, 0, 6, 'NetworkPort', NULL, NULL, 0, 0, 0, 1, '2024-08-22 01:47:12', '2024-08-22 01:47:12'),
(7, 0, 7, 'NetworkPort', NULL, NULL, 0, 0, 0, 1, '2024-08-22 01:47:12', '2024-08-22 01:47:12'),
(8, 0, 8, 'NetworkPort', NULL, NULL, 0, 0, 0, 1, '2024-08-22 01:47:12', '2024-08-22 01:47:12'),
(9, 0, 9, 'NetworkPort', NULL, NULL, 0, 0, 0, 1, '2024-08-22 01:47:12', '2024-08-22 01:47:12'),
(10, 0, 10, 'NetworkPort', NULL, NULL, 0, 0, 0, 1, '2024-08-22 01:47:12', '2024-08-22 01:47:12'),
(13, 0, 13, 'NetworkPort', NULL, NULL, 0, 0, 0, 1, '2024-08-22 01:47:12', '2024-08-22 01:47:12'),
(14, 0, 14, 'NetworkPort', NULL, NULL, 0, 0, 0, 1, '2024-08-22 01:47:12', '2024-08-22 01:47:12'),
(15, 0, 15, 'NetworkPort', NULL, NULL, 0, 0, 0, 1, '2024-08-22 01:47:12', '2024-08-22 01:47:12'),
(33, 0, 33, 'NetworkPort', NULL, NULL, 0, 0, 0, 1, '2024-08-27 21:45:00', '2024-08-27 21:45:00'),
(39, 0, 39, 'NetworkPort', NULL, NULL, 0, 0, 0, 1, '2024-08-28 01:44:12', '2024-08-28 01:44:12'),
(45, 0, 45, 'NetworkPort', NULL, NULL, 0, 0, 0, 1, '2024-08-29 01:44:21', '2024-08-29 01:44:21'),
(48, 0, 48, 'NetworkPort', NULL, NULL, 0, 0, 0, 1, '2024-08-30 02:44:20', '2024-08-30 02:44:20'),
(53, 0, 53, 'NetworkPort', NULL, NULL, 0, 0, 0, 1, '2024-09-02 06:39:53', '2024-09-02 06:39:53'),
(54, 0, 54, 'NetworkPort', NULL, NULL, 0, 0, 0, 1, '2024-09-02 06:39:53', '2024-09-02 06:39:53'),
(58, 0, 58, 'NetworkPort', NULL, NULL, 0, 0, 0, 1, '2024-09-05 20:44:20', '2024-09-05 20:44:20');

-- --------------------------------------------------------

--
-- Estructura de tabla para la tabla `glpi_networkportaggregates`
--

CREATE TABLE `glpi_networkportaggregates` (
  `id` int(10) UNSIGNED NOT NULL,
  `networkports_id` int(10) UNSIGNED NOT NULL DEFAULT '0',
  `networkports_id_list` text COLLATE utf8mb4_unicode_ci COMMENT 'array of associated networkports_id',
  `date_mod` timestamp NULL DEFAULT NULL,
  `date_creation` timestamp NULL DEFAULT NULL
) ENGINE=InnoDB DEFAULT CHARSET=utf8mb4 COLLATE=utf8mb4_unicode_ci ROW_FORMAT=DYNAMIC;

-- --------------------------------------------------------

--
-- Estructura de tabla para la tabla `glpi_networkportaliases`
--

CREATE TABLE `glpi_networkportaliases` (
  `id` int(10) UNSIGNED NOT NULL,
  `networkports_id` int(10) UNSIGNED NOT NULL DEFAULT '0',
  `networkports_id_alias` int(10) UNSIGNED NOT NULL DEFAULT '0',
  `date_mod` timestamp NULL DEFAULT NULL,
  `date_creation` timestamp NULL DEFAULT NULL
) ENGINE=InnoDB DEFAULT CHARSET=utf8mb4 COLLATE=utf8mb4_unicode_ci ROW_FORMAT=DYNAMIC;

-- --------------------------------------------------------

--
-- Estructura de tabla para la tabla `glpi_networkportconnectionlogs`
--

CREATE TABLE `glpi_networkportconnectionlogs` (
  `id` int(10) UNSIGNED NOT NULL,
  `date` timestamp NULL DEFAULT NULL,
  `connected` tinyint(4) NOT NULL DEFAULT '0',
  `networkports_id_source` int(10) UNSIGNED NOT NULL DEFAULT '0',
  `networkports_id_destination` int(10) UNSIGNED NOT NULL DEFAULT '0'
) ENGINE=InnoDB DEFAULT CHARSET=utf8mb4 COLLATE=utf8mb4_unicode_ci ROW_FORMAT=DYNAMIC;

-- --------------------------------------------------------

--
-- Estructura de tabla para la tabla `glpi_networkportdialups`
--

CREATE TABLE `glpi_networkportdialups` (
  `id` int(10) UNSIGNED NOT NULL,
  `networkports_id` int(10) UNSIGNED NOT NULL DEFAULT '0',
  `date_mod` timestamp NULL DEFAULT NULL,
  `date_creation` timestamp NULL DEFAULT NULL
) ENGINE=InnoDB DEFAULT CHARSET=utf8mb4 COLLATE=utf8mb4_unicode_ci ROW_FORMAT=DYNAMIC;

-- --------------------------------------------------------

--
-- Estructura de tabla para la tabla `glpi_networkportethernets`
--

CREATE TABLE `glpi_networkportethernets` (
  `id` int(10) UNSIGNED NOT NULL,
  `networkports_id` int(10) UNSIGNED NOT NULL DEFAULT '0',
  `items_devicenetworkcards_id` int(10) UNSIGNED NOT NULL DEFAULT '0',
  `type` varchar(10) COLLATE utf8mb4_unicode_ci DEFAULT '' COMMENT 'T, LX, SX',
  `speed` int(11) NOT NULL DEFAULT '10' COMMENT 'Mbit/s: 10, 100, 1000, 10000',
  `date_mod` timestamp NULL DEFAULT NULL,
  `date_creation` timestamp NULL DEFAULT NULL
) ENGINE=InnoDB DEFAULT CHARSET=utf8mb4 COLLATE=utf8mb4_unicode_ci ROW_FORMAT=DYNAMIC;

--
-- Volcado de datos para la tabla `glpi_networkportethernets`
--

INSERT INTO `glpi_networkportethernets` (`id`, `networkports_id`, `items_devicenetworkcards_id`, `type`, `speed`, `date_mod`, `date_creation`) VALUES
(4, 7, 0, '', 0, '2024-08-22 01:47:12', '2024-08-22 01:47:12'),
(5, 8, 0, '', 0, '2024-08-22 01:47:12', '2024-08-22 01:47:12'),
(6, 9, 0, '', 0, '2024-08-22 01:47:12', '2024-08-22 01:47:12'),
(7, 10, 0, '', 0, '2024-08-22 01:47:12', '2024-08-22 01:47:12'),
(25, 33, 3, '', 1000, '2024-09-05 19:44:23', '2024-08-27 21:45:00'),
(31, 39, 0, '', 10000, '2024-08-28 01:44:12', '2024-08-28 01:44:12'),
(35, 45, 0, '', 10000, '2024-08-30 00:44:56', '2024-08-29 01:44:21'),
(38, 48, 0, '', 10000, '2024-08-30 04:44:21', '2024-08-30 02:44:20'),
(41, 53, 0, '', 0, '2024-09-02 06:39:53', '2024-09-02 06:39:53'),
(42, 54, 0, '', 0, '2024-09-02 06:39:53', '2024-09-02 06:39:53'),
(46, 58, 0, '', 10000, '2024-09-05 20:44:20', '2024-09-05 20:44:20');

-- --------------------------------------------------------

--
-- Estructura de tabla para la tabla `glpi_networkportfiberchannels`
--

CREATE TABLE `glpi_networkportfiberchannels` (
  `id` int(10) UNSIGNED NOT NULL,
  `networkports_id` int(10) UNSIGNED NOT NULL DEFAULT '0',
  `items_devicenetworkcards_id` int(10) UNSIGNED NOT NULL DEFAULT '0',
  `networkportfiberchanneltypes_id` int(10) UNSIGNED NOT NULL DEFAULT '0',
  `wwn` varchar(16) COLLATE utf8mb4_unicode_ci DEFAULT '',
  `speed` int(11) NOT NULL DEFAULT '10' COMMENT 'Mbit/s: 10, 100, 1000, 10000',
  `date_mod` timestamp NULL DEFAULT NULL,
  `date_creation` timestamp NULL DEFAULT NULL
) ENGINE=InnoDB DEFAULT CHARSET=utf8mb4 COLLATE=utf8mb4_unicode_ci ROW_FORMAT=DYNAMIC;

-- --------------------------------------------------------

--
-- Estructura de tabla para la tabla `glpi_networkportfiberchanneltypes`
--

CREATE TABLE `glpi_networkportfiberchanneltypes` (
  `id` int(10) UNSIGNED NOT NULL,
  `name` varchar(255) COLLATE utf8mb4_unicode_ci DEFAULT NULL,
  `comment` text COLLATE utf8mb4_unicode_ci,
  `date_mod` timestamp NULL DEFAULT NULL,
  `date_creation` timestamp NULL DEFAULT NULL
) ENGINE=InnoDB DEFAULT CHARSET=utf8mb4 COLLATE=utf8mb4_unicode_ci ROW_FORMAT=DYNAMIC;

-- --------------------------------------------------------

--
-- Estructura de tabla para la tabla `glpi_networkportlocals`
--

CREATE TABLE `glpi_networkportlocals` (
  `id` int(10) UNSIGNED NOT NULL,
  `networkports_id` int(10) UNSIGNED NOT NULL DEFAULT '0',
  `date_mod` timestamp NULL DEFAULT NULL,
  `date_creation` timestamp NULL DEFAULT NULL
) ENGINE=InnoDB DEFAULT CHARSET=utf8mb4 COLLATE=utf8mb4_unicode_ci ROW_FORMAT=DYNAMIC;

-- --------------------------------------------------------

--
-- Estructura de tabla para la tabla `glpi_networkportmetrics`
--

CREATE TABLE `glpi_networkportmetrics` (
  `id` int(10) UNSIGNED NOT NULL,
  `date` date DEFAULT NULL,
  `ifinbytes` bigint(20) NOT NULL DEFAULT '0',
  `ifinerrors` bigint(20) NOT NULL DEFAULT '0',
  `ifoutbytes` bigint(20) NOT NULL DEFAULT '0',
  `ifouterrors` bigint(20) NOT NULL DEFAULT '0',
  `networkports_id` int(10) UNSIGNED NOT NULL DEFAULT '0',
  `date_creation` timestamp NULL DEFAULT NULL,
  `date_mod` timestamp NULL DEFAULT NULL
) ENGINE=InnoDB DEFAULT CHARSET=utf8mb4 COLLATE=utf8mb4_unicode_ci ROW_FORMAT=DYNAMIC;

--
-- Volcado de datos para la tabla `glpi_networkportmetrics`
--

INSERT INTO `glpi_networkportmetrics` (`id`, `date`, `ifinbytes`, `ifinerrors`, `ifoutbytes`, `ifouterrors`, `networkports_id`, `date_creation`, `date_mod`) VALUES
(1, '2024-08-09', 0, 0, 0, 0, 1, '2024-08-09 21:56:29', '2024-08-09 21:56:29'),
(2, '2024-08-09', 0, 0, 0, 0, 2, '2024-08-09 21:56:29', '2024-08-09 21:56:29'),
(3, '2024-08-20', 0, 0, 0, 0, 3, '2024-08-21 02:44:35', '2024-08-21 02:44:35'),
(4, '2024-08-21', 0, 0, 0, 0, 4, '2024-08-22 01:47:12', '2024-08-22 01:47:12'),
(5, '2024-08-21', 0, 0, 0, 0, 5, '2024-08-22 01:47:12', '2024-08-22 01:47:12'),
(6, '2024-08-21', 0, 0, 0, 0, 6, '2024-08-22 01:47:12', '2024-08-22 01:47:12'),
(7, '2024-08-21', 0, 0, 0, 0, 7, '2024-08-22 01:47:12', '2024-08-22 01:47:12'),
(8, '2024-08-21', 0, 0, 0, 0, 8, '2024-08-22 01:47:12', '2024-08-22 01:47:12'),
(9, '2024-08-21', 0, 0, 0, 0, 9, '2024-08-22 01:47:12', '2024-08-22 01:47:12'),
(10, '2024-08-21', 0, 0, 0, 0, 10, '2024-08-22 01:47:12', '2024-08-22 01:47:12'),
(11, '2024-08-21', 0, 0, 0, 0, 11, '2024-08-22 01:47:12', '2024-08-22 01:47:12'),
(12, '2024-08-21', 0, 0, 0, 0, 12, '2024-08-22 01:47:12', '2024-08-22 01:47:12'),
(13, '2024-08-21', 0, 0, 0, 0, 13, '2024-08-22 01:47:12', '2024-08-22 01:47:12'),
(14, '2024-08-21', 0, 0, 0, 0, 14, '2024-08-22 01:47:12', '2024-08-22 01:47:12'),
(15, '2024-08-21', 0, 0, 0, 0, 15, '2024-08-22 01:47:12', '2024-08-22 01:47:12'),
(16, '2024-08-21', 0, 0, 0, 0, 16, '2024-08-22 01:47:12', '2024-08-22 01:47:12'),
(17, '2024-08-21', 0, 0, 0, 0, 17, '2024-08-22 01:47:12', '2024-08-22 01:47:12'),
(18, '2024-08-22', 0, 0, 0, 0, 18, '2024-08-22 18:44:17', '2024-08-22 18:44:17'),
(19, '2024-08-22', 0, 0, 0, 0, 19, '2024-08-23 02:56:25', '2024-08-23 02:56:25'),
(20, '2024-08-22', 0, 0, 0, 0, 20, '2024-08-23 02:56:25', '2024-08-23 02:56:25'),
(21, '2024-08-23', 0, 0, 0, 0, 21, '2024-08-23 18:43:33', '2024-08-23 18:43:33'),
(22, '2024-08-23', 0, 0, 0, 0, 22, '2024-08-23 18:43:33', '2024-08-23 18:43:33'),
(23, '2024-08-24', 0, 0, 0, 0, 23, '2024-08-24 22:44:25', '2024-08-24 22:44:25'),
(24, '2024-08-24', 0, 0, 0, 0, 24, '2024-08-24 23:44:05', '2024-08-24 23:44:05'),
(25, '2024-08-24', 0, 0, 0, 0, 25, '2024-08-25 03:44:13', '2024-08-25 03:44:13'),
(26, '2024-08-25', 0, 0, 0, 0, 26, '2024-08-25 22:00:21', '2024-08-25 22:00:21'),
(27, '2024-08-25', 0, 0, 0, 0, 27, '2024-08-25 22:00:21', '2024-08-25 22:00:21'),
(28, '2024-08-26', 0, 0, 0, 0, 28, '2024-08-26 21:36:50', '2024-08-26 21:36:50'),
(29, '2024-08-26', 0, 0, 0, 0, 29, '2024-08-26 21:36:50', '2024-08-26 21:36:50'),
(30, '2024-08-26', 0, 0, 0, 0, 30, '2024-08-27 04:44:45', '2024-08-27 04:44:45'),
(31, '2024-08-26', 0, 0, 0, 0, 31, '2024-08-27 04:44:45', '2024-08-27 04:44:45'),
(32, '2024-08-27', 0, 0, 0, 0, 32, '2024-08-27 20:44:52', '2024-08-27 20:44:52'),
(33, '2024-08-27', 0, 0, 0, 0, 33, '2024-08-27 21:45:00', '2024-08-27 21:45:00'),
(34, '2024-08-27', 0, 0, 0, 0, 34, '2024-08-27 21:45:00', '2024-08-27 21:45:00'),
(35, '2024-08-27', 0, 0, 0, 0, 35, '2024-08-27 21:45:00', '2024-08-27 21:45:00'),
(36, '2024-08-27', 0, 0, 0, 0, 36, '2024-08-27 22:13:05', '2024-08-27 22:13:05'),
(37, '2024-08-27', 0, 0, 0, 0, 37, '2024-08-27 22:13:05', '2024-08-27 22:13:05'),
(38, '2024-08-27', 0, 0, 0, 0, 38, '2024-08-28 01:44:12', '2024-08-28 01:44:12'),
(39, '2024-08-27', 0, 0, 0, 0, 39, '2024-08-28 01:44:12', '2024-08-28 01:44:12'),
(40, '2024-08-28', 0, 0, 0, 0, 40, '2024-08-28 23:07:11', '2024-08-28 23:07:11'),
(41, '2024-08-28', 0, 0, 0, 0, 41, '2024-08-28 23:07:11', '2024-08-28 23:07:11'),
(42, '2024-08-28', 0, 0, 0, 0, 42, '2024-08-28 23:07:11', '2024-08-28 23:07:11'),
(43, '2024-08-28', 0, 0, 0, 0, 43, '2024-08-28 23:07:11', '2024-08-28 23:07:11'),
(44, '2024-08-28', 0, 0, 0, 0, 44, '2024-08-28 23:07:11', '2024-08-28 23:07:11'),
(45, '2024-08-28', 0, 0, 0, 0, 45, '2024-08-29 01:44:21', '2024-08-29 01:44:21'),
(46, '2024-08-29', 0, 0, 0, 0, 46, '2024-08-29 23:45:45', '2024-08-29 23:45:45'),
(47, '2024-08-29', 0, 0, 0, 0, 47, '2024-08-29 23:45:45', '2024-08-29 23:45:45'),
(48, '2024-08-29', 0, 0, 0, 0, 48, '2024-08-30 02:44:20', '2024-08-30 02:44:20'),
(49, '2024-08-30', 0, 0, 0, 0, 49, '2024-08-31 00:20:38', '2024-08-31 00:20:38'),
(50, '2024-08-30', 0, 0, 0, 0, 50, '2024-08-31 00:20:38', '2024-08-31 00:20:38'),
(51, '2024-08-30', 0, 0, 0, 0, 51, '2024-08-31 00:20:38', '2024-08-31 00:20:38'),
(52, '2024-08-30', 0, 0, 0, 0, 52, '2024-08-31 00:20:38', '2024-08-31 00:20:38'),
(53, '2024-09-02', 0, 0, 0, 0, 53, '2024-09-02 06:39:53', '2024-09-02 06:39:53'),
(54, '2024-09-02', 0, 0, 0, 0, 54, '2024-09-02 06:39:53', '2024-09-02 06:39:53'),
(55, '2024-09-02', 0, 0, 0, 0, 55, '2024-09-02 18:44:20', '2024-09-02 18:44:20'),
(56, '2024-09-05', 0, 0, 0, 0, 56, '2024-09-05 18:44:57', '2024-09-05 18:44:57'),
(57, '2024-09-05', 0, 0, 0, 0, 57, '2024-09-05 18:44:57', '2024-09-05 18:44:57'),
(58, '2024-09-05', 0, 0, 0, 0, 58, '2024-09-05 20:44:20', '2024-09-05 20:44:20');

-- --------------------------------------------------------

--
-- Estructura de tabla para la tabla `glpi_networkports`
--

CREATE TABLE `glpi_networkports` (
  `id` int(10) UNSIGNED NOT NULL,
  `items_id` int(10) UNSIGNED NOT NULL DEFAULT '0',
  `itemtype` varchar(100) COLLATE utf8mb4_unicode_ci NOT NULL,
  `entities_id` int(10) UNSIGNED NOT NULL DEFAULT '0',
  `is_recursive` tinyint(4) NOT NULL DEFAULT '0',
  `logical_number` int(11) NOT NULL DEFAULT '0',
  `name` varchar(255) COLLATE utf8mb4_unicode_ci DEFAULT NULL,
  `instantiation_type` varchar(255) COLLATE utf8mb4_unicode_ci DEFAULT NULL,
  `mac` varchar(255) COLLATE utf8mb4_unicode_ci DEFAULT NULL,
  `comment` text COLLATE utf8mb4_unicode_ci,
  `is_deleted` tinyint(4) NOT NULL DEFAULT '0',
  `is_dynamic` tinyint(4) NOT NULL DEFAULT '0',
  `date_mod` timestamp NULL DEFAULT NULL,
  `date_creation` timestamp NULL DEFAULT NULL,
  `ifmtu` int(11) NOT NULL DEFAULT '0',
  `ifspeed` bigint(20) NOT NULL DEFAULT '0',
  `ifinternalstatus` varchar(255) COLLATE utf8mb4_unicode_ci DEFAULT NULL,
  `ifconnectionstatus` int(11) NOT NULL DEFAULT '0',
  `iflastchange` varchar(255) COLLATE utf8mb4_unicode_ci DEFAULT NULL,
  `ifinbytes` bigint(20) NOT NULL DEFAULT '0',
  `ifinerrors` bigint(20) NOT NULL DEFAULT '0',
  `ifoutbytes` bigint(20) NOT NULL DEFAULT '0',
  `ifouterrors` bigint(20) NOT NULL DEFAULT '0',
  `ifstatus` varchar(255) COLLATE utf8mb4_unicode_ci DEFAULT NULL,
  `ifdescr` varchar(255) COLLATE utf8mb4_unicode_ci DEFAULT NULL,
  `ifalias` varchar(255) COLLATE utf8mb4_unicode_ci DEFAULT NULL,
  `portduplex` varchar(255) COLLATE utf8mb4_unicode_ci DEFAULT NULL,
  `trunk` tinyint(4) NOT NULL DEFAULT '0',
  `lastup` timestamp NULL DEFAULT NULL
) ENGINE=InnoDB DEFAULT CHARSET=utf8mb4 COLLATE=utf8mb4_unicode_ci ROW_FORMAT=DYNAMIC;

--
-- Volcado de datos para la tabla `glpi_networkports`
--

INSERT INTO `glpi_networkports` (`id`, `items_id`, `itemtype`, `entities_id`, `is_recursive`, `logical_number`, `name`, `instantiation_type`, `mac`, `comment`, `is_deleted`, `is_dynamic`, `date_mod`, `date_creation`, `ifmtu`, `ifspeed`, `ifinternalstatus`, `ifconnectionstatus`, `iflastchange`, `ifinbytes`, `ifinerrors`, `ifoutbytes`, `ifouterrors`, `ifstatus`, `ifdescr`, `ifalias`, `portduplex`, `trunk`, `lastup`) VALUES
(4, 2, 'Computer', 0, 0, 0, 'lo0', 'NetworkPortLocal', '', NULL, 0, 1, '2024-08-22 01:47:12', '2024-08-22 01:47:12', 0, 0, NULL, 0, NULL, 0, 0, 0, 0, NULL, NULL, NULL, NULL, 0, NULL),
(5, 2, 'Computer', 0, 0, 0, 'gif0', 'NetworkPortLocal', '', NULL, 0, 1, '2024-08-22 01:47:12', '2024-08-22 01:47:12', 0, 0, NULL, 0, NULL, 0, 0, 0, 0, NULL, NULL, NULL, NULL, 0, NULL),
(6, 2, 'Computer', 0, 0, 0, 'stf0', 'NetworkPortLocal', '', NULL, 0, 1, '2024-08-22 01:47:12', '2024-08-22 01:47:12', 0, 0, NULL, 0, NULL, 0, 0, 0, 0, NULL, NULL, NULL, NULL, 0, NULL),
(7, 2, 'Computer', 0, 0, 1, 'Wi-Fi', 'NetworkPortEthernet', '50:de:06:c2:ab:a4', NULL, 0, 1, '2024-08-22 01:47:12', '2024-08-22 01:47:12', 0, 0, NULL, 0, NULL, 0, 0, 0, 0, NULL, NULL, NULL, NULL, 0, NULL),
(8, 2, 'Computer', 0, 0, 1, 'Thunderbolt 1', 'NetworkPortEthernet', '82:18:68:37:bc:c0', NULL, 0, 1, '2024-08-22 01:47:12', '2024-08-22 01:47:12', 0, 0, NULL, 0, NULL, 0, 0, 0, 0, NULL, NULL, NULL, NULL, 0, NULL),
(9, 2, 'Computer', 0, 0, 1, 'Thunderbolt Bridge', 'NetworkPortEthernet', '82:18:68:37:bc:c0', NULL, 0, 1, '2024-08-22 01:47:12', '2024-08-22 01:47:12', 0, 0, NULL, 0, NULL, 0, 0, 0, 0, NULL, NULL, NULL, NULL, 0, NULL),
(10, 2, 'Computer', 0, 0, 0, 'p2p0', 'NetworkPortEthernet', '02:de:06:c2:ab:a4', NULL, 0, 1, '2024-08-22 01:47:12', '2024-08-22 01:47:12', 0, 0, NULL, 0, NULL, 0, 0, 0, 0, NULL, NULL, NULL, NULL, 0, NULL),
(13, 2, 'Computer', 0, 0, 0, 'utun0', 'NetworkPortLocal', '', NULL, 0, 1, '2024-08-22 01:47:12', '2024-08-22 01:47:12', 0, 0, NULL, 0, NULL, 0, 0, 0, 0, NULL, NULL, NULL, NULL, 0, NULL),
(14, 2, 'Computer', 0, 0, 0, 'utun1', 'NetworkPortLocal', '', NULL, 0, 1, '2024-08-22 01:47:12', '2024-08-22 01:47:12', 0, 0, NULL, 0, NULL, 0, 0, 0, 0, NULL, NULL, NULL, NULL, 0, NULL),
(15, 2, 'Computer', 0, 0, 0, 'utun2', 'NetworkPortLocal', '', NULL, 0, 1, '2024-08-22 01:47:12', '2024-08-22 01:47:12', 0, 0, NULL, 0, NULL, 0, 0, 0, 0, NULL, NULL, NULL, NULL, 0, NULL),
(33, 1, 'Computer', 0, 0, 1, 'Realtek PCIe GbE Family Controller', 'NetworkPortEthernet', '10:e7:c6:ad:e3:e5', NULL, 0, 1, '2024-08-27 21:45:00', '2024-08-27 21:45:00', 0, 0, NULL, 0, NULL, 0, 0, 0, 0, NULL, NULL, NULL, NULL, 0, NULL),
(39, 1, 'Computer', 0, 0, 0, 'Hyper-V Virtual Ethernet Adapter #4', 'NetworkPortEthernet', '00:15:5d:bb:0a:27', NULL, 0, 1, '2024-08-28 01:44:12', '2024-08-28 01:44:12', 0, 0, NULL, 0, NULL, 0, 0, 0, 0, NULL, NULL, NULL, NULL, 0, NULL),
(45, 1, 'Computer', 0, 0, 0, 'Hyper-V Virtual Ethernet Adapter #5', 'NetworkPortEthernet', '00:15:5d:f8:ad:43', NULL, 0, 1, '2024-08-29 01:44:21', '2024-08-29 01:44:21', 0, 0, NULL, 0, NULL, 0, 0, 0, 0, NULL, NULL, NULL, NULL, 0, NULL),
(48, 1, 'Computer', 0, 0, 0, 'Hyper-V Virtual Ethernet Adapter #6', 'NetworkPortEthernet', '00:15:5d:69:0a:6e', NULL, 0, 1, '2024-08-30 02:44:20', '2024-08-30 02:44:20', 0, 0, NULL, 0, NULL, 0, 0, 0, 0, NULL, NULL, NULL, NULL, 0, NULL),
(53, 2, 'Computer', 0, 0, 0, 'awdl0', 'NetworkPortEthernet', 'a2:79:f9:72:1e:aa', NULL, 0, 1, '2024-09-02 06:39:53', '2024-09-02 06:39:53', 0, 0, NULL, 0, NULL, 0, 0, 0, 0, NULL, NULL, NULL, NULL, 0, NULL),
(54, 2, 'Computer', 0, 0, 0, 'llw0', 'NetworkPortEthernet', 'a2:79:f9:72:1e:aa', NULL, 0, 1, '2024-09-02 06:39:53', '2024-09-02 06:39:53', 0, 0, NULL, 0, NULL, 0, 0, 0, 0, NULL, NULL, NULL, NULL, 0, NULL),
(58, 1, 'Computer', 0, 0, 0, 'Hyper-V Virtual Ethernet Adapter #7', 'NetworkPortEthernet', '00:15:5d:4c:37:0e', NULL, 0, 1, '2024-09-05 20:44:20', '2024-09-05 20:44:20', 0, 0, NULL, 0, NULL, 0, 0, 0, 0, NULL, NULL, NULL, NULL, 0, NULL);

-- --------------------------------------------------------

--
-- Estructura de tabla para la tabla `glpi_networkports_networkports`
--

CREATE TABLE `glpi_networkports_networkports` (
  `id` int(10) UNSIGNED NOT NULL,
  `networkports_id_1` int(10) UNSIGNED NOT NULL DEFAULT '0',
  `networkports_id_2` int(10) UNSIGNED NOT NULL DEFAULT '0'
) ENGINE=InnoDB DEFAULT CHARSET=utf8mb4 COLLATE=utf8mb4_unicode_ci ROW_FORMAT=DYNAMIC;

-- --------------------------------------------------------

--
-- Estructura de tabla para la tabla `glpi_networkports_vlans`
--

CREATE TABLE `glpi_networkports_vlans` (
  `id` int(10) UNSIGNED NOT NULL,
  `networkports_id` int(10) UNSIGNED NOT NULL DEFAULT '0',
  `vlans_id` int(10) UNSIGNED NOT NULL DEFAULT '0',
  `tagged` tinyint(4) NOT NULL DEFAULT '0'
) ENGINE=InnoDB DEFAULT CHARSET=utf8mb4 COLLATE=utf8mb4_unicode_ci ROW_FORMAT=DYNAMIC;

-- --------------------------------------------------------

--
-- Estructura de tabla para la tabla `glpi_networkporttypes`
--

CREATE TABLE `glpi_networkporttypes` (
  `id` int(10) UNSIGNED NOT NULL,
  `entities_id` int(10) UNSIGNED NOT NULL DEFAULT '0',
  `is_recursive` tinyint(4) NOT NULL DEFAULT '0',
  `value_decimal` int(11) NOT NULL,
  `name` varchar(255) COLLATE utf8mb4_unicode_ci DEFAULT NULL,
  `comment` text COLLATE utf8mb4_unicode_ci,
  `is_importable` tinyint(4) NOT NULL DEFAULT '0',
  `instantiation_type` varchar(255) COLLATE utf8mb4_unicode_ci DEFAULT NULL,
  `date_creation` timestamp NULL DEFAULT NULL,
  `date_mod` timestamp NULL DEFAULT NULL
) ENGINE=InnoDB DEFAULT CHARSET=utf8mb4 COLLATE=utf8mb4_unicode_ci ROW_FORMAT=DYNAMIC;

--
-- Volcado de datos para la tabla `glpi_networkporttypes`
--

INSERT INTO `glpi_networkporttypes` (`id`, `entities_id`, `is_recursive`, `value_decimal`, `name`, `comment`, `is_importable`, `instantiation_type`, `date_creation`, `date_mod`) VALUES
(1, 0, 0, 0, 'Name', 'Description References', 0, NULL, '2024-08-09 20:39:10', '2024-08-09 20:39:10'),
(2, 0, 0, 1, 'other', 'none of the following [RFC1213]', 0, NULL, '2024-08-09 20:39:10', '2024-08-09 20:39:10'),
(3, 0, 0, 2, 'regular1822', 'BBN Report 1822 [RFC1213]', 0, NULL, '2024-08-09 20:39:10', '2024-08-09 20:39:10'),
(4, 0, 0, 3, 'hdh1822', 'BBN Report 1822 [RFC1213]', 0, NULL, '2024-08-09 20:39:10', '2024-08-09 20:39:10'),
(5, 0, 0, 4, 'ddn-x25', 'BBN Report 1822 [RFC1213]', 0, NULL, '2024-08-09 20:39:10', '2024-08-09 20:39:10'),
(6, 0, 0, 5, 'x25', 'X.25 [RFC1382]', 0, NULL, '2024-08-09 20:39:10', '2024-08-09 20:39:10'),
(7, 0, 0, 6, 'ethernet-csmacd', '[RFC1213]', 1, 'NetworkPortEthernet', '2024-08-09 20:39:10', '2024-08-09 20:39:10'),
(8, 0, 0, 7, 'IEEE802.3', 'DEPRECATED [RFC3635]', 1, 'NetworkPortEthernet', '2024-08-09 20:39:10', '2024-08-09 20:39:10'),
(9, 0, 0, 8, 'IEEE802.4', 'Token Bus-like Objects [RFC1239]', 0, NULL, '2024-08-09 20:39:10', '2024-08-09 20:39:10'),
(10, 0, 0, 9, 'IEEE802.5', 'Token Ring-like Objects [RFC1748]', 0, NULL, '2024-08-09 20:39:10', '2024-08-09 20:39:10'),
(11, 0, 0, 10, 'iso88026-man', '[RFC1213]', 0, NULL, '2024-08-09 20:39:10', '2024-08-09 20:39:10'),
(12, 0, 0, 11, 'starLan', 'DEPRECATED [RFC3635]', 0, NULL, '2024-08-09 20:39:10', '2024-08-09 20:39:10'),
(13, 0, 0, 12, 'proteon-10Mbit', '[RFC1213]', 0, NULL, '2024-08-09 20:39:10', '2024-08-09 20:39:10'),
(14, 0, 0, 13, 'proteon-80Mbit', '[RFC1213]', 0, NULL, '2024-08-09 20:39:10', '2024-08-09 20:39:10'),
(15, 0, 0, 14, 'hyperchannel', '[RFC1213]', 0, NULL, '2024-08-09 20:39:10', '2024-08-09 20:39:10'),
(16, 0, 0, 15, 'FDDI', 'FDDI Objects [RFC1512]', 0, NULL, '2024-08-09 20:39:10', '2024-08-09 20:39:10'),
(17, 0, 0, 16, 'lapb', 'LAP B [RFC1381]', 0, NULL, '2024-08-09 20:39:10', '2024-08-09 20:39:10'),
(18, 0, 0, 17, 'sdlc', '[RFC1213]', 0, NULL, '2024-08-09 20:39:10', '2024-08-09 20:39:10'),
(19, 0, 0, 18, 'ds1', 'T1/E1 Carrier Objects [RFC4805]', 0, NULL, '2024-08-09 20:39:10', '2024-08-09 20:39:10'),
(20, 0, 0, 19, 'e1', 'obsolete [RFC4805]', 0, NULL, '2024-08-09 20:39:10', '2024-08-09 20:39:10'),
(21, 0, 0, 20, 'basicISDN', '[RFC1213]', 0, NULL, '2024-08-09 20:39:10', '2024-08-09 20:39:10'),
(22, 0, 0, 21, 'primaryISDN', '[RFC1213]', 0, NULL, '2024-08-09 20:39:10', '2024-08-09 20:39:10'),
(23, 0, 0, 22, 'propPointToPointSerial', '[RFC1213]', 0, NULL, '2024-08-09 20:39:10', '2024-08-09 20:39:10'),
(24, 0, 0, 23, 'ppp', 'Point-to-Point Protocol [RFC1213][RFC1471]', 0, NULL, '2024-08-09 20:39:10', '2024-08-09 20:39:10'),
(25, 0, 0, 24, 'softwareLoopback', '[RFC1213]', 0, NULL, '2024-08-09 20:39:10', '2024-08-09 20:39:10'),
(26, 0, 0, 25, 'eon', '[RFC1213]', 0, NULL, '2024-08-09 20:39:10', '2024-08-09 20:39:10'),
(27, 0, 0, 26, 'ethernet-3Mbit', '[RFC1213]', 0, NULL, '2024-08-09 20:39:10', '2024-08-09 20:39:10'),
(28, 0, 0, 27, 'nsip', '[RFC1213]', 0, NULL, '2024-08-09 20:39:10', '2024-08-09 20:39:10'),
(29, 0, 0, 28, 'slip', '[RFC1213]', 0, NULL, '2024-08-09 20:39:10', '2024-08-09 20:39:10'),
(30, 0, 0, 29, 'ultra', '[RFC1213]', 0, NULL, '2024-08-09 20:39:10', '2024-08-09 20:39:10'),
(31, 0, 0, 30, 'ds3', 'DS3/E3 Interface Objects [RFC3896]', 0, NULL, '2024-08-09 20:39:10', '2024-08-09 20:39:10'),
(32, 0, 0, 31, 'sip', 'SMDS Interface Objects [RFC1694]', 0, NULL, '2024-08-09 20:39:10', '2024-08-09 20:39:10'),
(33, 0, 0, 32, 'frame-relay', 'Frame Relay Objects for DTE [RFC2115]', 0, NULL, '2024-08-09 20:39:10', '2024-08-09 20:39:10'),
(34, 0, 0, 33, 'RS-232', 'RS-232 Objects [RFC1659]', 0, NULL, '2024-08-09 20:39:10', '2024-08-09 20:39:10'),
(35, 0, 0, 34, 'Parallel', 'Parallel Printer Objects [RFC1660]', 0, NULL, '2024-08-09 20:39:10', '2024-08-09 20:39:10'),
(36, 0, 0, 35, 'arcnet', 'ARC network', 0, NULL, '2024-08-09 20:39:10', '2024-08-09 20:39:10'),
(37, 0, 0, 36, 'arcnet-plus', 'ARC network plus', 0, NULL, '2024-08-09 20:39:10', '2024-08-09 20:39:10'),
(38, 0, 0, 37, 'atm', 'ATM', 0, NULL, '2024-08-09 20:39:10', '2024-08-09 20:39:10'),
(39, 0, 0, 38, 'MIOX25', 'MIOX25 [RFC1461]', 0, NULL, '2024-08-09 20:39:10', '2024-08-09 20:39:10'),
(40, 0, 0, 39, 'SONET', 'SONET or SDH', 0, NULL, '2024-08-09 20:39:10', '2024-08-09 20:39:10'),
(41, 0, 0, 40, 'x25ple', 'X.25 packet level [RFC2127]', 0, NULL, '2024-08-09 20:39:10', '2024-08-09 20:39:10'),
(42, 0, 0, 41, 'iso88022llc', '802.2 LLC', 0, NULL, '2024-08-09 20:39:10', '2024-08-09 20:39:10'),
(43, 0, 0, 42, 'localTalk', '', 0, NULL, '2024-08-09 20:39:10', '2024-08-09 20:39:10'),
(44, 0, 0, 43, 'smds-dxi', 'SMDS DXI', 0, NULL, '2024-08-09 20:39:10', '2024-08-09 20:39:10'),
(45, 0, 0, 44, 'frameRelayService', 'Frame Relay DCE [RFC2954]', 0, NULL, '2024-08-09 20:39:10', '2024-08-09 20:39:10'),
(46, 0, 0, 45, 'v35', 'V.35', 0, NULL, '2024-08-09 20:39:10', '2024-08-09 20:39:10'),
(47, 0, 0, 46, 'hssi', 'HSSI', 0, NULL, '2024-08-09 20:39:10', '2024-08-09 20:39:10'),
(48, 0, 0, 47, 'hippi', 'HIPPI', 0, NULL, '2024-08-09 20:39:10', '2024-08-09 20:39:10'),
(49, 0, 0, 48, 'modem', 'generic modem', 0, NULL, '2024-08-09 20:39:10', '2024-08-09 20:39:10'),
(50, 0, 0, 49, 'aal5', 'AAL5 over ATM', 0, NULL, '2024-08-09 20:39:10', '2024-08-09 20:39:10'),
(51, 0, 0, 50, 'sonetPath', '', 0, NULL, '2024-08-09 20:39:10', '2024-08-09 20:39:10'),
(52, 0, 0, 51, 'sonetVT', '', 0, NULL, '2024-08-09 20:39:10', '2024-08-09 20:39:10'),
(53, 0, 0, 52, 'smds-icip', 'SMDS Inter-Carrier Interface Protocol', 0, NULL, '2024-08-09 20:39:10', '2024-08-09 20:39:10'),
(54, 0, 0, 53, 'propVirtual', 'proprietary vitural/internal interface [RFC2863]', 0, NULL, '2024-08-09 20:39:10', '2024-08-09 20:39:10'),
(55, 0, 0, 54, 'propMultiLink', 'proprietary multi-link multiplexing [RFC2863]', 0, NULL, '2024-08-09 20:39:10', '2024-08-09 20:39:10'),
(56, 0, 0, 55, 'ieee80212', '100BaseVG', 0, NULL, '2024-08-09 20:39:10', '2024-08-09 20:39:10'),
(57, 0, 0, 56, 'fibre-channel', 'Fibre Channel', 1, 'NetworkPortFiberchannel', '2024-08-09 20:39:10', '2024-08-09 20:39:10'),
(58, 0, 0, 57, 'hippiInterfaces', 'HIPPI interfaces [Philip_Cameron]', 0, NULL, '2024-08-09 20:39:10', '2024-08-09 20:39:10'),
(59, 0, 0, 58, 'FrameRelayInterconnect', 'Interconnet over FR [Unknown]', 0, NULL, '2024-08-09 20:39:10', '2024-08-09 20:39:10'),
(60, 0, 0, 59, 'aflane8023', 'ATM Emulated LAN for 802.3 [Keith_McCloghrie]', 0, NULL, '2024-08-09 20:39:10', '2024-08-09 20:39:10'),
(61, 0, 0, 60, 'aflane8025', 'ATM Emulated LAN for 802.5 [Keith_McCloghrie]', 0, NULL, '2024-08-09 20:39:10', '2024-08-09 20:39:10'),
(62, 0, 0, 61, 'cctEmul', 'ATM Emulated circuit [Guy_Fedorkow]', 0, NULL, '2024-08-09 20:39:10', '2024-08-09 20:39:10'),
(63, 0, 0, 62, 'fastEther', 'DEPRECATED [RFC3635]', 1, 'NetworkPortEthernet', '2024-08-09 20:39:10', '2024-08-09 20:39:10'),
(64, 0, 0, 63, 'isdn', 'ISDN and X.25 [RFC1356]', 0, NULL, '2024-08-09 20:39:10', '2024-08-09 20:39:10'),
(65, 0, 0, 64, 'v11', 'CCITT V.11/X.21 [Satish_Popat]', 0, NULL, '2024-08-09 20:39:10', '2024-08-09 20:39:10'),
(66, 0, 0, 65, 'v36', 'CCITT V.36 [Satish_Popat]', 0, NULL, '2024-08-09 20:39:10', '2024-08-09 20:39:10'),
(67, 0, 0, 66, 'g703-64k', 'CCITT G703 at 64Kbps [Satish_Popat]', 0, NULL, '2024-08-09 20:39:10', '2024-08-09 20:39:10'),
(68, 0, 0, 67, 'g703-2mb', 'CCITT G703 at 2Mbps [Satish_Popat]', 0, NULL, '2024-08-09 20:39:10', '2024-08-09 20:39:10'),
(69, 0, 0, 68, 'qllc', 'SNA QLLC [Satish_Popat]', 0, NULL, '2024-08-09 20:39:10', '2024-08-09 20:39:10'),
(70, 0, 0, 69, 'fastEtherFX', 'DEPRECATED [RFC3635]', 0, NULL, '2024-08-09 20:39:10', '2024-08-09 20:39:10'),
(71, 0, 0, 70, 'channel', 'channel [Steven_Schwell]', 0, NULL, '2024-08-09 20:39:10', '2024-08-09 20:39:10'),
(72, 0, 0, 71, 'IEEE802.11', 'radio spread spectrum [Dawkoon_Paul_Lee]', 1, 'NetworkPortWifi', '2024-08-09 20:39:10', '2024-08-09 20:39:10'),
(73, 0, 0, 72, 'ibm370parChan', 'IBM System 360/370 OEMI Channel [Bill_Kwan]', 0, NULL, '2024-08-09 20:39:10', '2024-08-09 20:39:10'),
(74, 0, 0, 73, 'ESCON', 'IBM Enterprise Systems Connection [Bill_Kwan]', 0, NULL, '2024-08-09 20:39:10', '2024-08-09 20:39:10'),
(75, 0, 0, 74, 'DLSw', 'Data Link Switching [Bill_Kwan]', 0, NULL, '2024-08-09 20:39:10', '2024-08-09 20:39:10'),
(76, 0, 0, 75, 'ISDNs', 'ISDN S/T interface [Ed_Alcoff]', 0, NULL, '2024-08-09 20:39:10', '2024-08-09 20:39:10'),
(77, 0, 0, 76, 'ISDNu', 'ISDN U interface [Ed_Alcoff]', 0, NULL, '2024-08-09 20:39:10', '2024-08-09 20:39:10'),
(78, 0, 0, 77, 'lapd', 'Link Access Protocol D [Ed_Alcoff]', 0, NULL, '2024-08-09 20:39:10', '2024-08-09 20:39:10'),
(79, 0, 0, 78, 'ip-switch', 'IP Switching Objects [Joe_Wei]', 0, NULL, '2024-08-09 20:39:10', '2024-08-09 20:39:10'),
(80, 0, 0, 79, 'rsrb', 'Remote Source Route Bridging [Bob_Clouston]', 0, NULL, '2024-08-09 20:39:10', '2024-08-09 20:39:10'),
(81, 0, 0, 80, 'atm-logical', 'ATM Logical Port [RFC3606]', 0, NULL, '2024-08-09 20:39:10', '2024-08-09 20:39:10'),
(82, 0, 0, 81, 'ds0', 'Digital Signal Level 0 [RFC2494]', 0, NULL, '2024-08-09 20:39:10', '2024-08-09 20:39:10'),
(83, 0, 0, 82, 'ds0Bundle', 'group of ds0s on the same ds1 [RFC2494]', 0, NULL, '2024-08-09 20:39:10', '2024-08-09 20:39:10'),
(84, 0, 0, 83, 'bsc', 'Bisynchronous Protocol [Bill_Kwan]', 0, NULL, '2024-08-09 20:39:10', '2024-08-09 20:39:10'),
(85, 0, 0, 84, 'async', 'Asynchronous Protocol [Bill_Kwan]', 0, NULL, '2024-08-09 20:39:10', '2024-08-09 20:39:10'),
(86, 0, 0, 85, 'cnr', 'Combat Net Radio [Herb_Jensen]', 0, NULL, '2024-08-09 20:39:10', '2024-08-09 20:39:10'),
(87, 0, 0, 86, 'iso88025Dtr', 'ISO 802.5r DTR [Trevor_Warwick]', 0, NULL, '2024-08-09 20:39:10', '2024-08-09 20:39:10'),
(88, 0, 0, 87, 'eplrs', 'Enhanced  Pos Loc Report Sys [Herb_Jensen]', 0, NULL, '2024-08-09 20:39:10', '2024-08-09 20:39:10'),
(89, 0, 0, 88, 'arap', 'Appletalk Remote Access Protocol [Jim_Halpin]', 0, NULL, '2024-08-09 20:39:10', '2024-08-09 20:39:10'),
(90, 0, 0, 89, 'propCnls', 'Proprietary Connectionless Proto. [Robert_Neill]', 0, NULL, '2024-08-09 20:39:10', '2024-08-09 20:39:10'),
(91, 0, 0, 90, 'hostPad', 'CCITT-ITU X.29 PAD Protocol [Robert_Neill]', 0, NULL, '2024-08-09 20:39:10', '2024-08-09 20:39:10'),
(92, 0, 0, 91, 'termPad', 'CCITT-ITU X.3 PAD Facility [Robert_Neill]', 0, NULL, '2024-08-09 20:39:10', '2024-08-09 20:39:10'),
(93, 0, 0, 92, 'frameRelayMPI', 'Multiproto Interconnect over FR [Robert_Neill]', 0, NULL, '2024-08-09 20:39:10', '2024-08-09 20:39:10'),
(94, 0, 0, 93, 'x213', 'CCITT-ITU X213 [Robert_Neill]', 0, NULL, '2024-08-09 20:39:10', '2024-08-09 20:39:10'),
(95, 0, 0, 94, 'adsl', 'Asymmetric Digital Subscriber Loop [Gregory_Bathrick]', 0, NULL, '2024-08-09 20:39:10', '2024-08-09 20:39:10'),
(96, 0, 0, 95, 'radsl', 'Rate-Adapt. Digital Subscriber Loop [Gregory_Bathrick]', 0, NULL, '2024-08-09 20:39:10', '2024-08-09 20:39:10'),
(97, 0, 0, 96, 'sdsl', 'Symmetric Digital Subscriber Loop [Gregory_Bathrick]', 0, NULL, '2024-08-09 20:39:10', '2024-08-09 20:39:10'),
(98, 0, 0, 97, 'vdsl', 'Very H-Speed Digital Subscrib. Loop [Gregory_Bathrick]', 0, NULL, '2024-08-09 20:39:10', '2024-08-09 20:39:10'),
(99, 0, 0, 98, 'iso88025CRFPInt', 'ISO 802.5 CRFP [Trevor_Warwick]', 0, NULL, '2024-08-09 20:39:10', '2024-08-09 20:39:10'),
(100, 0, 0, 99, 'myrinet', 'Myricom Myrinet [Bob_Felderman]', 0, NULL, '2024-08-09 20:39:10', '2024-08-09 20:39:10'),
(101, 0, 0, 100, 'voiceEM', 'Voice recEive and transMit (E&#38;M) [Bob_Stewart]', 0, NULL, '2024-08-09 20:39:10', '2024-08-09 20:39:10'),
(102, 0, 0, 101, 'voiceFXO', 'Voice Foreign Exchange Office [Bob_Stewart]', 0, NULL, '2024-08-09 20:39:10', '2024-08-09 20:39:10'),
(103, 0, 0, 102, 'voiceFXS', 'Voice Foreign Exchange Station [Bob_Stewart]', 0, NULL, '2024-08-09 20:39:10', '2024-08-09 20:39:10'),
(104, 0, 0, 103, 'voiceEncap', 'Voice encapsulation [Bob_Stewart]', 0, NULL, '2024-08-09 20:39:10', '2024-08-09 20:39:10'),
(105, 0, 0, 104, 'voiceOverIp', 'Voice over IP encapsulation [Bob_Stewart]', 0, NULL, '2024-08-09 20:39:10', '2024-08-09 20:39:10'),
(106, 0, 0, 105, 'atmDxi', 'ATM DXI [Gary_Hanson]', 0, NULL, '2024-08-09 20:39:10', '2024-08-09 20:39:10'),
(107, 0, 0, 106, 'atmFuni', 'ATM FUNI [Gary_Hanson]', 0, NULL, '2024-08-09 20:39:10', '2024-08-09 20:39:10'),
(108, 0, 0, 107, 'atmIma', 'ATM IMA [Chris_Martin]', 0, NULL, '2024-08-09 20:39:10', '2024-08-09 20:39:10'),
(109, 0, 0, 108, 'pppMultilinkBundle', 'PPP Multilink Bundle [John_Shriver]', 0, NULL, '2024-08-09 20:39:10', '2024-08-09 20:39:10'),
(110, 0, 0, 109, 'ipOverCdlc', 'IBM ipOverCdlc [Ken_White]', 0, NULL, '2024-08-09 20:39:10', '2024-08-09 20:39:10'),
(111, 0, 0, 110, 'ipOverClaw', 'IBM Common Link Access to Workstn [Ken_White]', 0, NULL, '2024-08-09 20:39:10', '2024-08-09 20:39:10'),
(112, 0, 0, 111, 'stackToStack', 'IBM stackToStack [Ken_White]', 0, NULL, '2024-08-09 20:39:10', '2024-08-09 20:39:10'),
(113, 0, 0, 112, 'virtualIpAddress', 'IBM VIPA [Ken_White]', 0, NULL, '2024-08-09 20:39:10', '2024-08-09 20:39:10'),
(114, 0, 0, 113, 'mpc', 'IBM multi-protocol channel support [Ken_White]', 0, NULL, '2024-08-09 20:39:10', '2024-08-09 20:39:10'),
(115, 0, 0, 114, 'ipOverAtm', 'IBM ipOverAtm [RFC2320]', 0, NULL, '2024-08-09 20:39:10', '2024-08-09 20:39:10'),
(116, 0, 0, 115, 'iso88025Fiber', 'ISO 802.5j Fiber Token Ring [Kevin_Lingle]', 0, NULL, '2024-08-09 20:39:10', '2024-08-09 20:39:10'),
(117, 0, 0, 116, 'tdlc', 'IBM twinaxial data link control [John_Pechacek]', 0, NULL, '2024-08-09 20:39:10', '2024-08-09 20:39:10'),
(118, 0, 0, 117, 'gigabitEthernet', 'DEPRECATED [RFC3635]', 1, 'NetworkPortEthernet', '2024-08-09 20:39:10', '2024-08-09 20:39:10'),
(119, 0, 0, 118, 'hdlc', 'HDLC [Sebastien_Rosset]', 0, NULL, '2024-08-09 20:39:10', '2024-08-09 20:39:10'),
(120, 0, 0, 119, 'lapf', 'LAP F [Sebastien_Rosset]', 0, NULL, '2024-08-09 20:39:10', '2024-08-09 20:39:10'),
(121, 0, 0, 120, 'v37', 'V.37 [Sebastien_Rosset]', 0, NULL, '2024-08-09 20:39:10', '2024-08-09 20:39:10'),
(122, 0, 0, 121, 'x25mlp', 'Multi-Link Protocol [Sebastien_Rosset]', 0, NULL, '2024-08-09 20:39:10', '2024-08-09 20:39:10'),
(123, 0, 0, 122, 'x25huntGroup', 'X25 Hunt Group [Sebastien_Rosset]', 0, NULL, '2024-08-09 20:39:10', '2024-08-09 20:39:10'),
(124, 0, 0, 123, 'transpHdlc', 'Transp HDLC [Sebastien_Rosset]', 0, NULL, '2024-08-09 20:39:10', '2024-08-09 20:39:10'),
(125, 0, 0, 124, 'interleave', 'Interleave channel [Karmous_Edwards]', 0, NULL, '2024-08-09 20:39:10', '2024-08-09 20:39:10'),
(126, 0, 0, 125, 'fast', 'Fast channel [Karmous_Edwards]', 0, NULL, '2024-08-09 20:39:10', '2024-08-09 20:39:10'),
(127, 0, 0, 126, 'ip', 'IP (for APPN HPR in IP networks) [Robert_Moore]', 0, NULL, '2024-08-09 20:39:10', '2024-08-09 20:39:10'),
(128, 0, 0, 127, 'docsCableMaclayer', 'CATV Mac Layer [Azlina_Palmer]', 0, NULL, '2024-08-09 20:39:10', '2024-08-09 20:39:10'),
(129, 0, 0, 128, 'docsCableDownstream', 'CATV Downstream interface [Azlina_Palmer]', 0, NULL, '2024-08-09 20:39:10', '2024-08-09 20:39:10'),
(130, 0, 0, 129, 'docsCableUpstream', 'CATV Upstream interface [Azlina_Palmer]', 0, NULL, '2024-08-09 20:39:10', '2024-08-09 20:39:10'),
(131, 0, 0, 130, 'a12MppSwitch', 'Avalon Parallel Processor [Ross_Harvey]', 0, NULL, '2024-08-09 20:39:10', '2024-08-09 20:39:10'),
(132, 0, 0, 131, 'tunnel', 'Encapsulation interface [Dave_Thaler]', 0, NULL, '2024-08-09 20:39:10', '2024-08-09 20:39:10'),
(133, 0, 0, 132, 'coffee', 'coffee pot [RFC2325]', 0, NULL, '2024-08-09 20:39:10', '2024-08-09 20:39:10'),
(134, 0, 0, 133, 'ces', 'Circiut Emulation Service [Ron_Carmona]', 0, NULL, '2024-08-09 20:39:10', '2024-08-09 20:39:10'),
(135, 0, 0, 134, 'atmSubInterface', '(x)  ATM Sub Interface [Keith_McCloghrie]', 0, NULL, '2024-08-09 20:39:10', '2024-08-09 20:39:10'),
(136, 0, 0, 135, 'l2vlan', 'Layer 2 Virtual LAN using 802.1Q [Mike_MacFaden]', 0, NULL, '2024-08-09 20:39:10', '2024-08-09 20:39:10'),
(137, 0, 0, 136, 'l3ipvlan', 'Layer 3 Virtual LAN - IP Protocol [Mike_MacFaden]', 0, NULL, '2024-08-09 20:39:10', '2024-08-09 20:39:10'),
(138, 0, 0, 137, 'l3ipxvlan', 'Layer 3 Virtual LAN - IPX Prot. [Mike_MacFaden]', 0, NULL, '2024-08-09 20:39:10', '2024-08-09 20:39:10'),
(139, 0, 0, 138, 'digitalPowerLine', 'IP over Power Lines [Hans_Scholtes]', 0, NULL, '2024-08-09 20:39:10', '2024-08-09 20:39:10'),
(140, 0, 0, 139, 'mediaMailOverIp', '(xxx)  Multimedia Mail over IP [Hongchi_Shih]', 0, NULL, '2024-08-09 20:39:10', '2024-08-09 20:39:10'),
(141, 0, 0, 140, 'dtm', 'Dynamic synchronous Transfer Mode [Jakob_Ellerstedt]', 0, NULL, '2024-08-09 20:39:10', '2024-08-09 20:39:10'),
(142, 0, 0, 141, 'dcn', 'Data Communications Network [James_Card]', 0, NULL, '2024-08-09 20:39:10', '2024-08-09 20:39:10'),
(143, 0, 0, 142, 'ipForward', 'IP Forwarding Interface [James_Card]', 0, NULL, '2024-08-09 20:39:10', '2024-08-09 20:39:10'),
(144, 0, 0, 143, 'msdsl', 'Multi-rate Symmetric DSL [Gopinath_Durairaj]', 0, NULL, '2024-08-09 20:39:10', '2024-08-09 20:39:10'),
(145, 0, 0, 144, 'ieee1394     IEEE1394', 'High Performance Serial Bus [Kenji_Fujisawa]', 0, NULL, '2024-08-09 20:39:10', '2024-08-09 20:39:10'),
(146, 0, 0, 145, 'if-gsn', 'HIPPI-6400 [Jean_Michel_Pittet]', 0, NULL, '2024-08-09 20:39:10', '2024-08-09 20:39:10'),
(147, 0, 0, 146, 'dvbRccMacLayer', 'DVB-RCC MAC Layer [Maarten_Oelering]', 0, NULL, '2024-08-09 20:39:10', '2024-08-09 20:39:10'),
(148, 0, 0, 147, 'dvbRccDownstream', 'DVB-RCC Downstream Channel [Maarten_Oelering]', 0, NULL, '2024-08-09 20:39:10', '2024-08-09 20:39:10'),
(149, 0, 0, 148, 'dvbRccUpstream', 'DVB-RCC Upstream Channel [Maarten_Oelering]', 0, NULL, '2024-08-09 20:39:10', '2024-08-09 20:39:10'),
(150, 0, 0, 149, 'atmVirtual', 'ATM Virtual Interface [Subrahmanya_Hegde]', 0, NULL, '2024-08-09 20:39:10', '2024-08-09 20:39:10'),
(151, 0, 0, 150, 'mplsTunnel', 'MPLS Tunnel Virtual Interface [Cheenu_Srinivasan]', 0, NULL, '2024-08-09 20:39:10', '2024-08-09 20:39:10'),
(152, 0, 0, 151, 'srp', 'Spatial Reuse Protocol [Bill_Shetti]', 0, NULL, '2024-08-09 20:39:10', '2024-08-09 20:39:10'),
(153, 0, 0, 152, 'voiceOverAtm', 'Voice over ATM [Chris_White]', 0, NULL, '2024-08-09 20:39:10', '2024-08-09 20:39:10'),
(154, 0, 0, 153, 'voiceOverFrameRelay', 'Voice Over Frame Relay [Chris_White]', 0, NULL, '2024-08-09 20:39:10', '2024-08-09 20:39:10'),
(155, 0, 0, 154, 'idsl', 'Digital Subscriber Loop over ISDN [Patrick_Gili]', 0, NULL, '2024-08-09 20:39:10', '2024-08-09 20:39:10'),
(156, 0, 0, 155, 'compositeLink', 'Avici Composite Link Interface [Joseph_Dube]', 0, NULL, '2024-08-09 20:39:10', '2024-08-09 20:39:10'),
(157, 0, 0, 156, 'ss7SigLink', 'SS7 Signaling Link [Cheenu_Srinivasan]', 0, NULL, '2024-08-09 20:39:10', '2024-08-09 20:39:10'),
(158, 0, 0, 157, 'propWirelessP2P', 'Prop. P2P wireless interface [Joseph_Raja]', 0, NULL, '2024-08-09 20:39:10', '2024-08-09 20:39:10'),
(159, 0, 0, 158, 'frForward', 'Frame forward Interface [Subrahmanya_Hegde]', 0, NULL, '2024-08-09 20:39:10', '2024-08-09 20:39:10'),
(160, 0, 0, 159, 'rfc1483', 'Multiprotocol over ATM AAL5 [RFC1483]', 0, NULL, '2024-08-09 20:39:10', '2024-08-09 20:39:10'),
(161, 0, 0, 160, 'USB', 'USB Interface [Bejamin_Dolnik]', 0, NULL, '2024-08-09 20:39:10', '2024-08-09 20:39:10'),
(162, 0, 0, 161, 'ieee8023adLag', 'IEEE 802.3ad Link Aggregate [Les_Bell]', 0, NULL, '2024-08-09 20:39:10', '2024-08-09 20:39:10'),
(163, 0, 0, 162, 'bgpPolicyAccounting', 'BGP Policy Accounting [Vinod_B_C]', 0, NULL, '2024-08-09 20:39:10', '2024-08-09 20:39:10'),
(164, 0, 0, 163, 'frf16MfrBundle', 'FRF.16 Multilik Frame Relay [Pate_Prayson]', 0, NULL, '2024-08-09 20:39:10', '2024-08-09 20:39:10'),
(165, 0, 0, 164, 'h323Gatekeeper', 'H323 Gatekeeper [Chris_White]', 0, NULL, '2024-08-09 20:39:10', '2024-08-09 20:39:10'),
(166, 0, 0, 165, 'h323Proxy', 'H323 Voice and Video Proxy [Chris_White]', 0, NULL, '2024-08-09 20:39:10', '2024-08-09 20:39:10'),
(167, 0, 0, 166, 'mpls', 'MPLS [Cheenu_Srinivasan]', 0, NULL, '2024-08-09 20:39:10', '2024-08-09 20:39:10'),
(168, 0, 0, 167, 'mfSigLink', 'Multi-frequency signaling link [Cheenu_Srinivasan]', 0, NULL, '2024-08-09 20:39:10', '2024-08-09 20:39:10'),
(169, 0, 0, 168, 'hdsl2', 'High Bit-Rate DSL, 2nd gen. [Bob_Ray]', 0, NULL, '2024-08-09 20:39:10', '2024-08-09 20:39:10'),
(170, 0, 0, 169, 'shdsl', 'Multirate HDSL2 [Bob_Ray]', 1, 'NetworkPortEthernet', '2024-08-09 20:39:10', '2024-08-09 20:39:10'),
(171, 0, 0, 170, 'ds1FDL', 'Facility Data Link (4Kbps) on a DS1 [Bill_Kwan]', 0, NULL, '2024-08-09 20:39:10', '2024-08-09 20:39:10'),
(172, 0, 0, 171, 'POS', 'Packet over SONET/SDH Interface [Ewart_Tempest]', 0, NULL, '2024-08-09 20:39:10', '2024-08-09 20:39:10'),
(173, 0, 0, 172, 'dvbAsiIn', 'DVB-ASI Input [Hezi_Oved]', 0, NULL, '2024-08-09 20:39:10', '2024-08-09 20:39:10'),
(174, 0, 0, 173, 'dvbAsiOut', 'DVB-ASI Output [Hezi_Oved]', 0, NULL, '2024-08-09 20:39:10', '2024-08-09 20:39:10'),
(175, 0, 0, 174, 'plc', 'Power Line Communications [Andrew_Lunn]', 0, NULL, '2024-08-09 20:39:10', '2024-08-09 20:39:10'),
(176, 0, 0, 175, 'NFAS', 'Non-Facility Associated Signaling [Sidney_Antommarchi]', 0, NULL, '2024-08-09 20:39:10', '2024-08-09 20:39:10'),
(177, 0, 0, 176, 'TR008', 'TROO8 [Sidney_Antommarchi]', 0, NULL, '2024-08-09 20:39:10', '2024-08-09 20:39:10'),
(178, 0, 0, 177, 'GR303RDT', 'Remote Digital Terminal [Sidney_Antommarchi]', 0, NULL, '2024-08-09 20:39:10', '2024-08-09 20:39:10'),
(179, 0, 0, 178, 'GR303IDT', 'Integrated Digital Terminal [Sidney_Antommarchi]', 0, NULL, '2024-08-09 20:39:10', '2024-08-09 20:39:10'),
(180, 0, 0, 179, 'ISUP', 'ISUP [Sidney_Antommarchi]', 0, NULL, '2024-08-09 20:39:10', '2024-08-09 20:39:10'),
(181, 0, 0, 180, 'propDocsWirelessMaclayer', 'Cisco proprietary Maclayer [Joseph_Raja]', 0, NULL, '2024-08-09 20:39:10', '2024-08-09 20:39:10'),
(182, 0, 0, 181, 'propDocsWirelessDownstream', 'Cisco proprietary Downstream [Joseph_Raja]', 0, NULL, '2024-08-09 20:39:10', '2024-08-09 20:39:10'),
(183, 0, 0, 182, 'propDocsWirelessUpstream', 'Cisco proprietary Upstream [Joseph_Raja]', 0, NULL, '2024-08-09 20:39:10', '2024-08-09 20:39:10'),
(184, 0, 0, 183, 'hiperlan2', 'HIPERLAN Type 2 Radio Interface [Jamshid_Khun_Jush]', 0, NULL, '2024-08-09 20:39:10', '2024-08-09 20:39:10'),
(185, 0, 0, 184, 'propBWAp2Mp', 'PropBroadbandWirelessAccesspt2Multipt\n(use of this type for IEEE 802.16\nWMAN, interfaces as per IEEE 802.16\nis deprecated and iftype 237 should\nbe used instead) [Zvika_Zilberman]', 0, NULL, '2024-08-09 20:39:10', '2024-08-09 20:39:10'),
(186, 0, 0, 185, 'sonetOverheadChannel', 'SONET Overhead Channel [ODSI_Coalition_K_Arv]', 0, NULL, '2024-08-09 20:39:10', '2024-08-09 20:39:10'),
(187, 0, 0, 186, 'digitalWrapperOverheadChannel', 'Digital Wrapper\nOverhead [ODSI_Coalition_K_Arv]', 0, NULL, '2024-08-09 20:39:10', '2024-08-09 20:39:10'),
(188, 0, 0, 187, 'aal2', 'ATM adaptation layer 2 [K_Ashoka]', 0, NULL, '2024-08-09 20:39:10', '2024-08-09 20:39:10'),
(189, 0, 0, 188, 'radioMAC', 'MAC layer over radio links [Daniele_Behar]', 0, NULL, '2024-08-09 20:39:10', '2024-08-09 20:39:10'),
(190, 0, 0, 189, 'atmRadio', 'ATM over radio links [Daniele_Behar]', 0, NULL, '2024-08-09 20:39:10', '2024-08-09 20:39:10'),
(191, 0, 0, 190, 'IMT', 'Inter-Machine Trunks [Sidney_Antommarchi]', 0, NULL, '2024-08-09 20:39:10', '2024-08-09 20:39:10'),
(192, 0, 0, 191, 'mvl', 'Multiple Virtual Lines DSL [Kevin_Baughman]', 0, NULL, '2024-08-09 20:39:10', '2024-08-09 20:39:10'),
(193, 0, 0, 192, 'reachDSL', 'Long Reach DSL [Kevin_Baughman]', 0, NULL, '2024-08-09 20:39:10', '2024-08-09 20:39:10'),
(194, 0, 0, 193, 'frDlciEndPt', 'Frame Relay DLCI End Point [Robert_Steinberger]', 0, NULL, '2024-08-09 20:39:10', '2024-08-09 20:39:10'),
(195, 0, 0, 194, 'atmVciEndPt', 'ATM VCI End Point [Robert_Steinberger]', 0, NULL, '2024-08-09 20:39:10', '2024-08-09 20:39:10'),
(196, 0, 0, 195, 'opticalChannel', 'Optical Channel [Mark_Stewart]', 0, NULL, '2024-08-09 20:39:10', '2024-08-09 20:39:10'),
(197, 0, 0, 196, 'opticalTransport', 'Optical Transport [Mark_Stewart]', 0, NULL, '2024-08-09 20:39:10', '2024-08-09 20:39:10'),
(198, 0, 0, 197, 'propAtm', 'Proprietary ATM [Subrahmanya_Hegde]', 0, NULL, '2024-08-09 20:39:10', '2024-08-09 20:39:10'),
(199, 0, 0, 198, 'voiceOverCable', 'Voice Over Cable Interface [Eugene_Nechamkin]', 0, NULL, '2024-08-09 20:39:10', '2024-08-09 20:39:10'),
(200, 0, 0, 199, 'infiniband', 'Infiniband [Bill_Strahm]', 0, NULL, '2024-08-09 20:39:10', '2024-08-09 20:39:10'),
(201, 0, 0, 200, 'teLink', 'TE Link [Martin_Dubuc]', 0, NULL, '2024-08-09 20:39:10', '2024-08-09 20:39:10'),
(202, 0, 0, 201, 'q2931', 'Q.2931 [Sidney_Antommarchi_2]', 0, NULL, '2024-08-09 20:39:10', '2024-08-09 20:39:10'),
(203, 0, 0, 202, 'virtualTg', 'Virtual Trunk Group [Sidney_Antommarchi_2]', 0, NULL, '2024-08-09 20:39:10', '2024-08-09 20:39:10'),
(204, 0, 0, 203, 'sipTg', 'SIP Trunk Group [Sidney_Antommarchi_2]', 0, NULL, '2024-08-09 20:39:10', '2024-08-09 20:39:10'),
(205, 0, 0, 204, 'sipSig', 'SIP Signaling [Sidney_Antommarchi_2]', 0, NULL, '2024-08-09 20:39:10', '2024-08-09 20:39:10'),
(206, 0, 0, 205, 'docsCableUpstreamChannel', 'CATV Upstream Channel [Greg_Nakanishi]', 0, NULL, '2024-08-09 20:39:10', '2024-08-09 20:39:10'),
(207, 0, 0, 206, 'econet', 'Acorn Econet [Ben_Harris]', 0, NULL, '2024-08-09 20:39:10', '2024-08-09 20:39:10'),
(208, 0, 0, 207, 'pon155', 'FSAN 155Mb Symetrical PON interface [Graham_Higgins]', 0, NULL, '2024-08-09 20:39:10', '2024-08-09 20:39:10'),
(209, 0, 0, 208, 'pon622', 'FSAN 622Mb Symetrical PON interface [Graham_Higgins]', 0, NULL, '2024-08-09 20:39:10', '2024-08-09 20:39:10'),
(210, 0, 0, 209, 'bridge', 'Transparent bridge interface [Yuzo_Watanabe]', 0, NULL, '2024-08-09 20:39:10', '2024-08-09 20:39:10'),
(211, 0, 0, 210, 'linegroup', 'Interface common to multiple lines [Yuzo_Watanabe]', 0, NULL, '2024-08-09 20:39:10', '2024-08-09 20:39:10'),
(212, 0, 0, 211, 'voiceEMFGD', 'voice E&#38;M Feature Group D [Taher_Shaikh]', 0, NULL, '2024-08-09 20:39:10', '2024-08-09 20:39:10'),
(213, 0, 0, 212, 'voiceFGDEANA', 'voice FGD Exchange Access North American [Taher_Shaikh]', 0, NULL, '2024-08-09 20:39:10', '2024-08-09 20:39:10'),
(214, 0, 0, 213, 'voiceDID', 'voice Direct Inward Dialing [Taher_Shaikh]', 0, NULL, '2024-08-09 20:39:10', '2024-08-09 20:39:10'),
(215, 0, 0, 214, 'mpegTransport', 'MPEG transport interface [Gaurav_Aggarwal]', 0, NULL, '2024-08-09 20:39:10', '2024-08-09 20:39:10'),
(216, 0, 0, 215, 'sixToFour', '6to4 interface  (DEPRECATED) [RFC4087]', 0, NULL, '2024-08-09 20:39:10', '2024-08-09 20:39:10'),
(217, 0, 0, 216, 'gtp', 'GTP (GPRS Tunneling Protocol) [Rajesh_M_L]', 0, NULL, '2024-08-09 20:39:10', '2024-08-09 20:39:10'),
(218, 0, 0, 217, 'pdnEtherLoop1', 'Paradyne EtherLoop 1 [Shu_Dong]', 0, NULL, '2024-08-09 20:39:10', '2024-08-09 20:39:10'),
(219, 0, 0, 218, 'pdnEtherLoop2', 'Paradyne EtherLoop 2 [Shu_Dong]', 0, NULL, '2024-08-09 20:39:10', '2024-08-09 20:39:10'),
(220, 0, 0, 219, 'opticalChannelGroup', 'Optical Channel Group [Hing_Kam_Lam]', 0, NULL, '2024-08-09 20:39:10', '2024-08-09 20:39:10'),
(221, 0, 0, 220, 'homepna', 'HomePNA ITU-T G.989 [Stephen_Palm]', 0, NULL, '2024-08-09 20:39:10', '2024-08-09 20:39:10'),
(222, 0, 0, 221, 'gfp', 'Generic Framing Procedure (GFP) [Italo_Busi]', 0, NULL, '2024-08-09 20:39:10', '2024-08-09 20:39:10'),
(223, 0, 0, 222, 'ciscoISLvlan', 'Layer 2 Virtual LAN using Cisco ISL [Sandeep_Raghavendra]', 0, NULL, '2024-08-09 20:39:10', '2024-08-09 20:39:10'),
(224, 0, 0, 223, 'actelisMetaLOOP', 'Acteleis proprietary MetaLOOP\nHigh Speed Link [Edward_Beili]', 0, NULL, '2024-08-09 20:39:10', '2024-08-09 20:39:10'),
(225, 0, 0, 224, 'fcipLink', 'FCIP Link [Anil_Rijhsinghani]', 0, NULL, '2024-08-09 20:39:10', '2024-08-09 20:39:10'),
(226, 0, 0, 225, 'rpr', 'Resilient Packet Ring Interface Type [IEEE 802.17]', 0, NULL, '2024-08-09 20:39:10', '2024-08-09 20:39:10'),
(227, 0, 0, 226, 'qam', 'RF Qam Interface [Jeyachitra_Alagar]', 0, NULL, '2024-08-09 20:39:10', '2024-08-09 20:39:10'),
(228, 0, 0, 227, 'lmp', 'Link Management Protocol [RFC4327]', 0, NULL, '2024-08-09 20:39:10', '2024-08-09 20:39:10'),
(229, 0, 0, 228, 'cblVectaStar', 'Cambridge Broadband Networks Limited\nVectaStar [John_Naylon]', 0, NULL, '2024-08-09 20:39:10', '2024-08-09 20:39:10'),
(230, 0, 0, 229, 'docsCableMCmtsDownstream', 'CATV Modular CMTS Downstream\nInterface [Eduardo_Cardona][\"Data-Over-Cable Service Interface Specifications:\nM-CMTS Operations Support System Interface Specification,\nCM-SP-M-OSSI-I01-050805\", DOCSIS, August 2005.][http://www.cablemodem.com/specifications][https://www.cablelabs.com/specifications/archives/docsis.html]', 0, NULL, '2024-08-09 20:39:10', '2024-08-09 20:39:10'),
(231, 0, 0, 230, 'adsl2', 'Asymmetric Digital Subscriber Loop\nVersion 2 (DEPRECATED - REPLACED\nBY 238) [RFC4706]', 0, NULL, '2024-08-09 20:39:10', '2024-08-09 20:39:10'),
(232, 0, 0, 231, 'macSecControlledIF', 'MACSecControlled [Paul_Congdon]', 0, NULL, '2024-08-09 20:39:10', '2024-08-09 20:39:10'),
(233, 0, 0, 232, 'macSecUncontrolledIF', 'MACSecUncontrolled [Paul_Congdon]', 0, NULL, '2024-08-09 20:39:10', '2024-08-09 20:39:10'),
(234, 0, 0, 233, 'aviciOpticalEther', 'Avici Optical Ethernet Aggregate [Somen_Bhattacharya]', 0, NULL, '2024-08-09 20:39:10', '2024-08-09 20:39:10'),
(235, 0, 0, 234, 'atmbond', 'atmbond [https://www.itu.int/rec/T-REC-G.998.1-200501-I/en]', 0, NULL, '2024-08-09 20:39:10', '2024-08-09 20:39:10'),
(236, 0, 0, 235, 'voiceFGDOS', 'voice FGD Operator Services [Lizzie_Cheung]', 0, NULL, '2024-08-09 20:39:10', '2024-08-09 20:39:10'),
(237, 0, 0, 236, 'mocaVersion1', 'MultiMedia over Coax Alliance [Ladd_Wardani]', 0, NULL, '2024-08-09 20:39:10', '2024-08-09 20:39:10'),
(238, 0, 0, 237, 'ieee80216WMAN', 'IEEE 802.16 WMAN interface [http://standards.ieee.org/getieee802/802.16.html]', 0, NULL, '2024-08-09 20:39:10', '2024-08-09 20:39:10'),
(239, 0, 0, 238, 'adsl2plus', 'Asymmetric Digital Subscriber Loop\nVersion 2 -- Version 2 Plus and all\nvariants [RFC4706]', 0, NULL, '2024-08-09 20:39:10', '2024-08-09 20:39:10'),
(240, 0, 0, 239, 'dvbRcsMacLayer', 'DVB-RCS MAC Layer [RFC5728][ETSI EN 301 790][https://web.archive.org/web/20181229131835/http://satlabs.org/pdf/SatLabs_System_Recommendations_v2.0_M&#38;C.pdf]', 0, NULL, '2024-08-09 20:39:10', '2024-08-09 20:39:10'),
(241, 0, 0, 240, 'dvbTdm', 'DVB Satellite TDM [RFC5728][ETSI EN 300 421][ETSI EN 302 307][https://web.archive.org/web/20181229131835/http://satlabs.org/pdf/SatLabs_System_Recommendations_v2.0_M&#38;C.pdf]', 0, NULL, '2024-08-09 20:39:10', '2024-08-09 20:39:10'),
(242, 0, 0, 241, 'dvbRcsTdma', 'DVB-RCS TDMA [RFC5728][ETSI EN 301 790][ETSI EN 300 421][https://web.archive.org/web/20181229131835/http://satlabs.org/pdf/SatLabs_System_Recommendations_v2.0_M&#38;C.pdf]', 0, NULL, '2024-08-09 20:39:10', '2024-08-09 20:39:10'),
(243, 0, 0, 242, 'x86Laps', 'LAPS based on ITU-T X.86/Y.1323 [Orly_Nicklass][http://grouper.ieee.org/groups/802/3/ad_hoc/etholaps/public/docs/opening_report_0301.pdf]', 0, NULL, '2024-08-09 20:39:10', '2024-08-09 20:39:10'),
(244, 0, 0, 243, 'wwanPP', '3GPP WWAN [Gabriel_Montenegro][https://www.3gpp.org/ftp/specs/archive/23_series/23.060/23060-740.zip]', 0, NULL, '2024-08-09 20:39:10', '2024-08-09 20:39:10'),
(245, 0, 0, 244, 'wwanPP2', '3GPP2 WWAN [Gabriel_Montenegro][http://www.3gpp2.org/Public_html/Specs/C.S0017-005-A_v1.0_040617.pdf]', 0, NULL, '2024-08-09 20:39:10', '2024-08-09 20:39:10'),
(246, 0, 0, 245, 'voiceEBS', 'voice P-phone EBS physical interface [Tom_Chou]', 0, NULL, '2024-08-09 20:39:10', '2024-08-09 20:39:10'),
(247, 0, 0, 246, 'ifPwType', 'Pseudowire interface type [RFC5601]', 0, NULL, '2024-08-09 20:39:10', '2024-08-09 20:39:10'),
(248, 0, 0, 247, 'ILAN', 'Internal LAN on a bridge per IEEE\n802.1ap [Glenn_Parsons][http://www.ieee802.org/1/files/private/ap-drafts/d3/802-1ap-D3-4.pdf]', 0, NULL, '2024-08-09 20:39:10', '2024-08-09 20:39:10'),
(249, 0, 0, 248, 'PIP', 'Provider Instance Port on a bridge\nper IEEE 802.1ah PBB [Glenn_Parsons][http://www.ieee802.org/1/files/private/ah-drafts/d4/802-1ah-d4-2.pdf]', 0, NULL, '2024-08-09 20:39:10', '2024-08-09 20:39:10'),
(250, 0, 0, 249, 'aluELP', 'Alcatel-Lucent Ethernet Link Protection [Xiaohua_Ma]', 0, NULL, '2024-08-09 20:39:10', '2024-08-09 20:39:10'),
(251, 0, 0, 250, 'gpon', 'Gigabit-capable passive optical networks\n(G-PON)  as per ITU-T G.948 [Hyeri_Koh]', 0, NULL, '2024-08-09 20:39:10', '2024-08-09 20:39:10'),
(252, 0, 0, 251, 'vdsl2', 'Very high speed digital subscriber\nline Version 2 (as per ITU-T Recommendation\nG.993.2) [Markus_Freudenberger][RFC5650]', 0, NULL, '2024-08-09 20:39:10', '2024-08-09 20:39:10'),
(253, 0, 0, 252, 'capwapDot11Profile', 'WLAN Profile Interface [RFC5834]', 0, NULL, '2024-08-09 20:39:10', '2024-08-09 20:39:10'),
(254, 0, 0, 253, 'capwapDot11Bss', 'WLAN BSS Interface [RFC5834]', 0, NULL, '2024-08-09 20:39:10', '2024-08-09 20:39:10'),
(255, 0, 0, 254, 'capwapWtpVirtualRadio', 'WTP Virtual Radio Interface [RFC5833]', 0, NULL, '2024-08-09 20:39:10', '2024-08-09 20:39:10'),
(256, 0, 0, 255, 'bits', 'bitsport [Du_Feng]', 0, NULL, '2024-08-09 20:39:10', '2024-08-09 20:39:10'),
(257, 0, 0, 256, 'docsCableUpstreamRfPort', 'DOCSIS CATV Upstream RF\nPort [Michael_Patrick][https://www.cablelabs.com/specifications/CM-SP-EQAM-PMI-I01-081209.pdf]', 0, NULL, '2024-08-09 20:39:10', '2024-08-09 20:39:10'),
(258, 0, 0, 257, 'cableDownstreamRfPort', 'CATV downstream RF port [Michael_Patrick]', 0, NULL, '2024-08-09 20:39:10', '2024-08-09 20:39:10'),
(259, 0, 0, 258, 'vmwareVirtualNic', 'VMware Virtual Network Interface [Mike_MacFaden]', 0, NULL, '2024-08-09 20:39:10', '2024-08-09 20:39:10'),
(260, 0, 0, 259, 'ieee802154', 'IEEE 802.15.4 WPAN interface [Juergen_Schoenwaelde][\"IEEE Std. 802.15.4-2006\", October 2006.]', 0, NULL, '2024-08-09 20:39:10', '2024-08-09 20:39:10'),
(261, 0, 0, 260, 'otnOdu', 'OTN Optical Data Unit [Jim_Vance][https://www.itu.int/ITU-T/studygroups/com15/otn/OTNtutorial.pdf]', 0, NULL, '2024-08-09 20:39:10', '2024-08-09 20:39:10'),
(262, 0, 0, 261, 'otnOtu', 'OTN Optical channel Transport Unit [Jim_Vance][https://www.itu.int/ITU-T/studygroups/com15/otn/OTNtutorial.pdf]', 0, NULL, '2024-08-09 20:39:10', '2024-08-09 20:39:10'),
(263, 0, 0, 262, 'ifVfiType', 'VPLS Forwarding Instance Interface\nType [Manas_Pati]', 0, NULL, '2024-08-09 20:39:10', '2024-08-09 20:39:10'),
(264, 0, 0, 263, 'g9981', 'G.998.1 bonded interface [RFC6768][RFC Errata 3591]', 0, NULL, '2024-08-09 20:39:10', '2024-08-09 20:39:10'),
(265, 0, 0, 264, 'g9982', 'G.998.2 bonded interface [RFC6767][RFC Errata 3589]', 0, NULL, '2024-08-09 20:39:10', '2024-08-09 20:39:10'),
(266, 0, 0, 265, 'g9983', 'G.998.3 bonded interface [RFC6766][RFC Errata 3588]', 0, NULL, '2024-08-09 20:39:10', '2024-08-09 20:39:10'),
(267, 0, 0, 266, 'aluEpon (E-PON)', 'Ethernet Passive Optical Networks [Karel_Meijfroidt]', 0, NULL, '2024-08-09 20:39:10', '2024-08-09 20:39:10'),
(268, 0, 0, 267, 'aluEponOnu', 'EPON Optical Network Unit [Karel_Meijfroidt]', 0, NULL, '2024-08-09 20:39:10', '2024-08-09 20:39:10'),
(269, 0, 0, 268, 'aluEponPhysicalUni', 'EPON physical User to Network\ninterface [Karel_Meijfroidt]', 0, NULL, '2024-08-09 20:39:10', '2024-08-09 20:39:10'),
(270, 0, 0, 269, 'aluEponLogicalLink', 'The emulation of a point-to-point\nlink over the EPON layer [Karel_Meijfroidt]', 0, NULL, '2024-08-09 20:39:10', '2024-08-09 20:39:10'),
(271, 0, 0, 270, 'aluGponOnu', 'GPON Optical Network Unit [Karel_Meijfroidt][https://www.itu.int/rec/T-REC-G.984.2/en]', 0, NULL, '2024-08-09 20:39:10', '2024-08-09 20:39:10'),
(272, 0, 0, 271, 'aluGponPhysicalUni', 'GPON physical User to Network\ninterface [Karel_Meijfroidt][https://www.itu.int/rec/T-REC-G.984.2/en]', 0, NULL, '2024-08-09 20:39:10', '2024-08-09 20:39:10'),
(273, 0, 0, 272, 'vmwareNicTeam', 'VMware NIC Team [Michael_MacFaden][https://www.vmware.com/pdf/esx2_NIC_Teaming.pdf]', 0, NULL, '2024-08-09 20:39:10', '2024-08-09 20:39:10'),
(274, 0, 0, 273, 'Reserved', 'The corresponding transmission value\nis allocated according to the following\nreference. [RFC6825]', 0, NULL, '2024-08-09 20:39:10', '2024-08-09 20:39:10'),
(275, 0, 0, 274, 'Reserved', 'The corresponding transmission value\nis allocated according to the following reference. [RFC7257]', 0, NULL, '2024-08-09 20:39:10', '2024-08-09 20:39:10'),
(276, 0, 0, 275, 'Reserved', 'The corresponding transmission value\nis allocated according to the following reference. [RFC7257]', 0, NULL, '2024-08-09 20:39:10', '2024-08-09 20:39:10'),
(277, 0, 0, 276, 'Reserved', 'The corresponding transmission value\nis allocated according to the following reference. [RFC7257]', 0, NULL, '2024-08-09 20:39:10', '2024-08-09 20:39:10'),
(278, 0, 0, 277, 'docsOfdmDownstream', 'CATV Downstream OFDM interface [https://www.cablelabs.com/specification/cable-modem-operations-support-system-interface-specification][Miguel_O_Alvarez]', 0, NULL, '2024-08-09 20:39:10', '2024-08-09 20:39:10'),
(279, 0, 0, 278, 'docsOfdmaUpstream', 'CATV Upstream OFDMA interface [https://www.cablelabs.com/specification/cable-modem-operations-support-system-interface-specification][Miguel_O_Alvarez]', 0, NULL, '2024-08-09 20:39:10', '2024-08-09 20:39:10'),
(280, 0, 0, 279, 'gfast', 'G.fast port [ITU-T G.9701]', 0, NULL, '2024-08-09 20:39:10', '2024-08-09 20:39:10'),
(281, 0, 0, 280, 'sdci', 'SDCI (IO-Link) [IEC 61131-9 Edition 1.0 2013-09][Markus_Rentschler]', 0, NULL, '2024-08-09 20:39:10', '2024-08-09 20:39:10'),
(282, 0, 0, 281, 'xboxWireless', 'Xbox wireless [Brandon_Jiang]', 0, NULL, '2024-08-09 20:39:10', '2024-08-09 20:39:10'),
(283, 0, 0, 282, 'fastdsl', 'FastDSL [BBF TR-355][Broadband_Forum]', 0, NULL, '2024-08-09 20:39:10', '2024-08-09 20:39:10'),
(284, 0, 0, 283, 'docsCableScte55d1FwdOob', 'Cable SCTE 55-1 OOB Forward Channel [https://www.scte.org/documents/pdf/Standards/ANSI_SCTE-55-1-2009.pdf][Brian_Hedstrom]', 0, NULL, '2024-08-09 20:39:10', '2024-08-09 20:39:10'),
(285, 0, 0, 284, 'docsCableScte55d1RetOob', 'Cable SCTE 55-1 OOB Return Channel [https://www.scte.org/documents/pdf/Standards/ANSI_SCTE-55-1-2009.pdf][Brian_Hedstrom]', 0, NULL, '2024-08-09 20:39:10', '2024-08-09 20:39:10'),
(286, 0, 0, 285, 'docsCableScte55d2DsOob', 'Cable SCTE 55-2 OOB Downstream Channel [https://web.archive.org/web/20190822104256/http://www.scte.org/documents/pdf/Standards/ANSI_SCTE%2055-2%202008.pdf][Brian_Hedstrom]', 0, NULL, '2024-08-09 20:39:10', '2024-08-09 20:39:10'),
(287, 0, 0, 286, 'docsCableScte55d2UsOob', 'Cable SCTE 55-2 OOB Upstream Channel [https://web.archive.org/web/20190822104256/http://www.scte.org/documents/pdf/Standards/ANSI_SCTE%2055-2%202008.pdf][Brian_Hedstrom]', 0, NULL, '2024-08-09 20:39:10', '2024-08-09 20:39:10'),
(288, 0, 0, 287, 'docsCableNdf', 'Cable Narrowband Digital Forward [http://www.cablelabs.com/wp-content/uploads/specdocs/CM-SP-R-OOB-I04-160923.pdf][Brian_Hedstrom]', 0, NULL, '2024-08-09 20:39:10', '2024-08-09 20:39:10'),
(289, 0, 0, 288, 'docsCableNdr', 'Cable Narrowband Digital Return [http://www.cablelabs.com/wp-content/uploads/specdocs/CM-SP-R-OOB-I04-160923.pdf][Brian_Hedstrom]', 0, NULL, '2024-08-09 20:39:10', '2024-08-09 20:39:10'),
(290, 0, 0, 289, 'ptm', 'Packet Transfer Mode [ITU-T G.993.1, Annex H][ITU-T G.993.2][ITU-T G.9701][Broadband_Forum]', 0, NULL, '2024-08-09 20:39:10', '2024-08-09 20:39:10'),
(291, 0, 0, 290, 'ghn', 'G.hn port [ITU-T G.9961][Broadband_Forum]', 0, NULL, '2024-08-09 20:39:10', '2024-08-09 20:39:10'),
(292, 0, 0, 291, 'otnOtsi', 'Optical Tributary Signal [ITU-T G.959.1][Koteswara_Boyapati]', 0, NULL, '2024-08-09 20:39:10', '2024-08-09 20:39:10'),
(293, 0, 0, 292, 'otnOtuc', 'OTN OTUCn [ITU-T G.709/Y.1331][Koteswara_Boyapati]', 0, NULL, '2024-08-09 20:39:10', '2024-08-09 20:39:10'),
(294, 0, 0, 293, 'otnOduc', 'OTN ODUC [ITU-T G.709][Koteswara_Boyapati]', 0, NULL, '2024-08-09 20:39:10', '2024-08-09 20:39:10'),
(295, 0, 0, 294, 'otnOtsig', 'OTN OTUC Signal [ITU-T G.709][Koteswara_Boyapati]', 0, NULL, '2024-08-09 20:39:10', '2024-08-09 20:39:10'),
(296, 0, 0, 295, 'microwaveCarrierTermination', 'air interface of a single microwave carrier [RFC8561]', 0, NULL, '2024-08-09 20:39:10', '2024-08-09 20:39:10'),
(297, 0, 0, 296, 'microwaveRadioLinkTerminal', 'radio link interface for one or several aggregated microwave carriers [RFC8561]', 0, NULL, '2024-08-09 20:39:10', '2024-08-09 20:39:10'),
(298, 0, 0, 297, 'ieee8021axDrni', 'IEEE 802.1AX Distributed Resilient Network Interface [IEEE 802.1AX-Rev-d2-0][John_Messenger]', 0, NULL, '2024-08-09 20:39:10', '2024-08-09 20:39:10'),
(299, 0, 0, 298, 'ax25', 'AX.25 network interfaces [AX.25 Link Access Protocol for Amateur Packet Radio version 2.2][Iain_Learmonth]', 0, NULL, '2024-08-09 20:39:10', '2024-08-09 20:39:10'),
(300, 0, 0, 299, 'ieee19061nanocom', 'Nanoscale and Molecular Communication [IEEE 1906.1-2015][Stephen_F_Bush]', 0, NULL, '2024-08-09 20:39:10', '2024-08-09 20:39:10'),
(301, 0, 0, 300, 'cpri', 'Common Public Radio Interface [CPRI v7.0][Renwang_Liu]', 0, NULL, '2024-08-09 20:39:10', '2024-08-09 20:39:10');

-- --------------------------------------------------------

--
-- Estructura de tabla para la tabla `glpi_networkportwifis`
--

CREATE TABLE `glpi_networkportwifis` (
  `id` int(10) UNSIGNED NOT NULL,
  `networkports_id` int(10) UNSIGNED NOT NULL DEFAULT '0',
  `items_devicenetworkcards_id` int(10) UNSIGNED NOT NULL DEFAULT '0',
  `wifinetworks_id` int(10) UNSIGNED NOT NULL DEFAULT '0',
  `networkportwifis_id` int(10) UNSIGNED NOT NULL DEFAULT '0' COMMENT 'only useful in case of Managed node',
  `version` varchar(20) COLLATE utf8mb4_unicode_ci DEFAULT NULL COMMENT 'a, a/b, a/b/g, a/b/g/n, a/b/g/n/y',
  `mode` varchar(20) COLLATE utf8mb4_unicode_ci DEFAULT NULL COMMENT 'ad-hoc, managed, master, repeater, secondary, monitor, auto',
  `date_mod` timestamp NULL DEFAULT NULL,
  `date_creation` timestamp NULL DEFAULT NULL
) ENGINE=InnoDB DEFAULT CHARSET=utf8mb4 COLLATE=utf8mb4_unicode_ci ROW_FORMAT=DYNAMIC;

-- --------------------------------------------------------

--
-- Estructura de tabla para la tabla `glpi_networks`
--

CREATE TABLE `glpi_networks` (
  `id` int(10) UNSIGNED NOT NULL,
  `name` varchar(255) COLLATE utf8mb4_unicode_ci DEFAULT NULL,
  `comment` text COLLATE utf8mb4_unicode_ci,
  `date_mod` timestamp NULL DEFAULT NULL,
  `date_creation` timestamp NULL DEFAULT NULL
) ENGINE=InnoDB DEFAULT CHARSET=utf8mb4 COLLATE=utf8mb4_unicode_ci ROW_FORMAT=DYNAMIC;

-- --------------------------------------------------------

--
-- Estructura de tabla para la tabla `glpi_notepads`
--

CREATE TABLE `glpi_notepads` (
  `id` int(10) UNSIGNED NOT NULL,
  `itemtype` varchar(100) COLLATE utf8mb4_unicode_ci DEFAULT NULL,
  `items_id` int(10) UNSIGNED NOT NULL DEFAULT '0',
  `date_creation` timestamp NULL DEFAULT NULL,
  `date_mod` timestamp NULL DEFAULT NULL,
  `users_id` int(10) UNSIGNED NOT NULL DEFAULT '0',
  `users_id_lastupdater` int(10) UNSIGNED NOT NULL DEFAULT '0',
  `content` longtext COLLATE utf8mb4_unicode_ci
) ENGINE=InnoDB DEFAULT CHARSET=utf8mb4 COLLATE=utf8mb4_unicode_ci ROW_FORMAT=DYNAMIC;

-- --------------------------------------------------------

--
-- Estructura de tabla para la tabla `glpi_notifications`
--

CREATE TABLE `glpi_notifications` (
  `id` int(10) UNSIGNED NOT NULL,
  `name` varchar(255) COLLATE utf8mb4_unicode_ci DEFAULT NULL,
  `entities_id` int(10) UNSIGNED NOT NULL DEFAULT '0',
  `itemtype` varchar(100) COLLATE utf8mb4_unicode_ci NOT NULL,
  `event` varchar(255) COLLATE utf8mb4_unicode_ci NOT NULL,
  `comment` text COLLATE utf8mb4_unicode_ci,
  `is_recursive` tinyint(4) NOT NULL DEFAULT '0',
  `is_active` tinyint(4) NOT NULL DEFAULT '0',
  `date_mod` timestamp NULL DEFAULT NULL,
  `date_creation` timestamp NULL DEFAULT NULL,
  `allow_response` tinyint(4) NOT NULL DEFAULT '1'
) ENGINE=InnoDB DEFAULT CHARSET=utf8mb4 COLLATE=utf8mb4_unicode_ci ROW_FORMAT=DYNAMIC;

--
-- Volcado de datos para la tabla `glpi_notifications`
--

INSERT INTO `glpi_notifications` (`id`, `name`, `entities_id`, `itemtype`, `event`, `comment`, `is_recursive`, `is_active`, `date_mod`, `date_creation`, `allow_response`) VALUES
(1, 'Alert Tickets not closed', 0, 'Ticket', 'alertnotclosed', NULL, 1, 1, NULL, NULL, 1),
(2, 'New Ticket', 0, 'Ticket', 'new', NULL, 1, 1, NULL, NULL, 1),
(3, 'Update Ticket', 0, 'Ticket', 'update', NULL, 1, 0, NULL, NULL, 1),
(4, 'Close Ticket', 0, 'Ticket', 'closed', NULL, 1, 1, NULL, NULL, 1),
(5, 'Add Followup', 0, 'Ticket', 'add_followup', NULL, 1, 1, NULL, NULL, 1),
(6, 'Add Task', 0, 'Ticket', 'add_task', NULL, 1, 1, NULL, NULL, 1),
(7, 'Update Followup', 0, 'Ticket', 'update_followup', NULL, 1, 1, NULL, NULL, 1),
(8, 'Update Task', 0, 'Ticket', 'update_task', NULL, 1, 1, NULL, NULL, 1),
(9, 'Delete Followup', 0, 'Ticket', 'delete_followup', NULL, 1, 1, NULL, NULL, 1),
(10, 'Delete Task', 0, 'Ticket', 'delete_task', NULL, 1, 1, NULL, NULL, 1),
(11, 'Resolve ticket', 0, 'Ticket', 'solved', NULL, 1, 1, NULL, NULL, 1),
(12, 'Ticket Validation', 0, 'Ticket', 'validation', NULL, 1, 1, NULL, NULL, 1),
(13, 'New Reservation', 0, 'Reservation', 'new', NULL, 1, 1, NULL, NULL, 1),
(14, 'Update Reservation', 0, 'Reservation', 'update', NULL, 1, 1, NULL, NULL, 1),
(15, 'Delete Reservation', 0, 'Reservation', 'delete', NULL, 1, 1, NULL, NULL, 1),
(16, 'Alert Reservation', 0, 'Reservation', 'alert', NULL, 1, 1, NULL, NULL, 1),
(17, 'Contract Notice', 0, 'Contract', 'notice', NULL, 1, 1, NULL, NULL, 1),
(18, 'Contract End', 0, 'Contract', 'end', NULL, 1, 1, NULL, NULL, 1),
(19, 'MySQL Synchronization', 0, 'DBConnection', 'desynchronization', NULL, 1, 1, NULL, NULL, 1),
(20, 'Cartridges', 0, 'CartridgeItem', 'alert', NULL, 1, 1, NULL, NULL, 1),
(21, 'Consumables', 0, 'ConsumableItem', 'alert', NULL, 1, 1, NULL, NULL, 1),
(22, 'Infocoms', 0, 'Infocom', 'alert', NULL, 1, 1, NULL, NULL, 1),
(23, 'Software Licenses', 0, 'SoftwareLicense', 'alert', NULL, 1, 1, NULL, NULL, 1),
(24, 'Ticket Recall', 0, 'Ticket', 'recall', NULL, 1, 1, NULL, NULL, 1),
(25, 'Password Forget', 0, 'User', 'passwordforget', NULL, 1, 1, NULL, NULL, 1),
(26, 'Ticket Satisfaction', 0, 'Ticket', 'satisfaction', NULL, 1, 1, NULL, NULL, 1),
(27, 'Item not unique', 0, 'FieldUnicity', 'refuse', NULL, 1, 1, NULL, NULL, 1),
(28, 'CronTask Watcher', 0, 'CronTask', 'alert', NULL, 1, 1, NULL, NULL, 1),
(29, 'New Problem', 0, 'Problem', 'new', NULL, 1, 1, NULL, NULL, 1),
(30, 'Update Problem', 0, 'Problem', 'update', NULL, 1, 1, NULL, NULL, 1),
(31, 'Resolve Problem', 0, 'Problem', 'solved', NULL, 1, 1, NULL, NULL, 1),
(32, 'Add Task', 0, 'Problem', 'add_task', NULL, 1, 1, NULL, NULL, 1),
(33, 'Update Task', 0, 'Problem', 'update_task', NULL, 1, 1, NULL, NULL, 1),
(34, 'Delete Task', 0, 'Problem', 'delete_task', NULL, 1, 1, NULL, NULL, 1),
(35, 'Close Problem', 0, 'Problem', 'closed', NULL, 1, 1, NULL, NULL, 1),
(36, 'Delete Problem', 0, 'Problem', 'delete', NULL, 1, 1, NULL, NULL, 1),
(37, 'Ticket Validation Answer', 0, 'Ticket', 'validation_answer', NULL, 1, 1, NULL, NULL, 1),
(38, 'Contract End Periodicity', 0, 'Contract', 'periodicity', NULL, 1, 1, NULL, NULL, 1),
(39, 'Contract Notice Periodicity', 0, 'Contract', 'periodicitynotice', NULL, 1, 1, NULL, NULL, 1),
(40, 'Planning recall', 0, 'PlanningRecall', 'planningrecall', NULL, 1, 1, NULL, NULL, 1),
(41, 'Delete Ticket', 0, 'Ticket', 'delete', NULL, 1, 1, NULL, NULL, 1),
(42, 'New Change', 0, 'Change', 'new', NULL, 1, 1, NULL, NULL, 1),
(43, 'Update Change', 0, 'Change', 'update', NULL, 1, 1, NULL, NULL, 1),
(44, 'Resolve Change', 0, 'Change', 'solved', NULL, 1, 1, NULL, NULL, 1),
(45, 'Add Task', 0, 'Change', 'add_task', NULL, 1, 1, NULL, NULL, 1),
(46, 'Update Task', 0, 'Change', 'update_task', NULL, 1, 1, NULL, NULL, 1),
(47, 'Delete Task', 0, 'Change', 'delete_task', NULL, 1, 1, NULL, NULL, 1),
(48, 'Close Change', 0, 'Change', 'closed', NULL, 1, 1, NULL, NULL, 1),
(49, 'Delete Change', 0, 'Change', 'delete', NULL, 1, 1, NULL, NULL, 1),
(50, 'Ticket Satisfaction Answer', 0, 'Ticket', 'replysatisfaction', NULL, 1, 1, NULL, NULL, 1),
(51, 'Receiver errors', 0, 'MailCollector', 'error', NULL, 1, 1, NULL, NULL, 1),
(52, 'New Project', 0, 'Project', 'new', NULL, 1, 1, NULL, NULL, 1),
(53, 'Update Project', 0, 'Project', 'update', NULL, 1, 1, NULL, NULL, 1),
(54, 'Delete Project', 0, 'Project', 'delete', NULL, 1, 1, NULL, NULL, 1),
(55, 'New Project Task', 0, 'ProjectTask', 'new', NULL, 1, 1, NULL, NULL, 1),
(56, 'Update Project Task', 0, 'ProjectTask', 'update', NULL, 1, 1, NULL, NULL, 1),
(57, 'Delete Project Task', 0, 'ProjectTask', 'delete', NULL, 1, 1, NULL, NULL, 1),
(58, 'Request Unlock Items', 0, 'ObjectLock', 'unlock', NULL, 1, 1, NULL, NULL, 1),
(59, 'New user in requesters', 0, 'Ticket', 'requester_user', NULL, 1, 1, NULL, NULL, 1),
(60, 'New group in requesters', 0, 'Ticket', 'requester_group', NULL, 1, 1, NULL, NULL, 1),
(61, 'New user in observers', 0, 'Ticket', 'observer_user', NULL, 1, 1, NULL, NULL, 1),
(62, 'New group in observers', 0, 'Ticket', 'observer_group', NULL, 1, 1, NULL, NULL, 1),
(63, 'New user in assignees', 0, 'Ticket', 'assign_user', NULL, 1, 1, NULL, NULL, 1),
(64, 'New group in assignees', 0, 'Ticket', 'assign_group', NULL, 1, 1, NULL, NULL, 1),
(65, 'New supplier in assignees', 0, 'Ticket', 'assign_supplier', NULL, 1, 1, NULL, NULL, 1),
(66, 'Saved searches', 0, 'SavedSearch_Alert', 'alert', NULL, 1, 1, NULL, NULL, 1),
(67, 'Certificates', 0, 'Certificate', 'alert', NULL, 1, 1, NULL, NULL, 1),
(68, 'Alert expired domains', 0, 'Domain', 'ExpiredDomains', NULL, 1, 1, NULL, NULL, 1),
(69, 'Alert domains close expiries', 0, 'Domain', 'DomainsWhichExpire', NULL, 1, 1, NULL, NULL, 1),
(70, 'Password expires alert', 0, 'User', 'passwordexpires', NULL, 1, 1, NULL, NULL, 1),
(71, 'Check plugin updates', 0, 'Glpi\\Marketplace\\Controller', 'checkpluginsupdate', NULL, 1, 1, NULL, NULL, 1),
(72, 'New user mentionned', 0, 'Ticket', 'user_mention', NULL, 1, 1, NULL, NULL, 1);

-- --------------------------------------------------------

--
-- Estructura de tabla para la tabla `glpi_notifications_notificationtemplates`
--

CREATE TABLE `glpi_notifications_notificationtemplates` (
  `id` int(10) UNSIGNED NOT NULL,
  `notifications_id` int(10) UNSIGNED NOT NULL DEFAULT '0',
  `mode` varchar(20) COLLATE utf8mb4_unicode_ci NOT NULL COMMENT 'See Notification_NotificationTemplate::MODE_* constants',
  `notificationtemplates_id` int(10) UNSIGNED NOT NULL DEFAULT '0'
) ENGINE=InnoDB DEFAULT CHARSET=utf8mb4 COLLATE=utf8mb4_unicode_ci ROW_FORMAT=DYNAMIC;

--
-- Volcado de datos para la tabla `glpi_notifications_notificationtemplates`
--

INSERT INTO `glpi_notifications_notificationtemplates` (`id`, `notifications_id`, `mode`, `notificationtemplates_id`) VALUES
(1, 1, 'mailing', 6),
(2, 2, 'mailing', 4),
(3, 3, 'mailing', 4),
(4, 4, 'mailing', 4),
(5, 5, 'mailing', 4),
(6, 6, 'mailing', 4),
(7, 7, 'mailing', 4),
(8, 8, 'mailing', 4),
(9, 9, 'mailing', 4),
(10, 10, 'mailing', 4),
(11, 11, 'mailing', 4),
(12, 12, 'mailing', 7),
(13, 13, 'mailing', 2),
(14, 14, 'mailing', 2),
(15, 15, 'mailing', 2),
(16, 16, 'mailing', 3),
(17, 17, 'mailing', 12),
(18, 18, 'mailing', 12),
(19, 19, 'mailing', 1),
(20, 20, 'mailing', 8),
(21, 21, 'mailing', 9),
(22, 22, 'mailing', 10),
(23, 23, 'mailing', 11),
(24, 24, 'mailing', 4),
(25, 25, 'mailing', 13),
(26, 26, 'mailing', 14),
(27, 27, 'mailing', 15),
(28, 28, 'mailing', 16),
(29, 29, 'mailing', 17),
(30, 30, 'mailing', 17),
(31, 31, 'mailing', 17),
(32, 32, 'mailing', 17),
(33, 33, 'mailing', 17),
(34, 34, 'mailing', 17),
(35, 35, 'mailing', 17),
(36, 36, 'mailing', 17),
(37, 37, 'mailing', 7),
(38, 38, 'mailing', 12),
(39, 39, 'mailing', 12),
(40, 40, 'mailing', 18),
(41, 41, 'mailing', 4),
(42, 42, 'mailing', 19),
(43, 43, 'mailing', 19),
(44, 44, 'mailing', 19),
(45, 45, 'mailing', 19),
(46, 46, 'mailing', 19),
(47, 47, 'mailing', 19),
(48, 48, 'mailing', 19),
(49, 49, 'mailing', 19),
(50, 50, 'mailing', 14),
(51, 51, 'mailing', 20),
(52, 52, 'mailing', 21),
(53, 53, 'mailing', 21),
(54, 54, 'mailing', 21),
(55, 55, 'mailing', 22),
(56, 56, 'mailing', 22),
(57, 57, 'mailing', 22),
(58, 58, 'mailing', 23),
(59, 59, 'mailing', 4),
(60, 60, 'mailing', 4),
(61, 61, 'mailing', 4),
(62, 62, 'mailing', 4),
(63, 63, 'mailing', 4),
(64, 64, 'mailing', 4),
(65, 65, 'mailing', 4),
(66, 66, 'mailing', 24),
(67, 67, 'mailing', 25),
(68, 68, 'mailing', 26),
(69, 69, 'mailing', 26),
(70, 70, 'mailing', 27),
(71, 71, 'mailing', 28),
(72, 72, 'mailing', 4);

-- --------------------------------------------------------

--
-- Estructura de tabla para la tabla `glpi_notificationtargets`
--

CREATE TABLE `glpi_notificationtargets` (
  `id` int(10) UNSIGNED NOT NULL,
  `items_id` int(10) UNSIGNED NOT NULL DEFAULT '0',
  `type` int(11) NOT NULL DEFAULT '0',
  `notifications_id` int(10) UNSIGNED NOT NULL DEFAULT '0'
) ENGINE=InnoDB DEFAULT CHARSET=utf8mb4 COLLATE=utf8mb4_unicode_ci ROW_FORMAT=DYNAMIC;

--
-- Volcado de datos para la tabla `glpi_notificationtargets`
--

INSERT INTO `glpi_notificationtargets` (`id`, `items_id`, `type`, `notifications_id`) VALUES
(1, 3, 1, 13),
(2, 1, 1, 13),
(3, 3, 2, 2),
(4, 1, 1, 2),
(5, 1, 1, 3),
(6, 1, 1, 5),
(7, 1, 1, 4),
(8, 2, 1, 3),
(9, 4, 1, 3),
(10, 3, 1, 2),
(11, 3, 1, 3),
(12, 3, 1, 5),
(13, 3, 1, 4),
(14, 1, 1, 19),
(15, 14, 1, 12),
(16, 3, 1, 14),
(17, 1, 1, 14),
(18, 3, 1, 15),
(19, 1, 1, 15),
(20, 1, 1, 6),
(21, 3, 1, 6),
(22, 1, 1, 7),
(23, 3, 1, 7),
(24, 1, 1, 8),
(25, 3, 1, 8),
(26, 1, 1, 9),
(27, 3, 1, 9),
(28, 1, 1, 10),
(29, 3, 1, 10),
(30, 1, 1, 11),
(31, 3, 1, 11),
(32, 19, 1, 25),
(33, 3, 1, 26),
(34, 21, 1, 2),
(35, 21, 1, 3),
(36, 21, 1, 5),
(37, 21, 1, 4),
(38, 21, 1, 6),
(39, 21, 1, 7),
(40, 21, 1, 8),
(41, 21, 1, 9),
(42, 21, 1, 10),
(43, 21, 1, 11),
(46, 1, 1, 28),
(47, 3, 1, 29),
(48, 1, 1, 29),
(49, 21, 1, 29),
(50, 2, 1, 30),
(51, 4, 1, 30),
(52, 3, 1, 30),
(53, 1, 1, 30),
(54, 21, 1, 30),
(55, 3, 1, 31),
(56, 1, 1, 31),
(57, 21, 1, 31),
(58, 3, 1, 32),
(59, 1, 1, 32),
(60, 21, 1, 32),
(61, 3, 1, 33),
(62, 1, 1, 33),
(63, 21, 1, 33),
(64, 3, 1, 34),
(65, 1, 1, 34),
(66, 21, 1, 34),
(67, 3, 1, 35),
(68, 1, 1, 35),
(69, 21, 1, 35),
(70, 3, 1, 36),
(71, 1, 1, 36),
(72, 21, 1, 36),
(73, 14, 1, 37),
(74, 3, 1, 40),
(75, 1, 1, 41),
(76, 3, 1, 42),
(77, 1, 1, 42),
(78, 21, 1, 42),
(79, 2, 1, 43),
(80, 4, 1, 43),
(81, 3, 1, 43),
(82, 1, 1, 43),
(83, 21, 1, 43),
(84, 3, 1, 44),
(85, 1, 1, 44),
(86, 21, 1, 44),
(87, 3, 1, 45),
(88, 1, 1, 45),
(89, 21, 1, 45),
(90, 3, 1, 46),
(91, 1, 1, 46),
(92, 21, 1, 46),
(93, 3, 1, 47),
(94, 1, 1, 47),
(95, 21, 1, 47),
(96, 3, 1, 48),
(97, 1, 1, 48),
(98, 21, 1, 48),
(99, 3, 1, 49),
(100, 1, 1, 49),
(101, 21, 1, 49),
(102, 3, 1, 50),
(103, 2, 1, 50),
(104, 1, 1, 51),
(105, 27, 1, 52),
(106, 1, 1, 52),
(107, 28, 1, 52),
(108, 27, 1, 53),
(109, 1, 1, 53),
(110, 28, 1, 53),
(111, 27, 1, 54),
(112, 1, 1, 54),
(113, 28, 1, 54),
(114, 31, 1, 55),
(115, 1, 1, 55),
(116, 32, 1, 55),
(117, 31, 1, 56),
(118, 1, 1, 56),
(119, 32, 1, 56),
(120, 31, 1, 57),
(121, 1, 1, 57),
(122, 32, 1, 57),
(123, 19, 1, 58),
(124, 3, 1, 59),
(125, 13, 1, 60),
(126, 21, 1, 61),
(127, 20, 1, 62),
(128, 2, 1, 63),
(129, 9, 1, 64),
(130, 8, 1, 65),
(131, 19, 1, 66),
(132, 5, 1, 67),
(133, 23, 1, 67),
(134, 5, 1, 68),
(135, 23, 1, 68),
(136, 5, 1, 69),
(137, 23, 1, 69),
(138, 19, 1, 70),
(139, 1, 1, 71),
(140, 39, 1, 72);

-- --------------------------------------------------------

--
-- Estructura de tabla para la tabla `glpi_notificationtemplates`
--

CREATE TABLE `glpi_notificationtemplates` (
  `id` int(10) UNSIGNED NOT NULL,
  `name` varchar(255) COLLATE utf8mb4_unicode_ci DEFAULT NULL,
  `itemtype` varchar(100) COLLATE utf8mb4_unicode_ci NOT NULL,
  `date_mod` timestamp NULL DEFAULT NULL,
  `comment` text COLLATE utf8mb4_unicode_ci,
  `css` text COLLATE utf8mb4_unicode_ci,
  `date_creation` timestamp NULL DEFAULT NULL
) ENGINE=InnoDB DEFAULT CHARSET=utf8mb4 COLLATE=utf8mb4_unicode_ci ROW_FORMAT=DYNAMIC;

--
-- Volcado de datos para la tabla `glpi_notificationtemplates`
--

INSERT INTO `glpi_notificationtemplates` (`id`, `name`, `itemtype`, `date_mod`, `comment`, `css`, `date_creation`) VALUES
(1, 'MySQL Synchronization', 'DBConnection', NULL, NULL, NULL, NULL),
(2, 'Reservations', 'Reservation', NULL, NULL, NULL, NULL),
(3, 'Alert Reservation', 'Reservation', NULL, NULL, NULL, NULL),
(4, 'Tickets', 'Ticket', NULL, NULL, NULL, NULL),
(5, 'Tickets (Simple)', 'Ticket', NULL, NULL, NULL, NULL),
(6, 'Alert Tickets not closed', 'Ticket', NULL, NULL, NULL, NULL),
(7, 'Tickets Validation', 'Ticket', NULL, NULL, NULL, NULL),
(8, 'Cartridges', 'CartridgeItem', NULL, NULL, NULL, NULL),
(9, 'Consumables', 'ConsumableItem', NULL, NULL, NULL, NULL),
(10, 'Infocoms', 'Infocom', NULL, NULL, NULL, NULL),
(11, 'Licenses', 'SoftwareLicense', NULL, NULL, NULL, NULL),
(12, 'Contracts', 'Contract', NULL, NULL, NULL, NULL),
(13, 'Password Forget', 'User', NULL, NULL, NULL, NULL),
(14, 'Ticket Satisfaction', 'Ticket', NULL, NULL, NULL, NULL),
(15, 'Item not unique', 'FieldUnicity', NULL, NULL, NULL, NULL),
(16, 'CronTask', 'CronTask', NULL, NULL, NULL, NULL),
(17, 'Problems', 'Problem', NULL, NULL, NULL, NULL),
(18, 'Planning recall', 'PlanningRecall', NULL, NULL, NULL, NULL),
(19, 'Changes', 'Change', NULL, NULL, NULL, NULL),
(20, 'Receiver errors', 'MailCollector', NULL, NULL, NULL, NULL),
(21, 'Projects', 'Project', NULL, NULL, NULL, NULL),
(22, 'Project Tasks', 'ProjectTask', NULL, NULL, NULL, NULL),
(23, 'Unlock Item request', 'ObjectLock', NULL, NULL, NULL, NULL),
(24, 'Saved searches alerts', 'SavedSearch_Alert', NULL, NULL, NULL, NULL),
(25, 'Certificates', 'Certificate', NULL, NULL, NULL, NULL),
(26, 'Alert domains', 'Domain', NULL, NULL, NULL, NULL),
(27, 'Password expires alert', 'User', NULL, NULL, NULL, NULL),
(28, 'Plugin updates', 'Glpi\\Marketplace\\Controller', NULL, NULL, NULL, NULL);

-- --------------------------------------------------------

--
-- Estructura de tabla para la tabla `glpi_notificationtemplatetranslations`
--

CREATE TABLE `glpi_notificationtemplatetranslations` (
  `id` int(10) UNSIGNED NOT NULL,
  `notificationtemplates_id` int(10) UNSIGNED NOT NULL DEFAULT '0',
  `language` varchar(10) COLLATE utf8mb4_unicode_ci NOT NULL DEFAULT '',
  `subject` varchar(255) COLLATE utf8mb4_unicode_ci NOT NULL,
  `content_text` text COLLATE utf8mb4_unicode_ci,
  `content_html` text COLLATE utf8mb4_unicode_ci
) ENGINE=InnoDB DEFAULT CHARSET=utf8mb4 COLLATE=utf8mb4_unicode_ci ROW_FORMAT=DYNAMIC;

--
-- Volcado de datos para la tabla `glpi_notificationtemplatetranslations`
--

INSERT INTO `glpi_notificationtemplatetranslations` (`id`, `notificationtemplates_id`, `language`, `subject`, `content_text`, `content_html`) VALUES
(1, 1, '', '##lang.dbconnection.title##', '##lang.dbconnection.delay## : ##dbconnection.delay##', '&lt;p&gt;##lang.dbconnection.delay## : ##dbconnection.delay##&lt;/p&gt;'),
(2, 2, '', '##reservation.action##', '======================================================================\n##lang.reservation.user##: ##reservation.user##\n##lang.reservation.item.name##: ##reservation.itemtype## - ##reservation.item.name##\n##IFreservation.tech## ##lang.reservation.tech## ##reservation.tech## ##ENDIFreservation.tech##\n##lang.reservation.begin##: ##reservation.begin##\n##lang.reservation.end##: ##reservation.end##\n##lang.reservation.comment##: ##reservation.comment##\n======================================================================', '&lt;!-- description{ color: inherit; background: #ebebeb;border-style: solid;border-color: #8d8d8d; border-width: 0px 1px 1px 0px; } --&gt;\n&lt;p&gt;&lt;span style=\"color: #8b8c8f; font-weight: bold; text-decoration: underline;\"&gt;##lang.reservation.user##:&lt;/span&gt;##reservation.user##&lt;br /&gt; &lt;span style=\"color: #8b8c8f; font-weight: bold; text-decoration: underline;\"&gt;##lang.reservation.item.name##:&lt;/span&gt;##reservation.itemtype## - ##reservation.item.name##&lt;br /&gt;##IFreservation.tech## ##lang.reservation.tech## ##reservation.tech####ENDIFreservation.tech##&lt;br /&gt; &lt;span style=\"color: #8b8c8f; font-weight: bold; text-decoration: underline;\"&gt;##lang.reservation.begin##:&lt;/span&gt; ##reservation.begin##&lt;br /&gt; &lt;span style=\"color: #8b8c8f; font-weight: bold; text-decoration: underline;\"&gt;##lang.reservation.end##:&lt;/span&gt;##reservation.end##&lt;br /&gt; &lt;span style=\"color: #8b8c8f; font-weight: bold; text-decoration: underline;\"&gt;##lang.reservation.comment##:&lt;/span&gt; ##reservation.comment##&lt;/p&gt;'),
(3, 3, '', '##reservation.action##  ##reservation.entity##', '##lang.reservation.entity## : ##reservation.entity##\n\n\n##FOREACHreservations##\n##lang.reservation.itemtype## : ##reservation.itemtype##\n\n ##lang.reservation.item## : ##reservation.item##\n\n ##reservation.url##\n\n ##ENDFOREACHreservations##', '&lt;p&gt;##lang.reservation.entity## : ##reservation.entity## &lt;br /&gt; &lt;br /&gt;\n##FOREACHreservations## &lt;br /&gt;##lang.reservation.itemtype## :  ##reservation.itemtype##&lt;br /&gt;\n ##lang.reservation.item## :  ##reservation.item##&lt;br /&gt; &lt;br /&gt;\n &lt;a href=\"##reservation.url##\"&gt; ##reservation.url##&lt;/a&gt;&lt;br /&gt;\n ##ENDFOREACHreservations##&lt;/p&gt;'),
(4, 4, '', '##ticket.action## ##ticket.title##', ' ##IFticket.storestatus=5##\n ##lang.ticket.url## : ##ticket.urlapprove##\n ##lang.ticket.autoclosewarning##\n ##lang.ticket.solvedate## : ##ticket.solvedate##\n ##lang.ticket.solution.type## : ##ticket.solution.type##\n ##lang.ticket.solution.description## : ##ticket.solution.description## ##ENDIFticket.storestatus##\n ##ELSEticket.storestatus## ##lang.ticket.url## : ##ticket.url## ##ENDELSEticket.storestatus##\n\n ##lang.ticket.description##\n\n ##lang.ticket.title## : ##ticket.title##\n ##lang.ticket.authors## : ##IFticket.authors## ##ticket.authors## ##ENDIFticket.authors## ##ELSEticket.authors##--##ENDELSEticket.authors##\n ##lang.ticket.creationdate## : ##ticket.creationdate##\n ##lang.ticket.closedate## : ##ticket.closedate##\n ##lang.ticket.requesttype## : ##ticket.requesttype##\n##lang.ticket.item.name## :\n\n##FOREACHitems##\n\n ##IFticket.itemtype##\n  ##ticket.itemtype## - ##ticket.item.name##\n  ##IFticket.item.model## ##lang.ticket.item.model## : ##ticket.item.model## ##ENDIFticket.item.model##\n  ##IFticket.item.serial## ##lang.ticket.item.serial## : ##ticket.item.serial## ##ENDIFticket.item.serial##\n  ##IFticket.item.otherserial## ##lang.ticket.item.otherserial## : ##ticket.item.otherserial## ##ENDIFticket.item.otherserial##\n ##ENDIFticket.itemtype##\n\n##ENDFOREACHitems##\n##IFticket.assigntousers## ##lang.ticket.assigntousers## : ##ticket.assigntousers## ##ENDIFticket.assigntousers##\n ##lang.ticket.status## : ##ticket.status##\n##IFticket.assigntogroups## ##lang.ticket.assigntogroups## : ##ticket.assigntogroups## ##ENDIFticket.assigntogroups##\n ##lang.ticket.urgency## : ##ticket.urgency##\n ##lang.ticket.impact## : ##ticket.impact##\n ##lang.ticket.priority## : ##ticket.priority##\n##IFticket.user.email## ##lang.ticket.user.email## : ##ticket.user.email ##ENDIFticket.user.email##\n##IFticket.category## ##lang.ticket.category## : ##ticket.category## ##ENDIFticket.category## ##ELSEticket.category## ##lang.ticket.nocategoryassigned## ##ENDELSEticket.category##\n ##lang.ticket.content## : ##ticket.content##\n ##IFticket.storestatus=6##\n\n ##lang.ticket.solvedate## : ##ticket.solvedate##\n ##lang.ticket.solution.type## : ##ticket.solution.type##\n ##lang.ticket.solution.description## : ##ticket.solution.description##\n ##ENDIFticket.storestatus##\n\n##FOREACHtimelineitems##\n[##timelineitems.date##]\n##lang.timelineitems.author## ##timelineitems.author##\n##lang.timelineitems.description## ##timelineitems.description##\n##lang.timelineitems.date## ##timelineitems.date##\n##lang.timelineitems.position## ##timelineitems.position##\n##lang.timelineitems.type## ##timelineitems.type##\n##lang.timelineitems.typename## ##timelineitems.typename##\n##ENDFOREACHtimelineitems##\n\n##lang.ticket.numberoffollowups## : ##ticket.numberoffollowups##\n##lang.ticket.numberoftasks## : ##ticket.numberoftasks##', '&lt;!-- description{ color: inherit; background: #ebebeb; border-style: solid;border-color: #8d8d8d; border-width: 0px 1px 1px 0px; }    --&gt;\n&lt;div&gt;##IFticket.storestatus=5##&lt;/div&gt;\n&lt;div&gt;##lang.ticket.url## : &lt;a href=\"##ticket.urlapprove##\"&gt;##ticket.urlapprove##&lt;/a&gt; &lt;strong&gt;&#160;&lt;/strong&gt;&lt;/div&gt;\n&lt;div&gt;&lt;strong&gt;##lang.ticket.autoclosewarning##&lt;/strong&gt;&lt;/div&gt;\n&lt;div&gt;&lt;span style=\"color: #888888;\"&gt;&lt;strong&gt;&lt;span style=\"text-decoration: underline;\"&gt;##lang.ticket.solvedate##&lt;/span&gt;&lt;/strong&gt;&lt;/span&gt; : ##ticket.solvedate##&lt;br /&gt;&lt;span style=\"text-decoration: underline; color: #888888;\"&gt;&lt;strong&gt;##lang.ticket.solution.type##&lt;/strong&gt;&lt;/span&gt; : ##ticket.solution.type##&lt;br /&gt;&lt;span style=\"text-decoration: underline; color: #888888;\"&gt;&lt;strong&gt;##lang.ticket.solution.description##&lt;/strong&gt;&lt;/span&gt; : ##ticket.solution.description## ##ENDIFticket.storestatus##&lt;/div&gt;\n&lt;div&gt;##ELSEticket.storestatus## ##lang.ticket.url## : &lt;a href=\"##ticket.url##\"&gt;##ticket.url##&lt;/a&gt; ##ENDELSEticket.storestatus##&lt;/div&gt;\n&lt;p class=\"description b\"&gt;&lt;strong&gt;##lang.ticket.description##&lt;/strong&gt;&lt;/p&gt;\n&lt;p&gt;&lt;span style=\"color: #8b8c8f; font-weight: bold; text-decoration: underline;\"&gt; ##lang.ticket.title##&lt;/span&gt;&#160;:##ticket.title## &lt;br /&gt; &lt;span style=\"color: #8b8c8f; font-weight: bold; text-decoration: underline;\"&gt; ##lang.ticket.authors##&lt;/span&gt;&#160;:##IFticket.authors## ##ticket.authors## ##ENDIFticket.authors##    ##ELSEticket.authors##--##ENDELSEticket.authors## &lt;br /&gt; &lt;span style=\"color: #8b8c8f; font-weight: bold; text-decoration: underline;\"&gt; ##lang.ticket.creationdate##&lt;/span&gt;&#160;:##ticket.creationdate## &lt;br /&gt; &lt;span style=\"color: #8b8c8f; font-weight: bold; text-decoration: underline;\"&gt; ##lang.ticket.closedate##&lt;/span&gt;&#160;:##ticket.closedate## &lt;br /&gt; &lt;span style=\"color: #8b8c8f; font-weight: bold; text-decoration: underline;\"&gt; ##lang.ticket.requesttype##&lt;/span&gt;&#160;:##ticket.requesttype##&lt;br /&gt;\n&lt;br /&gt;&lt;span style=\"color: #8b8c8f; font-weight: bold; text-decoration: underline;\"&gt; ##lang.ticket.item.name##&lt;/span&gt;&#160;:\n&lt;p&gt;##FOREACHitems##&lt;/p&gt;\n&lt;div class=\"description b\"&gt;##IFticket.itemtype## ##ticket.itemtype##&#160;- ##ticket.item.name## ##IFticket.item.model## ##lang.ticket.item.model## : ##ticket.item.model## ##ENDIFticket.item.model## ##IFticket.item.serial## ##lang.ticket.item.serial## : ##ticket.item.serial## ##ENDIFticket.item.serial## ##IFticket.item.otherserial## ##lang.ticket.item.otherserial## : ##ticket.item.otherserial## ##ENDIFticket.item.otherserial## ##ENDIFticket.itemtype## &lt;/div&gt;&lt;br /&gt;\n&lt;p&gt;##ENDFOREACHitems##&lt;/p&gt;\n##IFticket.assigntousers## &lt;span style=\"color: #8b8c8f; font-weight: bold; text-decoration: underline;\"&gt; ##lang.ticket.assigntousers##&lt;/span&gt;&#160;: ##ticket.assigntousers## ##ENDIFticket.assigntousers##&lt;br /&gt; &lt;span style=\"color: #8b8c8f; font-weight: bold; text-decoration: underline;\"&gt;##lang.ticket.status## &lt;/span&gt;&#160;: ##ticket.status##&lt;br /&gt; ##IFticket.assigntogroups## &lt;span style=\"color: #8b8c8f; font-weight: bold; text-decoration: underline;\"&gt; ##lang.ticket.assigntogroups##&lt;/span&gt;&#160;: ##ticket.assigntogroups## ##ENDIFticket.assigntogroups##&lt;br /&gt; &lt;span style=\"color: #8b8c8f; font-weight: bold; text-decoration: underline;\"&gt; ##lang.ticket.urgency##&lt;/span&gt;&#160;: ##ticket.urgency##&lt;br /&gt; &lt;span style=\"color: #8b8c8f; font-weight: bold; text-decoration: underline;\"&gt; ##lang.ticket.impact##&lt;/span&gt;&#160;: ##ticket.impact##&lt;br /&gt; &lt;span style=\"color: #8b8c8f; font-weight: bold; text-decoration: underline;\"&gt; ##lang.ticket.priority##&lt;/span&gt;&#160;: ##ticket.priority## &lt;br /&gt; ##IFticket.user.email##&lt;span style=\"color: #8b8c8f; font-weight: bold; text-decoration: underline;\"&gt; ##lang.ticket.user.email##&lt;/span&gt;&#160;: ##ticket.user.email ##ENDIFticket.user.email##    &lt;br /&gt; ##IFticket.category##&lt;span style=\"color: #8b8c8f; font-weight: bold; text-decoration: underline;\"&gt;##lang.ticket.category## &lt;/span&gt;&#160;:##ticket.category## ##ENDIFticket.category## ##ELSEticket.category## ##lang.ticket.nocategoryassigned## ##ENDELSEticket.category##    &lt;br /&gt; &lt;span style=\"color: #8b8c8f; font-weight: bold; text-decoration: underline;\"&gt; ##lang.ticket.content##&lt;/span&gt;&#160;: ##ticket.content##&lt;/p&gt;\n&lt;br /&gt;##IFticket.storestatus=6##&lt;br /&gt;&lt;span style=\"text-decoration: underline;\"&gt;&lt;strong&gt;&lt;span style=\"color: #888888;\"&gt;##lang.ticket.solvedate##&lt;/span&gt;&lt;/strong&gt;&lt;/span&gt; : ##ticket.solvedate##&lt;br /&gt;&lt;span style=\"color: #888888;\"&gt;&lt;strong&gt;&lt;span style=\"text-decoration: underline;\"&gt;##lang.ticket.solution.type##&lt;/span&gt;&lt;/strong&gt;&lt;/span&gt; : ##ticket.solution.type##&lt;br /&gt;&lt;span style=\"text-decoration: underline; color: #888888;\"&gt;&lt;strong&gt;##lang.ticket.solution.description##&lt;/strong&gt;&lt;/span&gt; : ##ticket.solution.description##&lt;br /&gt;##ENDIFticket.storestatus##&lt;/p&gt;\n&lt;p&gt;##FOREACHtimelineitems##&lt;/p&gt;\n&lt;div class=\"description b\"&gt;&lt;br /&gt;&lt;strong&gt; [##timelineitems.date##]&lt;/strong&gt;&lt;br /&gt;&lt;span style=\"color: #8b8c8f; font-weight: bold; text-decoration: underline;\"&gt; ##lang.timelineitems.author## &lt;/span&gt; &lt;span style=\"color: #000000; font-weight: bold; text-decoration: underline;\"&gt;##timelineitems.author##&lt;/span&gt;&lt;br /&gt;&lt;span style=\"color: #8b8c8f; font-weight: bold; text-decoration: underline;\"&gt; ##lang.timelineitems.description## &lt;/span&gt; &lt;span style=\"color: #000000; font-weight: bold; text-decoration: underline;\"&gt;##timelineitems.description##&lt;/span&gt;&lt;br /&gt;&lt;span style=\"color: #8b8c8f; font-weight: bold; text-decoration: underline;\"&gt; ##lang.timelineitems.date## &lt;/span&gt; &lt;span style=\"color: #000000; font-weight: bold; text-decoration: underline;\"&gt;##timelineitems.date##&lt;/span&gt;&lt;br /&gt;&lt;span style=\"color: #8b8c8f; font-weight: bold; text-decoration: underline;\"&gt;##lang.timelineitems.position## &lt;/span&gt;&lt;span style=\"color: #000000; font-weight: bold; text-decoration: underline;\"&gt; ##timelineitems.position##&lt;/span&gt;&lt;/div&gt;\n&lt;div class=\"description b\"&gt;&lt;span style=\"color: #8b8c8f; font-weight: bold; text-decoration: underline;\"&gt;##lang.timelineitems.type## &lt;/span&gt;&lt;span style=\"color: #000000; font-weight: bold; text-decoration: underline;\"&gt; ##timelineitems.type##&lt;/span&gt;&lt;/div&gt;\n&lt;div class=\"description b\"&gt;&lt;span style=\"color: #8b8c8f; font-weight: bold; text-decoration: underline;\"&gt;##lang.timelineitems.typename## &lt;/span&gt; &lt;span style=\"color: #000000; font-weight: bold; text-decoration: underline;\"&gt;##timelineitems.typename##&lt;/span&gt;&lt;/div&gt;\n&lt;p&gt;##ENDFOREACHtimelineitems##&lt;/p&gt;\n&lt;div class=\"description b\"&gt;##lang.ticket.numberoffollowups##&#160;: ##ticket.numberoffollowups##&lt;/div&gt;\n&lt;div class=\"description b\"&gt;##lang.ticket.numberoftasks##&#160;: ##ticket.numberoftasks##&lt;/div&gt;'),
(5, 12, '', '##contract.action##  ##contract.entity##', '##lang.contract.entity## : ##contract.entity##\n\n##FOREACHcontracts##\n##lang.contract.name## : ##contract.name##\n##lang.contract.number## : ##contract.number##\n##lang.contract.time## : ##contract.time##\n##IFcontract.type####lang.contract.type## : ##contract.type####ENDIFcontract.type##\n##contract.url##\n##ENDFOREACHcontracts##', '&lt;p&gt;##lang.contract.entity## : ##contract.entity##&lt;br /&gt;\n&lt;br /&gt;##FOREACHcontracts##&lt;br /&gt;##lang.contract.name## :\n##contract.name##&lt;br /&gt;\n##lang.contract.number## : ##contract.number##&lt;br /&gt;\n##lang.contract.time## : ##contract.time##&lt;br /&gt;\n##IFcontract.type####lang.contract.type## : ##contract.type##\n##ENDIFcontract.type##&lt;br /&gt;\n&lt;a href=\"##contract.url##\"&gt;\n##contract.url##&lt;/a&gt;&lt;br /&gt;\n##ENDFOREACHcontracts##&lt;/p&gt;'),
(6, 5, '', '##ticket.action## ##ticket.title##', '##lang.ticket.url## : ##ticket.url##\n\n##lang.ticket.description##\n\n\n##lang.ticket.title##  :##ticket.title##\n\n##lang.ticket.authors##  :##IFticket.authors##\n##ticket.authors## ##ENDIFticket.authors##\n##ELSEticket.authors##--##ENDELSEticket.authors##\n\n##IFticket.category## ##lang.ticket.category##  :##ticket.category##\n##ENDIFticket.category## ##ELSEticket.category##\n##lang.ticket.nocategoryassigned## ##ENDELSEticket.category##\n\n##lang.ticket.content##  : ##ticket.content##\n##IFticket.itemtype##\n##lang.ticket.item.name##  : ##ticket.itemtype## - ##ticket.item.name##\n##ENDIFticket.itemtype##', '&lt;div&gt;##lang.ticket.url## : &lt;a href=\"##ticket.url##\"&gt;\n##ticket.url##&lt;/a&gt;&lt;/div&gt;\n&lt;div class=\"description b\"&gt;\n##lang.ticket.description##&lt;/div&gt;\n&lt;p&gt;&lt;span\nstyle=\"color: #8b8c8f; font-weight: bold; text-decoration: underline;\"&gt;\n##lang.ticket.title##&lt;/span&gt;&#160;:##ticket.title##\n&lt;br /&gt; &lt;span style=\"color: #8b8c8f; font-weight: bold; text-decoration: underline;\"&gt;\n##lang.ticket.authors##&lt;/span&gt;\n##IFticket.authors## ##ticket.authors##\n##ENDIFticket.authors##\n##ELSEticket.authors##--##ENDELSEticket.authors##\n&lt;span style=\"color: #8b8c8f; font-weight: bold; text-decoration: underline;\"&gt;\n&lt;/span&gt;&lt;br /&gt; &lt;span style=\"color: #8b8c8f; font-weight: bold; text-decoration: underline;\"&gt; &lt;/span&gt;\n##IFticket.category##&lt;span style=\"color: #8b8c8f; font-weight: bold; text-decoration: underline;\"&gt;\n##lang.ticket.category## &lt;/span&gt;&#160;:##ticket.category##\n##ENDIFticket.category## ##ELSEticket.category##\n##lang.ticket.nocategoryassigned## ##ENDELSEticket.category##\n&lt;br /&gt; &lt;span style=\"color: #8b8c8f; font-weight: bold; text-decoration: underline;\"&gt;\n##lang.ticket.content##&lt;/span&gt;&#160;:\n##ticket.content##&lt;br /&gt;##IFticket.itemtype##\n&lt;span style=\"color: #8b8c8f; font-weight: bold; text-decoration: underline;\"&gt;\n##lang.ticket.item.name##&lt;/span&gt;&#160;:\n##ticket.itemtype## - ##ticket.item.name##\n##ENDIFticket.itemtype##&lt;/p&gt;'),
(7, 7, '', '##ticket.action## ##ticket.title##', '##FOREACHvalidations##\n\n##IFvalidation.storestatus=2##\n##validation.submission.title##\n##lang.validation.commentsubmission## : ##validation.commentsubmission##\n##ENDIFvalidation.storestatus##\n##ELSEvalidation.storestatus## ##validation.answer.title## ##ENDELSEvalidation.storestatus##\n\n##lang.ticket.url## : ##ticket.urlvalidation##\n\n##IFvalidation.status## ##lang.validation.status## : ##validation.status## ##ENDIFvalidation.status##\n##IFvalidation.commentvalidation##\n##lang.validation.commentvalidation## : ##validation.commentvalidation##\n##ENDIFvalidation.commentvalidation##\n##ENDFOREACHvalidations##', '&lt;div&gt;##FOREACHvalidations##&lt;/div&gt;\n&lt;p&gt;##IFvalidation.storestatus=2##&lt;/p&gt;\n&lt;div&gt;##validation.submission.title##&lt;/div&gt;\n&lt;div&gt;##lang.validation.commentsubmission## : ##validation.commentsubmission##&lt;/div&gt;\n&lt;div&gt;##ENDIFvalidation.storestatus##&lt;/div&gt;\n&lt;div&gt;##ELSEvalidation.storestatus## ##validation.answer.title## ##ENDELSEvalidation.storestatus##&lt;/div&gt;\n&lt;div&gt;&lt;/div&gt;\n&lt;div&gt;\n&lt;div&gt;##lang.ticket.url## : &lt;a href=\"##ticket.urlvalidation##\"&gt; ##ticket.urlvalidation## &lt;/a&gt;&lt;/div&gt;\n&lt;/div&gt;\n&lt;p&gt;##IFvalidation.status## ##lang.validation.status## : ##validation.status## ##ENDIFvalidation.status##\n&lt;br /&gt; ##IFvalidation.commentvalidation##&lt;br /&gt; ##lang.validation.commentvalidation## :\n&#160; ##validation.commentvalidation##&lt;br /&gt; ##ENDIFvalidation.commentvalidation##\n&lt;br /&gt;##ENDFOREACHvalidations##&lt;/p&gt;'),
(8, 6, '', '##ticket.action## ##ticket.entity##', '##FOREACHtickets##\n##lang.ticket.authors##: ##ticket.authors##\n##lang.ticket.title##: ##ticket.title##\n##lang.ticket.priority##: ##ticket.priority##\n##lang.ticket.status##: ##ticket.status##\n##lang.ticket.attribution##: ##IFticket.assigntousers####ticket.assigntousers##\n##ENDIFticket.assigntousers####IFticket.assigntogroups##\n##ticket.assigntogroups## ##ENDIFticket.assigntogroups####IFticket.assigntosupplier##\n##ticket.assigntosupplier## ##ENDIFticket.assigntosupplier##\n##lang.ticket.creationdate##: ##ticket.creationdate##\n##lang.ticket.content##: ##ticket.content## ##ENDFOREACHtickets##', '&lt;table class=\"tab_cadre\" border=\"1\" cellspacing=\"2\" cellpadding=\"3\"&gt;\n&lt;tbody&gt;\n&lt;tr&gt;\n&lt;td style=\"text-align: left;\" width=\"auto\" bgcolor=\"#cccccc\"&gt;&lt;span style=\"font-size: 11px; text-align: left;\"&gt;##lang.ticket.authors##&lt;/span&gt;&lt;/td&gt;\n&lt;td style=\"text-align: left;\" width=\"auto\" bgcolor=\"#cccccc\"&gt;&lt;span style=\"font-size: 11px; text-align: left;\"&gt;##lang.ticket.title##&lt;/span&gt;&lt;/td&gt;\n&lt;td style=\"text-align: left;\" width=\"auto\" bgcolor=\"#cccccc\"&gt;&lt;span style=\"font-size: 11px; text-align: left;\"&gt;##lang.ticket.priority##&lt;/span&gt;&lt;/td&gt;\n&lt;td style=\"text-align: left;\" width=\"auto\" bgcolor=\"#cccccc\"&gt;&lt;span style=\"font-size: 11px; text-align: left;\"&gt;##lang.ticket.status##&lt;/span&gt;&lt;/td&gt;\n&lt;td style=\"text-align: left;\" width=\"auto\" bgcolor=\"#cccccc\"&gt;&lt;span style=\"font-size: 11px; text-align: left;\"&gt;##lang.ticket.attribution##&lt;/span&gt;&lt;/td&gt;\n&lt;td style=\"text-align: left;\" width=\"auto\" bgcolor=\"#cccccc\"&gt;&lt;span style=\"font-size: 11px; text-align: left;\"&gt;##lang.ticket.creationdate##&lt;/span&gt;&lt;/td&gt;\n&lt;td style=\"text-align: left;\" width=\"auto\" bgcolor=\"#cccccc\"&gt;&lt;span style=\"font-size: 11px; text-align: left;\"&gt;##lang.ticket.content##&lt;/span&gt;##FOREACHtickets##&lt;/td&gt;\n&lt;/tr&gt;\n&lt;tr&gt;\n&lt;td width=\"auto\"&gt;&lt;span style=\"font-size: 11px; text-align: left;\"&gt;##ticket.authors##&lt;/span&gt;&lt;/td&gt;\n&lt;td width=\"auto\"&gt;&lt;span style=\"font-size: 11px; text-align: left;\"&gt;&lt;a href=\"##ticket.url##\"&gt;##ticket.title##&lt;/a&gt;&lt;/span&gt;&lt;/td&gt;\n&lt;td width=\"auto\"&gt;&lt;span style=\"font-size: 11px; text-align: left;\"&gt;##ticket.priority##&lt;/span&gt;&lt;/td&gt;\n&lt;td width=\"auto\"&gt;&lt;span style=\"font-size: 11px; text-align: left;\"&gt;##ticket.status##&lt;/span&gt;&lt;/td&gt;\n&lt;td width=\"auto\"&gt;&lt;span style=\"font-size: 11px; text-align: left;\"&gt;##IFticket.assigntousers####ticket.assigntousers##&lt;br /&gt;##ENDIFticket.assigntousers####IFticket.assigntogroups##&lt;br /&gt;##ticket.assigntogroups## ##ENDIFticket.assigntogroups####IFticket.assigntosupplier##&lt;br /&gt;##ticket.assigntosupplier## ##ENDIFticket.assigntosupplier##&lt;/span&gt;&lt;/td&gt;\n&lt;td width=\"auto\"&gt;&lt;span style=\"font-size: 11px; text-align: left;\"&gt;##ticket.creationdate##&lt;/span&gt;&lt;/td&gt;\n&lt;td width=\"auto\"&gt;&lt;span style=\"font-size: 11px; text-align: left;\"&gt;##ticket.content##&lt;/span&gt;##ENDFOREACHtickets##&lt;/td&gt;\n&lt;/tr&gt;\n&lt;/tbody&gt;\n&lt;/table&gt;'),
(9, 9, '', '##consumable.action##  ##consumable.entity##', '##lang.consumable.entity## : ##consumable.entity##\n\n\n##FOREACHconsumables##\n##lang.consumable.item## : ##consumable.item##\n\n\n##lang.consumable.reference## : ##consumable.reference##\n\n##lang.consumable.remaining## : ##consumable.remaining##\n##lang.consumable.stock_target## : ##consumable.stock_target##\n##lang.consumable.to_order## : ##consumable.to_order##\n\n##consumable.url##\n\n##ENDFOREACHconsumables##', '&lt;p&gt;\n##lang.consumable.entity## : ##consumable.entity##\n&lt;br /&gt; &lt;br /&gt;##FOREACHconsumables##\n&lt;br /&gt;##lang.consumable.item## : ##consumable.item##&lt;br /&gt;\n&lt;br /&gt;##lang.consumable.reference## : ##consumable.reference##&lt;br /&gt;\n##lang.consumable.remaining## : ##consumable.remaining##&lt;br /&gt;\n##lang.consumable.stock_target## : ##consumable.stock_target##&lt;br /&gt;\n##lang.consumable.to_order## : ##consumable.to_order##&lt;br /&gt;\n&lt;a href=\"##consumable.url##\"&gt; ##consumable.url##&lt;/a&gt;&lt;br /&gt;\n   ##ENDFOREACHconsumables##&lt;/p&gt;'),
(10, 8, '', '##cartridge.action##  ##cartridge.entity##', '##lang.cartridge.entity## : ##cartridge.entity##\n\n\n##FOREACHcartridges##\n##lang.cartridge.item## : ##cartridge.item##\n\n\n##lang.cartridge.reference## : ##cartridge.reference##\n\n##lang.cartridge.remaining## : ##cartridge.remaining##\n##lang.cartridge.stock_target## : ##cartridge.stock_target##\n##lang.cartridge.to_order## : ##cartridge.to_order##\n\n##cartridge.url##\n ##ENDFOREACHcartridges##', '&lt;p&gt;##lang.cartridge.entity## : ##cartridge.entity##\n&lt;br /&gt; &lt;br /&gt;##FOREACHcartridges##\n&lt;br /&gt;##lang.cartridge.item## :\n##cartridge.item##&lt;br /&gt; &lt;br /&gt;\n##lang.cartridge.reference## :\n##cartridge.reference##&lt;br /&gt;\n##lang.cartridge.remaining## :\n##cartridge.remaining##&lt;br /&gt;\n##lang.cartridge.stock_target## :\n##cartridge.stock_target##&lt;br /&gt;\n##lang.cartridge.to_order## :\n##cartridge.to_order##&lt;br /&gt;\n&lt;a href=\"##cartridge.url##\"&gt;\n##cartridge.url##&lt;/a&gt;&lt;br /&gt;\n##ENDFOREACHcartridges##&lt;/p&gt;'),
(11, 10, '', '##infocom.action##  ##infocom.entity##', '##lang.infocom.entity## : ##infocom.entity##\n\n\n##FOREACHinfocoms##\n\n##lang.infocom.itemtype## : ##infocom.itemtype##\n\n##lang.infocom.item## : ##infocom.item##\n\n\n##lang.infocom.expirationdate## : ##infocom.expirationdate##\n\n##infocom.url##\n ##ENDFOREACHinfocoms##', '&lt;p&gt;##lang.infocom.entity## : ##infocom.entity##\n&lt;br /&gt; &lt;br /&gt;##FOREACHinfocoms##\n&lt;br /&gt;##lang.infocom.itemtype## : ##infocom.itemtype##&lt;br /&gt;\n##lang.infocom.item## : ##infocom.item##&lt;br /&gt; &lt;br /&gt;\n##lang.infocom.expirationdate## : ##infocom.expirationdate##\n&lt;br /&gt; &lt;a href=\"##infocom.url##\"&gt;\n##infocom.url##&lt;/a&gt;&lt;br /&gt;\n##ENDFOREACHinfocoms##&lt;/p&gt;'),
(12, 11, '', '##license.action##  ##license.entity##', '##lang.license.entity## : ##license.entity##\n\n##FOREACHlicenses##\n\n##lang.license.item## : ##license.item##\n\n##lang.license.serial## : ##license.serial##\n\n##lang.license.expirationdate## : ##license.expirationdate##\n\n##license.url##\n ##ENDFOREACHlicenses##', '&lt;p&gt;\n##lang.license.entity## : ##license.entity##&lt;br /&gt;\n##FOREACHlicenses##\n&lt;br /&gt;##lang.license.item## : ##license.item##&lt;br /&gt;\n##lang.license.serial## : ##license.serial##&lt;br /&gt;\n##lang.license.expirationdate## : ##license.expirationdate##\n&lt;br /&gt; &lt;a href=\"##license.url##\"&gt; ##license.url##\n&lt;/a&gt;&lt;br /&gt; ##ENDFOREACHlicenses##&lt;/p&gt;'),
(13, 13, '', '##user.action##', '##user.realname## ##user.firstname##\n\n##lang.passwordforget.information##\n\n##lang.passwordforget.link## ##user.passwordforgeturl##', '&lt;p&gt;&lt;strong&gt;##user.realname## ##user.firstname##&lt;/strong&gt;&lt;/p&gt;\n&lt;p&gt;##lang.passwordforget.information##&lt;/p&gt;\n&lt;p&gt;##lang.passwordforget.link## &lt;a title=\"##user.passwordforgeturl##\" href=\"##user.passwordforgeturl##\"&gt;##user.passwordforgeturl##&lt;/a&gt;&lt;/p&gt;'),
(14, 14, '', '##ticket.action## ##ticket.title##', '##lang.ticket.title## : ##ticket.title##\n\n##lang.ticket.closedate## : ##ticket.closedate##\n\n##lang.satisfaction.text## ##ticket.urlsatisfaction##', '&lt;p&gt;##lang.ticket.title## : ##ticket.title##&lt;/p&gt;\n&lt;p&gt;##lang.ticket.closedate## : ##ticket.closedate##&lt;/p&gt;\n&lt;p&gt;##lang.satisfaction.text## &lt;a href=\"##ticket.urlsatisfaction##\"&gt;##ticket.urlsatisfaction##&lt;/a&gt;&lt;/p&gt;'),
(15, 15, '', '##lang.unicity.action##', '##lang.unicity.entity## : ##unicity.entity##\n\n##lang.unicity.itemtype## : ##unicity.itemtype##\n\n##lang.unicity.message## : ##unicity.message##\n\n##lang.unicity.action_user## : ##unicity.action_user##\n\n##lang.unicity.action_type## : ##unicity.action_type##\n\n##lang.unicity.date## : ##unicity.date##', '&lt;p&gt;##lang.unicity.entity## : ##unicity.entity##&lt;/p&gt;\n&lt;p&gt;##lang.unicity.itemtype## : ##unicity.itemtype##&lt;/p&gt;\n&lt;p&gt;##lang.unicity.message## : ##unicity.message##&lt;/p&gt;\n&lt;p&gt;##lang.unicity.action_user## : ##unicity.action_user##&lt;/p&gt;\n&lt;p&gt;##lang.unicity.action_type## : ##unicity.action_type##&lt;/p&gt;\n&lt;p&gt;##lang.unicity.date## : ##unicity.date##&lt;/p&gt;'),
(16, 16, '', '##crontask.action##', '##lang.crontask.warning##\n\n##FOREACHcrontasks##\n ##crontask.name## : ##crontask.description##\n\n##ENDFOREACHcrontasks##', '&lt;p&gt;##lang.crontask.warning##&lt;/p&gt;\n&lt;p&gt;##FOREACHcrontasks## &lt;br /&gt;&lt;a href=\"##crontask.url##\"&gt;##crontask.name##&lt;/a&gt; : ##crontask.description##&lt;br /&gt; &lt;br /&gt;##ENDFOREACHcrontasks##&lt;/p&gt;'),
(17, 17, '', '##problem.action## ##problem.title##', '##IFproblem.storestatus=5##\n ##lang.problem.url## : ##problem.urlapprove##\n ##lang.problem.solvedate## : ##problem.solvedate##\n ##lang.problem.solution.type## : ##problem.solution.type##\n ##lang.problem.solution.description## : ##problem.solution.description## ##ENDIFproblem.storestatus##\n ##ELSEproblem.storestatus## ##lang.problem.url## : ##problem.url## ##ENDELSEproblem.storestatus##\n\n ##lang.problem.description##\n\n ##lang.problem.title##  :##problem.title##\n ##lang.problem.authors##  :##IFproblem.authors## ##problem.authors## ##ENDIFproblem.authors## ##ELSEproblem.authors##--##ENDELSEproblem.authors##\n ##lang.problem.creationdate##  :##problem.creationdate##\n ##IFproblem.assigntousers## ##lang.problem.assigntousers##  : ##problem.assigntousers## ##ENDIFproblem.assigntousers##\n ##lang.problem.status##  : ##problem.status##\n ##IFproblem.assigntogroups## ##lang.problem.assigntogroups##  : ##problem.assigntogroups## ##ENDIFproblem.assigntogroups##\n ##lang.problem.urgency##  : ##problem.urgency##\n ##lang.problem.impact##  : ##problem.impact##\n ##lang.problem.priority## : ##problem.priority##\n##IFproblem.category## ##lang.problem.category##  :##problem.category## ##ENDIFproblem.category## ##ELSEproblem.category## ##lang.problem.nocategoryassigned## ##ENDELSEproblem.category##\n ##lang.problem.content##  : ##problem.content##\n\n##IFproblem.storestatus=6##\n ##lang.problem.solvedate## : ##problem.solvedate##\n ##lang.problem.solution.type## : ##problem.solution.type##\n ##lang.problem.solution.description## : ##problem.solution.description##\n##ENDIFproblem.storestatus##\n ##lang.problem.numberoffollowups## : ##problem.numberoffollowups##\n\n##FOREACHfollowups##\n\n [##followup.date##] ##lang.followup.isprivate## : ##followup.isprivate##\n ##lang.followup.author## ##followup.author##\n ##lang.followup.description## ##followup.description##\n ##lang.followup.date## ##followup.date##\n ##lang.followup.requesttype## ##followup.requesttype##\n\n##ENDFOREACHfollowups##\n ##lang.problem.numberoftickets## : ##problem.numberoftickets##\n\n##FOREACHtickets##\n [##ticket.date##] ##lang.problem.title## : ##ticket.title##\n ##lang.problem.content## ##ticket.content##\n\n##ENDFOREACHtickets##\n ##lang.problem.numberoftasks## : ##problem.numberoftasks##\n\n##FOREACHtasks##\n [##task.date##]\n ##lang.task.author## ##task.author##\n ##lang.task.description## ##task.description##\n ##lang.task.time## ##task.time##\n ##lang.task.category## ##task.category##\n\n##ENDFOREACHtasks##\n', '&lt;p&gt;##IFproblem.storestatus=5##&lt;/p&gt;\n&lt;div&gt;##lang.problem.url## : &lt;a href=\"##problem.urlapprove##\"&gt;##problem.urlapprove##&lt;/a&gt;&lt;/div&gt;\n&lt;div&gt;&lt;span style=\"color: #888888;\"&gt;&lt;strong&gt;&lt;span style=\"text-decoration: underline;\"&gt;##lang.problem.solvedate##&lt;/span&gt;&lt;/strong&gt;&lt;/span&gt; : ##problem.solvedate##&lt;br /&gt;&lt;span style=\"text-decoration: underline; color: #888888;\"&gt;&lt;strong&gt;##lang.problem.solution.type##&lt;/strong&gt;&lt;/span&gt; : ##problem.solution.type##&lt;br /&gt;&lt;span style=\"text-decoration: underline; color: #888888;\"&gt;&lt;strong&gt;##lang.problem.solution.description##&lt;/strong&gt;&lt;/span&gt; : ##problem.solution.description## ##ENDIFproblem.storestatus##&lt;/div&gt;\n&lt;div&gt;##ELSEproblem.storestatus## ##lang.problem.url## : &lt;a href=\"##problem.url##\"&gt;##problem.url##&lt;/a&gt; ##ENDELSEproblem.storestatus##&lt;/div&gt;\n&lt;p class=\"description b\"&gt;&lt;strong&gt;##lang.problem.description##&lt;/strong&gt;&lt;/p&gt;\n&lt;p&gt;&lt;span style=\"color: #8b8c8f; font-weight: bold; text-decoration: underline;\"&gt; ##lang.problem.title##&lt;/span&gt;&#160;:##problem.title## &lt;br /&gt; &lt;span style=\"color: #8b8c8f; font-weight: bold; text-decoration: underline;\"&gt; ##lang.problem.authors##&lt;/span&gt;&#160;:##IFproblem.authors## ##problem.authors## ##ENDIFproblem.authors##    ##ELSEproblem.authors##--##ENDELSEproblem.authors## &lt;br /&gt; &lt;span style=\"color: #8b8c8f; font-weight: bold; text-decoration: underline;\"&gt; ##lang.problem.creationdate##&lt;/span&gt;&#160;:##problem.creationdate## &lt;br /&gt; ##IFproblem.assigntousers## &lt;span style=\"color: #8b8c8f; font-weight: bold; text-decoration: underline;\"&gt; ##lang.problem.assigntousers##&lt;/span&gt;&#160;: ##problem.assigntousers## ##ENDIFproblem.assigntousers##&lt;br /&gt; &lt;span style=\"color: #8b8c8f; font-weight: bold; text-decoration: underline;\"&gt;##lang.problem.status## &lt;/span&gt;&#160;: ##problem.status##&lt;br /&gt; ##IFproblem.assigntogroups## &lt;span style=\"color: #8b8c8f; font-weight: bold; text-decoration: underline;\"&gt; ##lang.problem.assigntogroups##&lt;/span&gt;&#160;: ##problem.assigntogroups## ##ENDIFproblem.assigntogroups##&lt;br /&gt; &lt;span style=\"color: #8b8c8f; font-weight: bold; text-decoration: underline;\"&gt; ##lang.problem.urgency##&lt;/span&gt;&#160;: ##problem.urgency##&lt;br /&gt; &lt;span style=\"color: #8b8c8f; font-weight: bold; text-decoration: underline;\"&gt; ##lang.problem.impact##&lt;/span&gt;&#160;: ##problem.impact##&lt;br /&gt; &lt;span style=\"color: #8b8c8f; font-weight: bold; text-decoration: underline;\"&gt; ##lang.problem.priority##&lt;/span&gt; : ##problem.priority## &lt;br /&gt;##IFproblem.category##&lt;span style=\"color: #8b8c8f; font-weight: bold; text-decoration: underline;\"&gt;##lang.problem.category## &lt;/span&gt;&#160;:##problem.category##  ##ENDIFproblem.category## ##ELSEproblem.category##  ##lang.problem.nocategoryassigned## ##ENDELSEproblem.category##    &lt;br /&gt; &lt;span style=\"color: #8b8c8f; font-weight: bold; text-decoration: underline;\"&gt; ##lang.problem.content##&lt;/span&gt;&#160;: ##problem.content##&lt;/p&gt;\n&lt;p&gt;##IFproblem.storestatus=6##&lt;br /&gt;&lt;span style=\"text-decoration: underline;\"&gt;&lt;strong&gt;&lt;span style=\"color: #888888;\"&gt;##lang.problem.solvedate##&lt;/span&gt;&lt;/strong&gt;&lt;/span&gt; : ##problem.solvedate##&lt;br /&gt;&lt;span style=\"color: #888888;\"&gt;&lt;strong&gt;&lt;span style=\"text-decoration: underline;\"&gt;##lang.problem.solution.type##&lt;/span&gt;&lt;/strong&gt;&lt;/span&gt; : ##problem.solution.type##&lt;br /&gt;&lt;span style=\"text-decoration: underline; color: #888888;\"&gt;&lt;strong&gt;##lang.problem.solution.description##&lt;/strong&gt;&lt;/span&gt; : ##problem.solution.description##&lt;br /&gt;##ENDIFproblem.storestatus##&lt;/p&gt;\n&lt;div class=\"description b\"&gt;##lang.problem.numberoffollowups##&#160;: ##problem.numberoffollowups##&lt;/div&gt;\n&lt;p&gt;##FOREACHfollowups##&lt;/p&gt;\n&lt;div class=\"description b\"&gt;&lt;br /&gt; &lt;strong&gt; [##followup.date##] &lt;em&gt;##lang.followup.isprivate## : ##followup.isprivate## &lt;/em&gt;&lt;/strong&gt;&lt;br /&gt; &lt;span style=\"color: #8b8c8f; font-weight: bold; text-decoration: underline;\"&gt; ##lang.followup.author## &lt;/span&gt; ##followup.author##&lt;br /&gt; &lt;span style=\"color: #8b8c8f; font-weight: bold; text-decoration: underline;\"&gt; ##lang.followup.description## &lt;/span&gt; ##followup.description##&lt;br /&gt; &lt;span style=\"color: #8b8c8f; font-weight: bold; text-decoration: underline;\"&gt; ##lang.followup.date## &lt;/span&gt; ##followup.date##&lt;br /&gt; &lt;span style=\"color: #8b8c8f; font-weight: bold; text-decoration: underline;\"&gt; ##lang.followup.requesttype## &lt;/span&gt; ##followup.requesttype##&lt;/div&gt;\n&lt;p&gt;##ENDFOREACHfollowups##&lt;/p&gt;\n&lt;div class=\"description b\"&gt;##lang.problem.numberoftickets##&#160;: ##problem.numberoftickets##&lt;/div&gt;\n&lt;p&gt;##FOREACHtickets##&lt;/p&gt;\n&lt;div&gt;&lt;strong&gt; [##ticket.date##] &lt;em&gt;##lang.problem.title## : &lt;a href=\"##ticket.url##\"&gt;##ticket.title## &lt;/a&gt;&lt;/em&gt;&lt;/strong&gt;&lt;br /&gt; &lt;span style=\"color: #8b8c8f; font-weight: bold; text-decoration: underline;\"&gt; &lt;/span&gt;&lt;span style=\"color: #8b8c8f; font-weight: bold; text-decoration: underline;\"&gt;##lang.problem.content## &lt;/span&gt; ##ticket.content##\n&lt;p&gt;##ENDFOREACHtickets##&lt;/p&gt;\n&lt;div class=\"description b\"&gt;##lang.problem.numberoftasks##&#160;: ##problem.numberoftasks##&lt;/div&gt;\n&lt;p&gt;##FOREACHtasks##&lt;/p&gt;\n&lt;div class=\"description b\"&gt;&lt;strong&gt;[##task.date##] &lt;/strong&gt;&lt;br /&gt; &lt;span style=\"color: #8b8c8f; font-weight: bold; text-decoration: underline;\"&gt; ##lang.task.author##&lt;/span&gt; ##task.author##&lt;br /&gt; &lt;span style=\"color: #8b8c8f; font-weight: bold; text-decoration: underline;\"&gt; ##lang.task.description##&lt;/span&gt; ##task.description##&lt;br /&gt; &lt;span style=\"color: #8b8c8f; font-weight: bold; text-decoration: underline;\"&gt; ##lang.task.time##&lt;/span&gt; ##task.time##&lt;br /&gt; &lt;span style=\"color: #8b8c8f; font-weight: bold; text-decoration: underline;\"&gt; ##lang.task.category##&lt;/span&gt; ##task.category##&lt;/div&gt;\n&lt;p&gt;##ENDFOREACHtasks##&lt;/p&gt;\n&lt;/div&gt;'),
(18, 18, '', '##recall.action##: ##recall.item.name##', '##recall.action##: ##recall.item.name##\n\n##recall.item.content##\n\n##lang.recall.planning.begin##: ##recall.planning.begin##\n##lang.recall.planning.end##: ##recall.planning.end##\n##lang.recall.planning.state##: ##recall.planning.state##\n##lang.recall.item.private##: ##recall.item.private##', '&lt;p&gt;##recall.action##: &lt;a href=\"##recall.item.url##\"&gt;##recall.item.name##&lt;/a&gt;&lt;/p&gt;\n&lt;p&gt;##recall.item.content##&lt;/p&gt;\n&lt;p&gt;##lang.recall.planning.begin##: ##recall.planning.begin##&lt;br /&gt;##lang.recall.planning.end##: ##recall.planning.end##&lt;br /&gt;##lang.recall.planning.state##: ##recall.planning.state##&lt;br /&gt;##lang.recall.item.private##: ##recall.item.private##&lt;br /&gt;&lt;br /&gt;&lt;/p&gt;\n&lt;p&gt;&lt;br /&gt;&lt;br /&gt;&lt;/p&gt;'),
(19, 19, '', '##change.action## ##change.title##', '##IFchange.storestatus=5##\n ##lang.change.url## : ##change.urlapprove##\n ##lang.change.solvedate## : ##change.solvedate##\n ##lang.change.solution.type## : ##change.solution.type##\n ##lang.change.solution.description## : ##change.solution.description## ##ENDIFchange.storestatus##\n ##ELSEchange.storestatus## ##lang.change.url## : ##change.url## ##ENDELSEchange.storestatus##\n\n ##lang.change.description##\n\n ##lang.change.title##  :##change.title##\n ##lang.change.authors##  :##IFchange.authors## ##change.authors## ##ENDIFchange.authors## ##ELSEchange.authors##--##ENDELSEchange.authors##\n ##lang.change.creationdate##  :##change.creationdate##\n ##IFchange.assigntousers## ##lang.change.assigntousers##  : ##change.assigntousers## ##ENDIFchange.assigntousers##\n ##lang.change.status##  : ##change.status##\n ##IFchange.assigntogroups## ##lang.change.assigntogroups##  : ##change.assigntogroups## ##ENDIFchange.assigntogroups##\n ##lang.change.urgency##  : ##change.urgency##\n ##lang.change.impact##  : ##change.impact##\n ##lang.change.priority## : ##change.priority##\n##IFchange.category## ##lang.change.category##  :##change.category## ##ENDIFchange.category## ##ELSEchange.category## ##lang.change.nocategoryassigned## ##ENDELSEchange.category##\n ##lang.change.content##  : ##change.content##\n\n##IFchange.storestatus=6##\n ##lang.change.solvedate## : ##change.solvedate##\n ##lang.change.solution.type## : ##change.solution.type##\n ##lang.change.solution.description## : ##change.solution.description##\n##ENDIFchange.storestatus##\n ##lang.change.numberoffollowups## : ##change.numberoffollowups##\n\n##FOREACHfollowups##\n\n [##followup.date##] ##lang.followup.isprivate## : ##followup.isprivate##\n ##lang.followup.author## ##followup.author##\n ##lang.followup.description## ##followup.description##\n ##lang.followup.date## ##followup.date##\n ##lang.followup.requesttype## ##followup.requesttype##\n\n##ENDFOREACHfollowups##\n ##lang.change.numberofproblems## : ##change.numberofproblems##\n\n##FOREACHproblems##\n [##problem.date##] ##lang.change.title## : ##problem.title##\n ##lang.change.content## ##problem.content##\n\n##ENDFOREACHproblems##\n ##lang.change.numberoftasks## : ##change.numberoftasks##\n\n##FOREACHtasks##\n [##task.date##]\n ##lang.task.author## ##task.author##\n ##lang.task.description## ##task.description##\n ##lang.task.time## ##task.time##\n ##lang.task.category## ##task.category##\n\n##ENDFOREACHtasks##\n', '&lt;p&gt;##IFchange.storestatus=5##&lt;/p&gt;\n&lt;div&gt;##lang.change.url## : &lt;a href=\"##change.urlapprove##\"&gt;##change.urlapprove##&lt;/a&gt;&lt;/div&gt;\n&lt;div&gt;&lt;span style=\"color: #888888;\"&gt;&lt;strong&gt;&lt;span style=\"text-decoration: underline;\"&gt;##lang.change.solvedate##&lt;/span&gt;&lt;/strong&gt;&lt;/span&gt; : ##change.solvedate##&lt;br /&gt;&lt;span style=\"text-decoration: underline; color: #888888;\"&gt;&lt;strong&gt;##lang.change.solution.type##&lt;/strong&gt;&lt;/span&gt; : ##change.solution.type##&lt;br /&gt;&lt;span style=\"text-decoration: underline; color: #888888;\"&gt;&lt;strong&gt;##lang.change.solution.description##&lt;/strong&gt;&lt;/span&gt; : ##change.solution.description## ##ENDIFchange.storestatus##&lt;/div&gt;\n&lt;div&gt;##ELSEchange.storestatus## ##lang.change.url## : &lt;a href=\"##change.url##\"&gt;##change.url##&lt;/a&gt; ##ENDELSEchange.storestatus##&lt;/div&gt;\n&lt;p class=\"description b\"&gt;&lt;strong&gt;##lang.change.description##&lt;/strong&gt;&lt;/p&gt;\n&lt;p&gt;&lt;span style=\"color: #8b8c8f; font-weight: bold; text-decoration: underline;\"&gt; ##lang.change.title##&lt;/span&gt;&#160;:##change.title## &lt;br /&gt; &lt;span style=\"color: #8b8c8f; font-weight: bold; text-decoration: underline;\"&gt; ##lang.change.authors##&lt;/span&gt;&#160;:##IFchange.authors## ##change.authors## ##ENDIFchange.authors##    ##ELSEchange.authors##--##ENDELSEchange.authors## &lt;br /&gt; &lt;span style=\"color: #8b8c8f; font-weight: bold; text-decoration: underline;\"&gt; ##lang.change.creationdate##&lt;/span&gt;&#160;:##change.creationdate## &lt;br /&gt; ##IFchange.assigntousers## &lt;span style=\"color: #8b8c8f; font-weight: bold; text-decoration: underline;\"&gt; ##lang.change.assigntousers##&lt;/span&gt;&#160;: ##change.assigntousers## ##ENDIFchange.assigntousers##&lt;br /&gt; &lt;span style=\"color: #8b8c8f; font-weight: bold; text-decoration: underline;\"&gt;##lang.change.status## &lt;/span&gt;&#160;: ##change.status##&lt;br /&gt; ##IFchange.assigntogroups## &lt;span style=\"color: #8b8c8f; font-weight: bold; text-decoration: underline;\"&gt; ##lang.change.assigntogroups##&lt;/span&gt;&#160;: ##change.assigntogroups## ##ENDIFchange.assigntogroups##&lt;br /&gt; &lt;span style=\"color: #8b8c8f; font-weight: bold; text-decoration: underline;\"&gt; ##lang.change.urgency##&lt;/span&gt;&#160;: ##change.urgency##&lt;br /&gt; &lt;span style=\"color: #8b8c8f; font-weight: bold; text-decoration: underline;\"&gt; ##lang.change.impact##&lt;/span&gt;&#160;: ##change.impact##&lt;br /&gt; &lt;span style=\"color: #8b8c8f; font-weight: bold; text-decoration: underline;\"&gt; ##lang.change.priority##&lt;/span&gt; : ##change.priority## &lt;br /&gt;##IFchange.category##&lt;span style=\"color: #8b8c8f; font-weight: bold; text-decoration: underline;\"&gt;##lang.change.category## &lt;/span&gt;&#160;:##change.category##  ##ENDIFchange.category## ##ELSEchange.category##  ##lang.change.nocategoryassigned## ##ENDELSEchange.category##    &lt;br /&gt; &lt;span style=\"color: #8b8c8f; font-weight: bold; text-decoration: underline;\"&gt; ##lang.change.content##&lt;/span&gt;&#160;: ##change.content##&lt;/p&gt;\n&lt;p&gt;##IFchange.storestatus=6##&lt;br /&gt;&lt;span style=\"text-decoration: underline;\"&gt;&lt;strong&gt;&lt;span style=\"color: #888888;\"&gt;##lang.change.solvedate##&lt;/span&gt;&lt;/strong&gt;&lt;/span&gt; : ##change.solvedate##&lt;br /&gt;&lt;span style=\"color: #888888;\"&gt;&lt;strong&gt;&lt;span style=\"text-decoration: underline;\"&gt;##lang.change.solution.type##&lt;/span&gt;&lt;/strong&gt;&lt;/span&gt; : ##change.solution.type##&lt;br /&gt;&lt;span style=\"text-decoration: underline; color: #888888;\"&gt;&lt;strong&gt;##lang.change.solution.description##&lt;/strong&gt;&lt;/span&gt; : ##change.solution.description##&lt;br /&gt;##ENDIFchange.storestatus##&lt;/p&gt;\n&lt;div class=\"description b\"&gt;##lang.change.numberoffollowups##&#160;: ##change.numberoffollowups##&lt;/div&gt;\n&lt;p&gt;##FOREACHfollowups##&lt;/p&gt;\n&lt;div class=\"description b\"&gt;&lt;br /&gt; &lt;strong&gt; [##followup.date##] &lt;em&gt;##lang.followup.isprivate## : ##followup.isprivate## &lt;/em&gt;&lt;/strong&gt;&lt;br /&gt; &lt;span style=\"color: #8b8c8f; font-weight: bold; text-decoration: underline;\"&gt; ##lang.followup.author## &lt;/span&gt; ##followup.author##&lt;br /&gt; &lt;span style=\"color: #8b8c8f; font-weight: bold; text-decoration: underline;\"&gt; ##lang.followup.description## &lt;/span&gt; ##followup.description##&lt;br /&gt; &lt;span style=\"color: #8b8c8f; font-weight: bold; text-decoration: underline;\"&gt; ##lang.followup.date## &lt;/span&gt; ##followup.date##&lt;br /&gt; &lt;span style=\"color: #8b8c8f; font-weight: bold; text-decoration: underline;\"&gt; ##lang.followup.requesttype## &lt;/span&gt; ##followup.requesttype##&lt;/div&gt;\n&lt;p&gt;##ENDFOREACHfollowups##&lt;/p&gt;\n&lt;div class=\"description b\"&gt;##lang.change.numberofproblems##&#160;: ##change.numberofproblems##&lt;/div&gt;\n&lt;p&gt;##FOREACHproblems##&lt;/p&gt;\n&lt;div&gt;&lt;strong&gt; [##problem.date##] &lt;em&gt;##lang.change.title## : &lt;a href=\"##problem.url##\"&gt;##problem.title## &lt;/a&gt;&lt;/em&gt;&lt;/strong&gt;&lt;br /&gt; &lt;span style=\"color: #8b8c8f; font-weight: bold; text-decoration: underline;\"&gt; &lt;/span&gt;&lt;span style=\"color: #8b8c8f; font-weight: bold; text-decoration: underline;\"&gt;##lang.change.content## &lt;/span&gt; ##problem.content##\n&lt;p&gt;##ENDFOREACHproblems##&lt;/p&gt;\n&lt;div class=\"description b\"&gt;##lang.change.numberoftasks##&#160;: ##change.numberoftasks##&lt;/div&gt;\n&lt;p&gt;##FOREACHtasks##&lt;/p&gt;\n&lt;div class=\"description b\"&gt;&lt;strong&gt;[##task.date##] &lt;/strong&gt;&lt;br /&gt; &lt;span style=\"color: #8b8c8f; font-weight: bold; text-decoration: underline;\"&gt; ##lang.task.author##&lt;/span&gt; ##task.author##&lt;br /&gt; &lt;span style=\"color: #8b8c8f; font-weight: bold; text-decoration: underline;\"&gt; ##lang.task.description##&lt;/span&gt; ##task.description##&lt;br /&gt; &lt;span style=\"color: #8b8c8f; font-weight: bold; text-decoration: underline;\"&gt; ##lang.task.time##&lt;/span&gt; ##task.time##&lt;br /&gt; &lt;span style=\"color: #8b8c8f; font-weight: bold; text-decoration: underline;\"&gt; ##lang.task.category##&lt;/span&gt; ##task.category##&lt;/div&gt;\n&lt;p&gt;##ENDFOREACHtasks##&lt;/p&gt;\n&lt;/div&gt;'),
(20, 20, '', '##mailcollector.action##', '##FOREACHmailcollectors##\n##lang.mailcollector.name## : ##mailcollector.name##\n##lang.mailcollector.errors## : ##mailcollector.errors##\n##mailcollector.url##\n##ENDFOREACHmailcollectors##', '&lt;p&gt;##FOREACHmailcollectors##&lt;br /&gt;##lang.mailcollector.name## : ##mailcollector.name##&lt;br /&gt; ##lang.mailcollector.errors## : ##mailcollector.errors##&lt;br /&gt;&lt;a href=\"##mailcollector.url##\"&gt;##mailcollector.url##&lt;/a&gt;&lt;br /&gt; ##ENDFOREACHmailcollectors##&lt;/p&gt;\n&lt;p&gt;&lt;/p&gt;'),
(21, 21, '', '##project.action## ##project.name## ##project.code##', '##lang.project.url## : ##project.url##\n\n##lang.project.description##\n\n##lang.project.name## : ##project.name##\n##lang.project.code## : ##project.code##\n##lang.project.manager## : ##project.manager##\n##lang.project.managergroup## : ##project.managergroup##\n##lang.project.creationdate## : ##project.creationdate##\n##lang.project.priority## : ##project.priority##\n##lang.project.state## : ##project.state##\n##lang.project.type## : ##project.type##\n##lang.project.description## : ##project.description##\n\n##lang.project.numberoftasks## : ##project.numberoftasks##\n\n\n\n##FOREACHtasks##\n\n[##task.creationdate##]\n##lang.task.name## : ##task.name##\n##lang.task.state## : ##task.state##\n##lang.task.type## : ##task.type##\n##lang.task.percent## : ##task.percent##\n##lang.task.description## : ##task.description##\n\n##ENDFOREACHtasks##', '&lt;p&gt;##lang.project.url## : &lt;a href=\"##project.url##\"&gt;##project.url##&lt;/a&gt;&lt;/p&gt;\n&lt;p&gt;&lt;strong&gt;##lang.project.description##&lt;/strong&gt;&lt;/p&gt;\n&lt;p&gt;##lang.project.name## : ##project.name##&lt;br /&gt;##lang.project.code## : ##project.code##&lt;br /&gt; ##lang.project.manager## : ##project.manager##&lt;br /&gt;##lang.project.managergroup## : ##project.managergroup##&lt;br /&gt; ##lang.project.creationdate## : ##project.creationdate##&lt;br /&gt;##lang.project.priority## : ##project.priority## &lt;br /&gt;##lang.project.state## : ##project.state##&lt;br /&gt;##lang.project.type## : ##project.type##&lt;br /&gt;##lang.project.description## : ##project.description##&lt;/p&gt;\n&lt;p&gt;##lang.project.numberoftasks## : ##project.numberoftasks##&lt;/p&gt;\n&lt;div&gt;\n&lt;p&gt;##FOREACHtasks##&lt;/p&gt;\n&lt;div&gt;&lt;strong&gt;[##task.creationdate##] &lt;/strong&gt;&lt;br /&gt; ##lang.task.name## : ##task.name##&lt;br /&gt;##lang.task.state## : ##task.state##&lt;br /&gt;##lang.task.type## : ##task.type##&lt;br /&gt;##lang.task.percent## : ##task.percent##&lt;br /&gt;##lang.task.description## : ##task.description##&lt;/div&gt;\n&lt;p&gt;##ENDFOREACHtasks##&lt;/p&gt;\n&lt;/div&gt;');
INSERT INTO `glpi_notificationtemplatetranslations` (`id`, `notificationtemplates_id`, `language`, `subject`, `content_text`, `content_html`) VALUES
(22, 22, '', '##projecttask.action## ##projecttask.name##', '##lang.projecttask.url## : ##projecttask.url##\n\n##lang.projecttask.description##\n\n##lang.projecttask.name## : ##projecttask.name##\n##lang.projecttask.project## : ##projecttask.project##\n##lang.projecttask.creationdate## : ##projecttask.creationdate##\n##lang.projecttask.state## : ##projecttask.state##\n##lang.projecttask.type## : ##projecttask.type##\n##lang.projecttask.description## : ##projecttask.description##\n\n##lang.projecttask.numberoftasks## : ##projecttask.numberoftasks##\n\n\n\n##FOREACHtasks##\n\n[##task.creationdate##]\n##lang.task.name## : ##task.name##\n##lang.task.state## : ##task.state##\n##lang.task.type## : ##task.type##\n##lang.task.percent## : ##task.percent##\n##lang.task.description## : ##task.description##\n\n##ENDFOREACHtasks##', '&lt;p&gt;##lang.projecttask.url## : &lt;a href=\"##projecttask.url##\"&gt;##projecttask.url##&lt;/a&gt;&lt;/p&gt;\n&lt;p&gt;&lt;strong&gt;##lang.projecttask.description##&lt;/strong&gt;&lt;/p&gt;\n&lt;p&gt;##lang.projecttask.name## : ##projecttask.name##&lt;br /&gt;##lang.projecttask.project## : &lt;a href=\"##projecttask.projecturl##\"&gt;##projecttask.project##&lt;/a&gt;&lt;br /&gt;##lang.projecttask.creationdate## : ##projecttask.creationdate##&lt;br /&gt;##lang.projecttask.state## : ##projecttask.state##&lt;br /&gt;##lang.projecttask.type## : ##projecttask.type##&lt;br /&gt;##lang.projecttask.description## : ##projecttask.description##&lt;/p&gt;\n&lt;p&gt;##lang.projecttask.numberoftasks## : ##projecttask.numberoftasks##&lt;/p&gt;\n&lt;div&gt;\n&lt;p&gt;##FOREACHtasks##&lt;/p&gt;\n&lt;div&gt;&lt;strong&gt;[##task.creationdate##] &lt;/strong&gt;&lt;br /&gt;##lang.task.name## : ##task.name##&lt;br /&gt;##lang.task.state## : ##task.state##&lt;br /&gt;##lang.task.type## : ##task.type##&lt;br /&gt;##lang.task.percent## : ##task.percent##&lt;br /&gt;##lang.task.description## : ##task.description##&lt;/div&gt;\n&lt;p&gt;##ENDFOREACHtasks##&lt;/p&gt;\n&lt;/div&gt;'),
(23, 23, '', '##objectlock.action##', '##objectlock.type## ###objectlock.id## - ##objectlock.name##\n\n      ##lang.objectlock.url##\n      ##objectlock.url##\n\n      ##lang.objectlock.date_mod##\n      ##objectlock.date_mod##\n\n      Hello ##objectlock.lockedby.firstname##,\n      Could go to this item and unlock it for me?\n      Thank you,\n      Regards,\n      ##objectlock.requester.firstname##', '&lt;table&gt;\n      &lt;tbody&gt;\n      &lt;tr&gt;&lt;th colspan=\"2\"&gt;&lt;a href=\"##objectlock.url##\"&gt;##objectlock.type## ###objectlock.id## - ##objectlock.name##&lt;/a&gt;&lt;/th&gt;&lt;/tr&gt;\n      &lt;tr&gt;\n      &lt;td&gt;##lang.objectlock.url##&lt;/td&gt;\n      &lt;td&gt;##objectlock.url##&lt;/td&gt;\n      &lt;/tr&gt;\n      &lt;tr&gt;\n      &lt;td&gt;##lang.objectlock.date_mod##&lt;/td&gt;\n      &lt;td&gt;##objectlock.date_mod##&lt;/td&gt;\n      &lt;/tr&gt;\n      &lt;/tbody&gt;\n      &lt;/table&gt;\n      &lt;p&gt;&lt;span style=\"font-size: small;\"&gt;Hello ##objectlock.lockedby.firstname##,&lt;br /&gt;Could go to this item and unlock it for me?&lt;br /&gt;Thank you,&lt;br /&gt;Regards,&lt;br /&gt;##objectlock.requester.firstname## ##objectlock.requester.lastname##&lt;/span&gt;&lt;/p&gt;'),
(24, 24, '', '##savedsearch.action## ##savedsearch.name##', '##savedsearch.type## ###savedsearch.id## - ##savedsearch.name##\n\n      ##savedsearch.message##\n\n      ##lang.savedsearch.url##\n      ##savedsearch.url##\n\n      Regards,', '&lt;table&gt;\n      &lt;tbody&gt;\n      &lt;tr&gt;&lt;th colspan=\"2\"&gt;&lt;a href=\"##savedsearch.url##\"&gt;##savedsearch.type## ###savedsearch.id## - ##savedsearch.name##&lt;/a&gt;&lt;/th&gt;&lt;/tr&gt;\n      &lt;tr&gt;&lt;td colspan=\"2\"&gt;&lt;a href=\"##savedsearch.url##\"&gt;##savedsearch.message##&lt;/a&gt;&lt;/td&gt;&lt;/tr&gt;\n      &lt;tr&gt;\n      &lt;td&gt;##lang.savedsearch.url##&lt;/td&gt;\n      &lt;td&gt;##savedsearch.url##&lt;/td&gt;\n      &lt;/tr&gt;\n      &lt;/tbody&gt;\n      &lt;/table&gt;\n      &lt;p&gt;&lt;span style=\"font-size: small;\"&gt;Hello &lt;br /&gt;Regards,&lt;/span&gt;&lt;/p&gt;'),
(25, 25, '', '##certificate.action##  ##certificate.name##', '##lang.certificate.entity## : ##certificate.entity##\n\n##lang.certificate.serial## : ##certificate.serial##\n\n##lang.certificate.expirationdate## : ##certificate.expirationdate##\n\n##certificate.url##', '&lt;p&gt;\n##lang.certificate.entity## : ##certificate.entity##&lt;br /&gt;\n&lt;br /&gt;##lang.certificate.name## : ##certificate.name##&lt;br /&gt;\n##lang.certificate.serial## : ##certificate.serial##&lt;br /&gt;\n##lang.certificate.expirationdate## : ##certificate.expirationdate##\n&lt;br /&gt; &lt;a href=\"##certificate.url##\"&gt; ##certificate.url##\n&lt;/a&gt;&lt;br /&gt;\n&lt;/p&gt;'),
(26, 26, '', '##domain.action## : ##domain.name##', '##lang.domain.entity## :##domain.entity##\n   ##lang.domain.name## : ##domain.name## - ##lang.domain.dateexpiration## : ##domain.dateexpiration##', '&lt;p&gt;##lang.domain.entity## :##domain.entity##&lt;br /&gt; &lt;br /&gt;\n                        ##lang.domain.name##  : ##domain.name## - ##lang.domain.dateexpiration## :  ##domain.dateexpiration##&lt;br /&gt;\n                        &lt;/p&gt;'),
(27, 27, '', '##user.action##', '##user.realname## ##user.firstname##,\n\n##IFuser.password.has_expired=1##\n##lang.password.has_expired.information##\n##ENDIFuser.password.has_expired##\n##ELSEuser.password.has_expired##\n##lang.password.expires_soon.information##\n##ENDELSEuser.password.has_expired##\n##lang.user.password.expiration.date##: ##user.password.expiration.date##\n##IFuser.account.lock.date##\n##lang.user.account.lock.date##: ##user.account.lock.date##\n##ENDIFuser.account.lock.date##\n\n##password.update.link## ##user.password.update.url##', '&lt;p&gt;&lt;strong&gt;##user.realname## ##user.firstname##&lt;/strong&gt;&lt;/p&gt;\n\n##IFuser.password.has_expired=1##\n&lt;p&gt;##lang.password.has_expired.information##&lt;/p&gt;\n##ENDIFuser.password.has_expired##\n##ELSEuser.password.has_expired##\n&lt;p&gt;##lang.password.expires_soon.information##&lt;/p&gt;\n##ENDELSEuser.password.has_expired##\n&lt;p&gt;##lang.user.password.expiration.date##: ##user.password.expiration.date##&lt;/p&gt;\n##IFuser.account.lock.date##\n&lt;p&gt;##lang.user.account.lock.date##: ##user.account.lock.date##&lt;/p&gt;\n##ENDIFuser.account.lock.date##\n\n&lt;p&gt;##lang.password.update.link## &lt;a href=\"##user.password.update.url##\"&gt;##user.password.update.url##&lt;/a&gt;&lt;/p&gt;'),
(28, 28, '', '##lang.plugins_updates_available##', '##lang.plugins_updates_available##\n\n##FOREACHplugins##\n##plugin.name## :##plugin.old_version## -&gt; ##plugin.version##\n##ENDFOREACHplugins##\n\n##lang.marketplace.url## : ##marketplace.url##', '&lt;p&gt;##lang.plugins_updates_available##&lt;/p&gt;\n&lt;ul&gt;##FOREACHplugins##\n&lt;li&gt;##plugin.name## :##plugin.old_version## -&gt; ##plugin.version##&lt;/li&gt;\n##ENDFOREACHplugins##&lt;/ul&gt;\n&lt;p&gt;##lang.marketplace.url## : &lt;a title=\"##lang.marketplace.url##\" href=\"##marketplace.url##\" target=\"_blank\" rel=\"noopener\"&gt;##marketplace.url##&lt;/a&gt;&lt;/p&gt;');

-- --------------------------------------------------------

--
-- Estructura de tabla para la tabla `glpi_notimportedemails`
--

CREATE TABLE `glpi_notimportedemails` (
  `id` int(10) UNSIGNED NOT NULL,
  `from` varchar(255) COLLATE utf8mb4_unicode_ci NOT NULL,
  `to` varchar(255) COLLATE utf8mb4_unicode_ci NOT NULL,
  `mailcollectors_id` int(10) UNSIGNED NOT NULL DEFAULT '0',
  `date` timestamp NOT NULL DEFAULT CURRENT_TIMESTAMP,
  `subject` text COLLATE utf8mb4_unicode_ci,
  `messageid` varchar(255) COLLATE utf8mb4_unicode_ci NOT NULL,
  `reason` int(11) NOT NULL DEFAULT '0',
  `users_id` int(10) UNSIGNED NOT NULL DEFAULT '0'
) ENGINE=InnoDB DEFAULT CHARSET=utf8mb4 COLLATE=utf8mb4_unicode_ci ROW_FORMAT=DYNAMIC;

-- --------------------------------------------------------

--
-- Estructura de tabla para la tabla `glpi_objectlocks`
--

CREATE TABLE `glpi_objectlocks` (
  `id` int(10) UNSIGNED NOT NULL,
  `itemtype` varchar(100) COLLATE utf8mb4_unicode_ci NOT NULL COMMENT 'Type of locked object',
  `items_id` int(10) UNSIGNED NOT NULL COMMENT 'RELATION to various tables, according to itemtype (ID)',
  `users_id` int(10) UNSIGNED NOT NULL COMMENT 'id of the locker',
  `date` timestamp NOT NULL DEFAULT CURRENT_TIMESTAMP
) ENGINE=InnoDB DEFAULT CHARSET=utf8mb4 COLLATE=utf8mb4_unicode_ci ROW_FORMAT=DYNAMIC;

-- --------------------------------------------------------

--
-- Estructura de tabla para la tabla `glpi_olalevelactions`
--

CREATE TABLE `glpi_olalevelactions` (
  `id` int(10) UNSIGNED NOT NULL,
  `olalevels_id` int(10) UNSIGNED NOT NULL DEFAULT '0',
  `action_type` varchar(255) COLLATE utf8mb4_unicode_ci DEFAULT NULL,
  `field` varchar(255) COLLATE utf8mb4_unicode_ci DEFAULT NULL,
  `value` varchar(255) COLLATE utf8mb4_unicode_ci DEFAULT NULL
) ENGINE=InnoDB DEFAULT CHARSET=utf8mb4 COLLATE=utf8mb4_unicode_ci ROW_FORMAT=DYNAMIC;

-- --------------------------------------------------------

--
-- Estructura de tabla para la tabla `glpi_olalevelcriterias`
--

CREATE TABLE `glpi_olalevelcriterias` (
  `id` int(10) UNSIGNED NOT NULL,
  `olalevels_id` int(10) UNSIGNED NOT NULL DEFAULT '0',
  `criteria` varchar(255) COLLATE utf8mb4_unicode_ci DEFAULT NULL,
  `condition` int(11) NOT NULL DEFAULT '0' COMMENT 'see define.php PATTERN_* and REGEX_* constant',
  `pattern` varchar(255) COLLATE utf8mb4_unicode_ci DEFAULT NULL
) ENGINE=InnoDB DEFAULT CHARSET=utf8mb4 COLLATE=utf8mb4_unicode_ci ROW_FORMAT=DYNAMIC;

-- --------------------------------------------------------

--
-- Estructura de tabla para la tabla `glpi_olalevels`
--

CREATE TABLE `glpi_olalevels` (
  `id` int(10) UNSIGNED NOT NULL,
  `name` varchar(255) COLLATE utf8mb4_unicode_ci DEFAULT NULL,
  `olas_id` int(10) UNSIGNED NOT NULL DEFAULT '0',
  `execution_time` int(11) NOT NULL,
  `is_active` tinyint(4) NOT NULL DEFAULT '1',
  `entities_id` int(10) UNSIGNED NOT NULL DEFAULT '0',
  `is_recursive` tinyint(4) NOT NULL DEFAULT '0',
  `match` char(10) COLLATE utf8mb4_unicode_ci DEFAULT NULL COMMENT 'see define.php *_MATCHING constant',
  `uuid` varchar(255) COLLATE utf8mb4_unicode_ci DEFAULT NULL
) ENGINE=InnoDB DEFAULT CHARSET=utf8mb4 COLLATE=utf8mb4_unicode_ci ROW_FORMAT=DYNAMIC;

-- --------------------------------------------------------

--
-- Estructura de tabla para la tabla `glpi_olalevels_tickets`
--

CREATE TABLE `glpi_olalevels_tickets` (
  `id` int(10) UNSIGNED NOT NULL,
  `tickets_id` int(10) UNSIGNED NOT NULL DEFAULT '0',
  `olalevels_id` int(10) UNSIGNED NOT NULL DEFAULT '0',
  `date` timestamp NULL DEFAULT NULL
) ENGINE=InnoDB DEFAULT CHARSET=utf8mb4 COLLATE=utf8mb4_unicode_ci ROW_FORMAT=DYNAMIC;

-- --------------------------------------------------------

--
-- Estructura de tabla para la tabla `glpi_olas`
--

CREATE TABLE `glpi_olas` (
  `id` int(10) UNSIGNED NOT NULL,
  `name` varchar(255) COLLATE utf8mb4_unicode_ci DEFAULT NULL,
  `entities_id` int(10) UNSIGNED NOT NULL DEFAULT '0',
  `is_recursive` tinyint(4) NOT NULL DEFAULT '0',
  `type` int(11) NOT NULL DEFAULT '0',
  `comment` text COLLATE utf8mb4_unicode_ci,
  `number_time` int(11) NOT NULL,
  `use_ticket_calendar` tinyint(4) NOT NULL DEFAULT '0',
  `calendars_id` int(10) UNSIGNED NOT NULL DEFAULT '0',
  `date_mod` timestamp NULL DEFAULT NULL,
  `definition_time` varchar(255) COLLATE utf8mb4_unicode_ci DEFAULT NULL,
  `end_of_working_day` tinyint(4) NOT NULL DEFAULT '0',
  `date_creation` timestamp NULL DEFAULT NULL,
  `slms_id` int(10) UNSIGNED NOT NULL DEFAULT '0'
) ENGINE=InnoDB DEFAULT CHARSET=utf8mb4 COLLATE=utf8mb4_unicode_ci ROW_FORMAT=DYNAMIC;

-- --------------------------------------------------------

--
-- Estructura de tabla para la tabla `glpi_operatingsystemarchitectures`
--

CREATE TABLE `glpi_operatingsystemarchitectures` (
  `id` int(10) UNSIGNED NOT NULL,
  `name` varchar(255) COLLATE utf8mb4_unicode_ci DEFAULT NULL,
  `comment` text COLLATE utf8mb4_unicode_ci,
  `date_mod` timestamp NULL DEFAULT NULL,
  `date_creation` timestamp NULL DEFAULT NULL
) ENGINE=InnoDB DEFAULT CHARSET=utf8mb4 COLLATE=utf8mb4_unicode_ci ROW_FORMAT=DYNAMIC;

--
-- Volcado de datos para la tabla `glpi_operatingsystemarchitectures`
--

INSERT INTO `glpi_operatingsystemarchitectures` (`id`, `name`, `comment`, `date_mod`, `date_creation`) VALUES
(1, '64-bit', '', '2024-08-09 21:56:29', '2024-08-09 21:56:29'),
(2, 'x86_64', '', '2024-08-22 01:47:12', '2024-08-22 01:47:12');

-- --------------------------------------------------------

--
-- Estructura de tabla para la tabla `glpi_operatingsystemeditions`
--

CREATE TABLE `glpi_operatingsystemeditions` (
  `id` int(10) UNSIGNED NOT NULL,
  `name` varchar(255) COLLATE utf8mb4_unicode_ci DEFAULT NULL,
  `comment` text COLLATE utf8mb4_unicode_ci,
  `date_mod` timestamp NULL DEFAULT NULL,
  `date_creation` timestamp NULL DEFAULT NULL
) ENGINE=InnoDB DEFAULT CHARSET=utf8mb4 COLLATE=utf8mb4_unicode_ci ROW_FORMAT=DYNAMIC;

--
-- Volcado de datos para la tabla `glpi_operatingsystemeditions`
--

INSERT INTO `glpi_operatingsystemeditions` (`id`, `name`, `comment`, `date_mod`, `date_creation`) VALUES
(1, 'Pro', '', '2024-08-09 21:56:29', '2024-08-09 21:56:29');

-- --------------------------------------------------------

--
-- Estructura de tabla para la tabla `glpi_operatingsystemkernels`
--

CREATE TABLE `glpi_operatingsystemkernels` (
  `id` int(10) UNSIGNED NOT NULL,
  `name` varchar(255) COLLATE utf8mb4_unicode_ci DEFAULT NULL,
  `comment` text COLLATE utf8mb4_unicode_ci,
  `date_mod` timestamp NULL DEFAULT NULL,
  `date_creation` timestamp NULL DEFAULT NULL
) ENGINE=InnoDB DEFAULT CHARSET=utf8mb4 COLLATE=utf8mb4_unicode_ci ROW_FORMAT=DYNAMIC;

--
-- Volcado de datos para la tabla `glpi_operatingsystemkernels`
--

INSERT INTO `glpi_operatingsystemkernels` (`id`, `name`, `comment`, `date_mod`, `date_creation`) VALUES
(1, 'MSWin32', '', '2024-08-09 21:56:29', '2024-08-09 21:56:29'),
(2, 'darwin', '', '2024-08-22 01:47:12', '2024-08-22 01:47:12');

-- --------------------------------------------------------

--
-- Estructura de tabla para la tabla `glpi_operatingsystemkernelversions`
--

CREATE TABLE `glpi_operatingsystemkernelversions` (
  `id` int(10) UNSIGNED NOT NULL,
  `operatingsystemkernels_id` int(10) UNSIGNED NOT NULL DEFAULT '0',
  `name` varchar(255) COLLATE utf8mb4_unicode_ci DEFAULT NULL,
  `comment` text COLLATE utf8mb4_unicode_ci,
  `date_mod` timestamp NULL DEFAULT NULL,
  `date_creation` timestamp NULL DEFAULT NULL
) ENGINE=InnoDB DEFAULT CHARSET=utf8mb4 COLLATE=utf8mb4_unicode_ci ROW_FORMAT=DYNAMIC;

--
-- Volcado de datos para la tabla `glpi_operatingsystemkernelversions`
--

INSERT INTO `glpi_operatingsystemkernelversions` (`id`, `operatingsystemkernels_id`, `name`, `comment`, `date_mod`, `date_creation`) VALUES
(1, 1, '10.0.19045', '', '2024-08-09 21:56:29', '2024-08-09 21:56:29'),
(2, 2, '21.6.0', '', '2024-08-22 01:47:12', '2024-08-22 01:47:12');

-- --------------------------------------------------------

--
-- Estructura de tabla para la tabla `glpi_operatingsystems`
--

CREATE TABLE `glpi_operatingsystems` (
  `id` int(10) UNSIGNED NOT NULL,
  `name` varchar(255) COLLATE utf8mb4_unicode_ci DEFAULT NULL,
  `comment` text COLLATE utf8mb4_unicode_ci,
  `date_mod` timestamp NULL DEFAULT NULL,
  `date_creation` timestamp NULL DEFAULT NULL
) ENGINE=InnoDB DEFAULT CHARSET=utf8mb4 COLLATE=utf8mb4_unicode_ci ROW_FORMAT=DYNAMIC;

--
-- Volcado de datos para la tabla `glpi_operatingsystems`
--

INSERT INTO `glpi_operatingsystems` (`id`, `name`, `comment`, `date_mod`, `date_creation`) VALUES
(1, 'Windows', '', '2024-08-09 21:56:29', '2024-08-09 21:56:29'),
(2, 'MacOSX', '', '2024-08-22 01:47:12', '2024-08-22 01:47:12');

-- --------------------------------------------------------

--
-- Estructura de tabla para la tabla `glpi_operatingsystemservicepacks`
--

CREATE TABLE `glpi_operatingsystemservicepacks` (
  `id` int(10) UNSIGNED NOT NULL,
  `name` varchar(255) COLLATE utf8mb4_unicode_ci DEFAULT NULL,
  `comment` text COLLATE utf8mb4_unicode_ci,
  `date_mod` timestamp NULL DEFAULT NULL,
  `date_creation` timestamp NULL DEFAULT NULL
) ENGINE=InnoDB DEFAULT CHARSET=utf8mb4 COLLATE=utf8mb4_unicode_ci ROW_FORMAT=DYNAMIC;

-- --------------------------------------------------------

--
-- Estructura de tabla para la tabla `glpi_operatingsystemversions`
--

CREATE TABLE `glpi_operatingsystemversions` (
  `id` int(10) UNSIGNED NOT NULL,
  `name` varchar(255) COLLATE utf8mb4_unicode_ci DEFAULT NULL,
  `comment` text COLLATE utf8mb4_unicode_ci,
  `date_mod` timestamp NULL DEFAULT NULL,
  `date_creation` timestamp NULL DEFAULT NULL
) ENGINE=InnoDB DEFAULT CHARSET=utf8mb4 COLLATE=utf8mb4_unicode_ci ROW_FORMAT=DYNAMIC;

--
-- Volcado de datos para la tabla `glpi_operatingsystemversions`
--

INSERT INTO `glpi_operatingsystemversions` (`id`, `name`, `comment`, `date_mod`, `date_creation`) VALUES
(1, '2009', '', '2024-08-09 21:56:29', '2024-08-09 21:56:29'),
(2, '12.7.6 (21H1320)', '', '2024-08-22 01:47:12', '2024-08-22 01:47:12');

-- --------------------------------------------------------

--
-- Estructura de tabla para la tabla `glpi_passivedcequipmentmodels`
--

CREATE TABLE `glpi_passivedcequipmentmodels` (
  `id` int(10) UNSIGNED NOT NULL,
  `name` varchar(255) COLLATE utf8mb4_unicode_ci DEFAULT NULL,
  `comment` text COLLATE utf8mb4_unicode_ci,
  `product_number` varchar(255) COLLATE utf8mb4_unicode_ci DEFAULT NULL,
  `weight` int(11) NOT NULL DEFAULT '0',
  `required_units` int(11) NOT NULL DEFAULT '1',
  `depth` float NOT NULL DEFAULT '1',
  `power_connections` int(11) NOT NULL DEFAULT '0',
  `power_consumption` int(11) NOT NULL DEFAULT '0',
  `is_half_rack` tinyint(4) NOT NULL DEFAULT '0',
  `picture_front` text COLLATE utf8mb4_unicode_ci,
  `picture_rear` text COLLATE utf8mb4_unicode_ci,
  `pictures` text COLLATE utf8mb4_unicode_ci,
  `date_mod` timestamp NULL DEFAULT NULL,
  `date_creation` timestamp NULL DEFAULT NULL
) ENGINE=InnoDB DEFAULT CHARSET=utf8mb4 COLLATE=utf8mb4_unicode_ci ROW_FORMAT=DYNAMIC;

-- --------------------------------------------------------

--
-- Estructura de tabla para la tabla `glpi_passivedcequipments`
--

CREATE TABLE `glpi_passivedcequipments` (
  `id` int(10) UNSIGNED NOT NULL,
  `name` varchar(255) COLLATE utf8mb4_unicode_ci DEFAULT NULL,
  `entities_id` int(10) UNSIGNED NOT NULL DEFAULT '0',
  `is_recursive` tinyint(4) NOT NULL DEFAULT '0',
  `locations_id` int(10) UNSIGNED NOT NULL DEFAULT '0',
  `serial` varchar(255) COLLATE utf8mb4_unicode_ci DEFAULT NULL,
  `otherserial` varchar(255) COLLATE utf8mb4_unicode_ci DEFAULT NULL,
  `passivedcequipmentmodels_id` int(10) UNSIGNED DEFAULT NULL,
  `passivedcequipmenttypes_id` int(10) UNSIGNED NOT NULL DEFAULT '0',
  `users_id_tech` int(10) UNSIGNED NOT NULL DEFAULT '0',
  `groups_id_tech` int(10) UNSIGNED NOT NULL DEFAULT '0',
  `is_template` tinyint(4) NOT NULL DEFAULT '0',
  `template_name` varchar(255) COLLATE utf8mb4_unicode_ci DEFAULT NULL,
  `is_deleted` tinyint(4) NOT NULL DEFAULT '0',
  `states_id` int(10) UNSIGNED NOT NULL DEFAULT '0' COMMENT 'RELATION to states (id)',
  `comment` text COLLATE utf8mb4_unicode_ci,
  `manufacturers_id` int(10) UNSIGNED NOT NULL DEFAULT '0',
  `date_mod` timestamp NULL DEFAULT NULL,
  `date_creation` timestamp NULL DEFAULT NULL
) ENGINE=InnoDB DEFAULT CHARSET=utf8mb4 COLLATE=utf8mb4_unicode_ci ROW_FORMAT=DYNAMIC;

-- --------------------------------------------------------

--
-- Estructura de tabla para la tabla `glpi_passivedcequipmenttypes`
--

CREATE TABLE `glpi_passivedcequipmenttypes` (
  `id` int(10) UNSIGNED NOT NULL,
  `name` varchar(255) COLLATE utf8mb4_unicode_ci DEFAULT NULL,
  `comment` text COLLATE utf8mb4_unicode_ci,
  `date_mod` timestamp NULL DEFAULT NULL,
  `date_creation` timestamp NULL DEFAULT NULL
) ENGINE=InnoDB DEFAULT CHARSET=utf8mb4 COLLATE=utf8mb4_unicode_ci ROW_FORMAT=DYNAMIC;

-- --------------------------------------------------------

--
-- Estructura de tabla para la tabla `glpi_pcivendors`
--

CREATE TABLE `glpi_pcivendors` (
  `id` int(10) UNSIGNED NOT NULL,
  `entities_id` int(10) UNSIGNED NOT NULL DEFAULT '0',
  `is_recursive` tinyint(4) NOT NULL DEFAULT '0',
  `vendorid` varchar(4) COLLATE utf8mb4_unicode_ci NOT NULL,
  `deviceid` varchar(4) COLLATE utf8mb4_unicode_ci DEFAULT NULL,
  `name` varchar(255) COLLATE utf8mb4_unicode_ci DEFAULT NULL,
  `comment` text COLLATE utf8mb4_unicode_ci,
  `date_creation` timestamp NULL DEFAULT NULL,
  `date_mod` timestamp NULL DEFAULT NULL
) ENGINE=InnoDB DEFAULT CHARSET=utf8mb4 COLLATE=utf8mb4_unicode_ci ROW_FORMAT=DYNAMIC;

-- --------------------------------------------------------

--
-- Estructura de tabla para la tabla `glpi_pdumodels`
--

CREATE TABLE `glpi_pdumodels` (
  `id` int(10) UNSIGNED NOT NULL,
  `name` varchar(255) COLLATE utf8mb4_unicode_ci DEFAULT NULL,
  `comment` text COLLATE utf8mb4_unicode_ci,
  `product_number` varchar(255) COLLATE utf8mb4_unicode_ci DEFAULT NULL,
  `weight` int(11) NOT NULL DEFAULT '0',
  `required_units` int(11) NOT NULL DEFAULT '1',
  `depth` float NOT NULL DEFAULT '1',
  `power_connections` int(11) NOT NULL DEFAULT '0',
  `max_power` int(11) NOT NULL DEFAULT '0',
  `is_half_rack` tinyint(4) NOT NULL DEFAULT '0',
  `picture_front` text COLLATE utf8mb4_unicode_ci,
  `picture_rear` text COLLATE utf8mb4_unicode_ci,
  `pictures` text COLLATE utf8mb4_unicode_ci,
  `is_rackable` tinyint(4) NOT NULL DEFAULT '0',
  `date_mod` timestamp NULL DEFAULT NULL,
  `date_creation` timestamp NULL DEFAULT NULL
) ENGINE=InnoDB DEFAULT CHARSET=utf8mb4 COLLATE=utf8mb4_unicode_ci ROW_FORMAT=DYNAMIC;

-- --------------------------------------------------------

--
-- Estructura de tabla para la tabla `glpi_pdus`
--

CREATE TABLE `glpi_pdus` (
  `id` int(10) UNSIGNED NOT NULL,
  `name` varchar(255) COLLATE utf8mb4_unicode_ci DEFAULT NULL,
  `entities_id` int(10) UNSIGNED NOT NULL DEFAULT '0',
  `is_recursive` tinyint(4) NOT NULL DEFAULT '0',
  `locations_id` int(10) UNSIGNED NOT NULL DEFAULT '0',
  `serial` varchar(255) COLLATE utf8mb4_unicode_ci DEFAULT NULL,
  `otherserial` varchar(255) COLLATE utf8mb4_unicode_ci DEFAULT NULL,
  `pdumodels_id` int(10) UNSIGNED DEFAULT NULL,
  `users_id_tech` int(10) UNSIGNED NOT NULL DEFAULT '0',
  `groups_id_tech` int(10) UNSIGNED NOT NULL DEFAULT '0',
  `is_template` tinyint(4) NOT NULL DEFAULT '0',
  `template_name` varchar(255) COLLATE utf8mb4_unicode_ci DEFAULT NULL,
  `is_deleted` tinyint(4) NOT NULL DEFAULT '0',
  `states_id` int(10) UNSIGNED NOT NULL DEFAULT '0' COMMENT 'RELATION to states (id)',
  `comment` text COLLATE utf8mb4_unicode_ci,
  `manufacturers_id` int(10) UNSIGNED NOT NULL DEFAULT '0',
  `pdutypes_id` int(10) UNSIGNED NOT NULL DEFAULT '0',
  `date_mod` timestamp NULL DEFAULT NULL,
  `date_creation` timestamp NULL DEFAULT NULL
) ENGINE=InnoDB DEFAULT CHARSET=utf8mb4 COLLATE=utf8mb4_unicode_ci ROW_FORMAT=DYNAMIC;

-- --------------------------------------------------------

--
-- Estructura de tabla para la tabla `glpi_pdus_plugs`
--

CREATE TABLE `glpi_pdus_plugs` (
  `id` int(10) UNSIGNED NOT NULL,
  `plugs_id` int(10) UNSIGNED NOT NULL DEFAULT '0',
  `pdus_id` int(10) UNSIGNED NOT NULL DEFAULT '0',
  `number_plugs` int(11) DEFAULT '0',
  `date_mod` timestamp NULL DEFAULT NULL,
  `date_creation` timestamp NULL DEFAULT NULL
) ENGINE=InnoDB DEFAULT CHARSET=utf8mb4 COLLATE=utf8mb4_unicode_ci ROW_FORMAT=DYNAMIC;

-- --------------------------------------------------------

--
-- Estructura de tabla para la tabla `glpi_pdus_racks`
--

CREATE TABLE `glpi_pdus_racks` (
  `id` int(10) UNSIGNED NOT NULL,
  `racks_id` int(10) UNSIGNED NOT NULL DEFAULT '0',
  `pdus_id` int(10) UNSIGNED NOT NULL DEFAULT '0',
  `side` int(11) DEFAULT '0',
  `position` int(11) NOT NULL,
  `bgcolor` varchar(7) COLLATE utf8mb4_unicode_ci DEFAULT NULL,
  `date_mod` timestamp NULL DEFAULT NULL,
  `date_creation` timestamp NULL DEFAULT NULL
) ENGINE=InnoDB DEFAULT CHARSET=utf8mb4 COLLATE=utf8mb4_unicode_ci ROW_FORMAT=DYNAMIC;

-- --------------------------------------------------------

--
-- Estructura de tabla para la tabla `glpi_pdutypes`
--

CREATE TABLE `glpi_pdutypes` (
  `id` int(10) UNSIGNED NOT NULL,
  `entities_id` int(10) UNSIGNED NOT NULL DEFAULT '0',
  `is_recursive` tinyint(4) NOT NULL DEFAULT '0',
  `name` varchar(255) COLLATE utf8mb4_unicode_ci DEFAULT NULL,
  `comment` text COLLATE utf8mb4_unicode_ci,
  `date_creation` timestamp NULL DEFAULT NULL,
  `date_mod` timestamp NULL DEFAULT NULL
) ENGINE=InnoDB DEFAULT CHARSET=utf8mb4 COLLATE=utf8mb4_unicode_ci ROW_FORMAT=DYNAMIC;

-- --------------------------------------------------------

--
-- Estructura de tabla para la tabla `glpi_pendingreasons`
--

CREATE TABLE `glpi_pendingreasons` (
  `id` int(10) UNSIGNED NOT NULL,
  `entities_id` int(10) UNSIGNED NOT NULL DEFAULT '0',
  `is_recursive` tinyint(4) NOT NULL DEFAULT '0',
  `name` varchar(255) COLLATE utf8mb4_unicode_ci DEFAULT NULL,
  `followup_frequency` int(11) NOT NULL DEFAULT '0',
  `followups_before_resolution` int(11) NOT NULL DEFAULT '0',
  `itilfollowuptemplates_id` int(10) UNSIGNED NOT NULL DEFAULT '0',
  `solutiontemplates_id` int(10) UNSIGNED NOT NULL DEFAULT '0',
  `comment` text COLLATE utf8mb4_unicode_ci
) ENGINE=InnoDB DEFAULT CHARSET=utf8mb4 COLLATE=utf8mb4_unicode_ci ROW_FORMAT=DYNAMIC;

-- --------------------------------------------------------

--
-- Estructura de tabla para la tabla `glpi_pendingreasons_items`
--

CREATE TABLE `glpi_pendingreasons_items` (
  `id` int(10) UNSIGNED NOT NULL,
  `pendingreasons_id` int(10) UNSIGNED NOT NULL DEFAULT '0',
  `items_id` int(10) UNSIGNED NOT NULL DEFAULT '0',
  `itemtype` varchar(100) COLLATE utf8mb4_unicode_ci NOT NULL DEFAULT '',
  `followup_frequency` int(11) NOT NULL DEFAULT '0',
  `followups_before_resolution` int(11) NOT NULL DEFAULT '0',
  `bump_count` int(11) NOT NULL DEFAULT '0',
  `last_bump_date` timestamp NULL DEFAULT NULL
) ENGINE=InnoDB DEFAULT CHARSET=utf8mb4 COLLATE=utf8mb4_unicode_ci ROW_FORMAT=DYNAMIC;

--
-- Volcado de datos para la tabla `glpi_pendingreasons_items`
--

INSERT INTO `glpi_pendingreasons_items` (`id`, `pendingreasons_id`, `items_id`, `itemtype`, `followup_frequency`, `followups_before_resolution`, `bump_count`, `last_bump_date`) VALUES
(2, 0, 7, 'TicketTask', 0, 0, 0, '2024-08-23 23:53:25');

-- --------------------------------------------------------

--
-- Estructura de tabla para la tabla `glpi_peripheralmodels`
--

CREATE TABLE `glpi_peripheralmodels` (
  `id` int(10) UNSIGNED NOT NULL,
  `name` varchar(255) COLLATE utf8mb4_unicode_ci DEFAULT NULL,
  `comment` text COLLATE utf8mb4_unicode_ci,
  `product_number` varchar(255) COLLATE utf8mb4_unicode_ci DEFAULT NULL,
  `weight` int(11) NOT NULL DEFAULT '0',
  `required_units` int(11) NOT NULL DEFAULT '1',
  `depth` float NOT NULL DEFAULT '1',
  `power_connections` int(11) NOT NULL DEFAULT '0',
  `power_consumption` int(11) NOT NULL DEFAULT '0',
  `is_half_rack` tinyint(4) NOT NULL DEFAULT '0',
  `picture_front` text COLLATE utf8mb4_unicode_ci,
  `picture_rear` text COLLATE utf8mb4_unicode_ci,
  `pictures` text COLLATE utf8mb4_unicode_ci,
  `date_mod` timestamp NULL DEFAULT NULL,
  `date_creation` timestamp NULL DEFAULT NULL
) ENGINE=InnoDB DEFAULT CHARSET=utf8mb4 COLLATE=utf8mb4_unicode_ci ROW_FORMAT=DYNAMIC;

-- --------------------------------------------------------

--
-- Estructura de tabla para la tabla `glpi_peripherals`
--

CREATE TABLE `glpi_peripherals` (
  `id` int(10) UNSIGNED NOT NULL,
  `entities_id` int(10) UNSIGNED NOT NULL DEFAULT '0',
  `name` varchar(255) COLLATE utf8mb4_unicode_ci DEFAULT NULL,
  `date_mod` timestamp NULL DEFAULT NULL,
  `contact` varchar(255) COLLATE utf8mb4_unicode_ci DEFAULT NULL,
  `contact_num` varchar(255) COLLATE utf8mb4_unicode_ci DEFAULT NULL,
  `users_id_tech` int(10) UNSIGNED NOT NULL DEFAULT '0',
  `groups_id_tech` int(10) UNSIGNED NOT NULL DEFAULT '0',
  `comment` text COLLATE utf8mb4_unicode_ci,
  `serial` varchar(255) COLLATE utf8mb4_unicode_ci DEFAULT NULL,
  `otherserial` varchar(255) COLLATE utf8mb4_unicode_ci DEFAULT NULL,
  `locations_id` int(10) UNSIGNED NOT NULL DEFAULT '0',
  `peripheraltypes_id` int(10) UNSIGNED NOT NULL DEFAULT '0',
  `peripheralmodels_id` int(10) UNSIGNED NOT NULL DEFAULT '0',
  `brand` varchar(255) COLLATE utf8mb4_unicode_ci DEFAULT NULL,
  `manufacturers_id` int(10) UNSIGNED NOT NULL DEFAULT '0',
  `is_global` tinyint(4) NOT NULL DEFAULT '0',
  `is_deleted` tinyint(4) NOT NULL DEFAULT '0',
  `is_template` tinyint(4) NOT NULL DEFAULT '0',
  `template_name` varchar(255) COLLATE utf8mb4_unicode_ci DEFAULT NULL,
  `users_id` int(10) UNSIGNED NOT NULL DEFAULT '0',
  `groups_id` int(10) UNSIGNED NOT NULL DEFAULT '0',
  `states_id` int(10) UNSIGNED NOT NULL DEFAULT '0',
  `ticket_tco` decimal(20,4) DEFAULT '0.0000',
  `is_dynamic` tinyint(4) NOT NULL DEFAULT '0',
  `autoupdatesystems_id` int(10) UNSIGNED NOT NULL DEFAULT '0',
  `uuid` varchar(255) COLLATE utf8mb4_unicode_ci DEFAULT NULL,
  `date_creation` timestamp NULL DEFAULT NULL,
  `is_recursive` tinyint(4) NOT NULL DEFAULT '0'
) ENGINE=InnoDB DEFAULT CHARSET=utf8mb4 COLLATE=utf8mb4_unicode_ci ROW_FORMAT=DYNAMIC;

--
-- Volcado de datos para la tabla `glpi_peripherals`
--

INSERT INTO `glpi_peripherals` (`id`, `entities_id`, `name`, `date_mod`, `contact`, `contact_num`, `users_id_tech`, `groups_id_tech`, `comment`, `serial`, `otherserial`, `locations_id`, `peripheraltypes_id`, `peripheralmodels_id`, `brand`, `manufacturers_id`, `is_global`, `is_deleted`, `is_template`, `template_name`, `users_id`, `groups_id`, `states_id`, `ticket_tco`, `is_dynamic`, `autoupdatesystems_id`, `uuid`, `date_creation`, `is_recursive`) VALUES
(1, 0, 'Nexus/Pixel Device (MTP)', '2024-08-21 00:43:59', 'adm@ALFAPARFSABAMA', NULL, 0, 0, NULL, '16F85126', '', 0, 0, 0, NULL, 60, 0, 0, 0, NULL, 0, 0, 0, 0.0000, 1, 0, NULL, '2024-08-21 00:43:59', 0),
(2, 0, 'Galaxy series, misc. (tethering mode)', '2024-08-27 04:44:45', 'adm@ALFAPARFSABAMA', NULL, 0, 0, NULL, 'RF8W602LY0W', '', 0, 0, 0, NULL, 142, 0, 0, 0, NULL, 0, 0, 0, 0.0000, 1, 0, NULL, '2024-08-27 04:44:45', 0),
(3, 0, 'Flash Drive', '2024-09-03 01:44:32', 'adm@ALFAPARFSABAMA', NULL, 0, 0, NULL, 'F0681651', '', 0, 0, 0, NULL, 147, 0, 0, 0, NULL, 0, 0, 0, 0.0000, 1, 0, NULL, '2024-09-03 01:44:32', 0),
(4, 0, 'iPhone 5/5C/5S/6/SE/7/8/X', '2024-09-03 20:44:19', 'adm@ALFAPARFSABAMA', NULL, 0, 0, NULL, '00008030000465210E52402E', '', 0, 0, 0, NULL, 148, 0, 0, 0, NULL, 0, 0, 0, 0.0000, 1, 0, NULL, '2024-09-03 20:44:19', 0),
(5, 0, 'USB Attached SCSI (UAS) Mass Storage Device', '2024-09-05 18:44:57', 'adm@ALFAPARFSABAMA', NULL, 0, 0, NULL, 'MSFT30438175A45024', '', 0, 0, 0, NULL, 149, 0, 0, 0, NULL, 0, 0, 0, 0.0000, 1, 0, NULL, '2024-09-05 18:44:57', 0),
(6, 0, 'USB Mass Storage Device', '2024-09-05 21:44:09', 'adm@ALFAPARFSABAMA', NULL, 0, 0, NULL, '445075A9209E', '', 0, 0, 0, NULL, 149, 0, 0, 0, NULL, 0, 0, 0, 0.0000, 1, 0, NULL, '2024-09-05 21:44:09', 0);

-- --------------------------------------------------------

--
-- Estructura de tabla para la tabla `glpi_peripheraltypes`
--

CREATE TABLE `glpi_peripheraltypes` (
  `id` int(10) UNSIGNED NOT NULL,
  `name` varchar(255) COLLATE utf8mb4_unicode_ci DEFAULT NULL,
  `comment` text COLLATE utf8mb4_unicode_ci,
  `date_mod` timestamp NULL DEFAULT NULL,
  `date_creation` timestamp NULL DEFAULT NULL
) ENGINE=InnoDB DEFAULT CHARSET=utf8mb4 COLLATE=utf8mb4_unicode_ci ROW_FORMAT=DYNAMIC;

--
-- Volcado de datos para la tabla `glpi_peripheraltypes`
--

INSERT INTO `glpi_peripheraltypes` (`id`, `name`, `comment`, `date_mod`, `date_creation`) VALUES
(1, 'keyboard', '', '2024-08-09 21:56:29', '2024-08-09 21:56:29');

-- --------------------------------------------------------

--
-- Estructura de tabla para la tabla `glpi_phonemodels`
--

CREATE TABLE `glpi_phonemodels` (
  `id` int(10) UNSIGNED NOT NULL,
  `name` varchar(255) COLLATE utf8mb4_unicode_ci DEFAULT NULL,
  `comment` text COLLATE utf8mb4_unicode_ci,
  `product_number` varchar(255) COLLATE utf8mb4_unicode_ci DEFAULT NULL,
  `date_mod` timestamp NULL DEFAULT NULL,
  `date_creation` timestamp NULL DEFAULT NULL,
  `picture_front` text COLLATE utf8mb4_unicode_ci,
  `picture_rear` text COLLATE utf8mb4_unicode_ci,
  `pictures` text COLLATE utf8mb4_unicode_ci
) ENGINE=InnoDB DEFAULT CHARSET=utf8mb4 COLLATE=utf8mb4_unicode_ci ROW_FORMAT=DYNAMIC;

-- --------------------------------------------------------

--
-- Estructura de tabla para la tabla `glpi_phonepowersupplies`
--

CREATE TABLE `glpi_phonepowersupplies` (
  `id` int(10) UNSIGNED NOT NULL,
  `name` varchar(255) COLLATE utf8mb4_unicode_ci DEFAULT NULL,
  `comment` text COLLATE utf8mb4_unicode_ci,
  `date_mod` timestamp NULL DEFAULT NULL,
  `date_creation` timestamp NULL DEFAULT NULL
) ENGINE=InnoDB DEFAULT CHARSET=utf8mb4 COLLATE=utf8mb4_unicode_ci ROW_FORMAT=DYNAMIC;

-- --------------------------------------------------------

--
-- Estructura de tabla para la tabla `glpi_phones`
--

CREATE TABLE `glpi_phones` (
  `id` int(10) UNSIGNED NOT NULL,
  `entities_id` int(10) UNSIGNED NOT NULL DEFAULT '0',
  `name` varchar(255) COLLATE utf8mb4_unicode_ci DEFAULT NULL,
  `date_mod` timestamp NULL DEFAULT NULL,
  `contact` varchar(255) COLLATE utf8mb4_unicode_ci DEFAULT NULL,
  `contact_num` varchar(255) COLLATE utf8mb4_unicode_ci DEFAULT NULL,
  `users_id_tech` int(10) UNSIGNED NOT NULL DEFAULT '0',
  `groups_id_tech` int(10) UNSIGNED NOT NULL DEFAULT '0',
  `comment` text COLLATE utf8mb4_unicode_ci,
  `serial` varchar(255) COLLATE utf8mb4_unicode_ci DEFAULT NULL,
  `otherserial` varchar(255) COLLATE utf8mb4_unicode_ci DEFAULT NULL,
  `locations_id` int(10) UNSIGNED NOT NULL DEFAULT '0',
  `phonetypes_id` int(10) UNSIGNED NOT NULL DEFAULT '0',
  `phonemodels_id` int(10) UNSIGNED NOT NULL DEFAULT '0',
  `brand` varchar(255) COLLATE utf8mb4_unicode_ci DEFAULT NULL,
  `phonepowersupplies_id` int(10) UNSIGNED NOT NULL DEFAULT '0',
  `number_line` varchar(255) COLLATE utf8mb4_unicode_ci DEFAULT NULL,
  `have_headset` tinyint(4) NOT NULL DEFAULT '0',
  `have_hp` tinyint(4) NOT NULL DEFAULT '0',
  `manufacturers_id` int(10) UNSIGNED NOT NULL DEFAULT '0',
  `is_global` tinyint(4) NOT NULL DEFAULT '0',
  `is_deleted` tinyint(4) NOT NULL DEFAULT '0',
  `is_template` tinyint(4) NOT NULL DEFAULT '0',
  `template_name` varchar(255) COLLATE utf8mb4_unicode_ci DEFAULT NULL,
  `users_id` int(10) UNSIGNED NOT NULL DEFAULT '0',
  `groups_id` int(10) UNSIGNED NOT NULL DEFAULT '0',
  `states_id` int(10) UNSIGNED NOT NULL DEFAULT '0',
  `ticket_tco` decimal(20,4) DEFAULT '0.0000',
  `is_dynamic` tinyint(4) NOT NULL DEFAULT '0',
  `autoupdatesystems_id` int(10) UNSIGNED NOT NULL DEFAULT '0',
  `uuid` varchar(255) COLLATE utf8mb4_unicode_ci DEFAULT NULL,
  `date_creation` timestamp NULL DEFAULT NULL,
  `is_recursive` tinyint(4) NOT NULL DEFAULT '0',
  `last_inventory_update` timestamp NULL DEFAULT NULL
) ENGINE=InnoDB DEFAULT CHARSET=utf8mb4 COLLATE=utf8mb4_unicode_ci ROW_FORMAT=DYNAMIC;

-- --------------------------------------------------------

--
-- Estructura de tabla para la tabla `glpi_phonetypes`
--

CREATE TABLE `glpi_phonetypes` (
  `id` int(10) UNSIGNED NOT NULL,
  `name` varchar(255) COLLATE utf8mb4_unicode_ci DEFAULT NULL,
  `comment` text COLLATE utf8mb4_unicode_ci,
  `date_mod` timestamp NULL DEFAULT NULL,
  `date_creation` timestamp NULL DEFAULT NULL
) ENGINE=InnoDB DEFAULT CHARSET=utf8mb4 COLLATE=utf8mb4_unicode_ci ROW_FORMAT=DYNAMIC;

-- --------------------------------------------------------

--
-- Estructura de tabla para la tabla `glpi_planningeventcategories`
--

CREATE TABLE `glpi_planningeventcategories` (
  `id` int(10) UNSIGNED NOT NULL,
  `name` varchar(255) COLLATE utf8mb4_unicode_ci DEFAULT NULL,
  `color` varchar(255) COLLATE utf8mb4_unicode_ci DEFAULT NULL,
  `comment` text COLLATE utf8mb4_unicode_ci,
  `date_mod` timestamp NULL DEFAULT NULL,
  `date_creation` timestamp NULL DEFAULT NULL
) ENGINE=InnoDB DEFAULT CHARSET=utf8mb4 COLLATE=utf8mb4_unicode_ci ROW_FORMAT=DYNAMIC;

-- --------------------------------------------------------

--
-- Estructura de tabla para la tabla `glpi_planningexternalevents`
--

CREATE TABLE `glpi_planningexternalevents` (
  `id` int(10) UNSIGNED NOT NULL,
  `uuid` varchar(255) COLLATE utf8mb4_unicode_ci DEFAULT NULL,
  `planningexternaleventtemplates_id` int(10) UNSIGNED NOT NULL DEFAULT '0',
  `entities_id` int(10) UNSIGNED NOT NULL DEFAULT '0',
  `is_recursive` tinyint(4) NOT NULL DEFAULT '1',
  `date` timestamp NULL DEFAULT NULL,
  `users_id` int(10) UNSIGNED NOT NULL DEFAULT '0',
  `users_id_guests` text COLLATE utf8mb4_unicode_ci,
  `groups_id` int(10) UNSIGNED NOT NULL DEFAULT '0',
  `name` varchar(255) COLLATE utf8mb4_unicode_ci DEFAULT NULL,
  `text` text COLLATE utf8mb4_unicode_ci,
  `begin` timestamp NULL DEFAULT NULL,
  `end` timestamp NULL DEFAULT NULL,
  `rrule` text COLLATE utf8mb4_unicode_ci,
  `state` int(11) NOT NULL DEFAULT '0',
  `planningeventcategories_id` int(10) UNSIGNED NOT NULL DEFAULT '0',
  `background` tinyint(4) NOT NULL DEFAULT '0',
  `date_mod` timestamp NULL DEFAULT NULL,
  `date_creation` timestamp NULL DEFAULT NULL
) ENGINE=InnoDB DEFAULT CHARSET=utf8mb4 COLLATE=utf8mb4_unicode_ci ROW_FORMAT=DYNAMIC;

--
-- Volcado de datos para la tabla `glpi_planningexternalevents`
--

INSERT INTO `glpi_planningexternalevents` (`id`, `uuid`, `planningexternaleventtemplates_id`, `entities_id`, `is_recursive`, `date`, `users_id`, `users_id_guests`, `groups_id`, `name`, `text`, `begin`, `end`, `rrule`, `state`, `planningeventcategories_id`, `background`, `date_mod`, `date_creation`) VALUES
(1, '738a156b-4c4f-4c4c-a491-d00ec2171991', 0, 0, 1, '2024-08-21 02:02:53', 11, '[\"8\"]', 0, 'Planificación semanal', '&#60;ul&#62;\r\n&#60;li&#62;Definición de implementación del GLPI.&#60;/li&#62;\r\n&#60;li&#62;Sophos - Anydesk.&#60;/li&#62;\r\n&#60;li&#62;Documentación (Reportes, Indicadores, Procedimientos, Manuales, cierres, seguimientos de actividades).&#60;/li&#62;\r\n&#60;li&#62;Entrega de documento y ensayos de telefonía IP.&#60;/li&#62;\r\n&#60;/ul&#62;\r\n&#60;p&#62; &#60;/p&#62;', '2024-08-20 14:00:00', '2024-08-20 18:00:00', '', 1, 0, 0, '2024-08-21 02:06:33', '2024-08-21 02:02:53'),
(2, '4dd903fa-0295-469d-b1de-fcb1961fadf9', 0, 0, 1, '2024-08-21 02:05:08', 8, NULL, 0, 'Análisis proyecto de integracion SAP', '&#60;p&#62;Levantamiento de información y desarrollo base del sistema&#60;/p&#62;', '2024-08-20 18:30:00', '2024-08-20 22:20:00', '', 0, 0, 0, '2024-08-21 02:05:08', '2024-08-21 02:05:08');

-- --------------------------------------------------------

--
-- Estructura de tabla para la tabla `glpi_planningexternaleventtemplates`
--

CREATE TABLE `glpi_planningexternaleventtemplates` (
  `id` int(10) UNSIGNED NOT NULL,
  `entities_id` int(10) UNSIGNED NOT NULL DEFAULT '0',
  `name` varchar(255) COLLATE utf8mb4_unicode_ci DEFAULT NULL,
  `text` text COLLATE utf8mb4_unicode_ci,
  `comment` text COLLATE utf8mb4_unicode_ci,
  `duration` int(11) NOT NULL DEFAULT '0',
  `before_time` int(11) NOT NULL DEFAULT '0',
  `rrule` text COLLATE utf8mb4_unicode_ci,
  `state` int(11) NOT NULL DEFAULT '0',
  `planningeventcategories_id` int(10) UNSIGNED NOT NULL DEFAULT '0',
  `background` tinyint(4) NOT NULL DEFAULT '0',
  `date_mod` timestamp NULL DEFAULT NULL,
  `date_creation` timestamp NULL DEFAULT NULL
) ENGINE=InnoDB DEFAULT CHARSET=utf8mb4 COLLATE=utf8mb4_unicode_ci ROW_FORMAT=DYNAMIC;

-- --------------------------------------------------------

--
-- Estructura de tabla para la tabla `glpi_planningrecalls`
--

CREATE TABLE `glpi_planningrecalls` (
  `id` int(10) UNSIGNED NOT NULL,
  `items_id` int(10) UNSIGNED NOT NULL DEFAULT '0',
  `itemtype` varchar(100) COLLATE utf8mb4_unicode_ci NOT NULL,
  `users_id` int(10) UNSIGNED NOT NULL DEFAULT '0',
  `before_time` int(11) NOT NULL DEFAULT '-10',
  `when` timestamp NULL DEFAULT NULL
) ENGINE=InnoDB DEFAULT CHARSET=utf8mb4 COLLATE=utf8mb4_unicode_ci ROW_FORMAT=DYNAMIC;

--
-- Volcado de datos para la tabla `glpi_planningrecalls`
--

INSERT INTO `glpi_planningrecalls` (`id`, `items_id`, `itemtype`, `users_id`, `before_time`, `when`) VALUES
(1, 1, 'PlanningExternalEvent', 8, 14400, '2024-08-20 10:00:00'),
(2, 2, 'PlanningExternalEvent', 8, 3600, '2024-08-20 17:30:00');

-- --------------------------------------------------------

--
-- Estructura de tabla para la tabla `glpi_plugins`
--

CREATE TABLE `glpi_plugins` (
  `id` int(10) UNSIGNED NOT NULL,
  `directory` varchar(255) COLLATE utf8mb4_unicode_ci NOT NULL,
  `name` varchar(255) COLLATE utf8mb4_unicode_ci NOT NULL,
  `version` varchar(255) COLLATE utf8mb4_unicode_ci NOT NULL,
  `state` int(11) NOT NULL DEFAULT '0' COMMENT 'see define.php PLUGIN_* constant',
  `author` varchar(255) COLLATE utf8mb4_unicode_ci DEFAULT NULL,
  `homepage` varchar(255) COLLATE utf8mb4_unicode_ci DEFAULT NULL,
  `license` varchar(255) COLLATE utf8mb4_unicode_ci DEFAULT NULL
) ENGINE=InnoDB DEFAULT CHARSET=utf8mb4 COLLATE=utf8mb4_unicode_ci ROW_FORMAT=DYNAMIC;

--
-- Volcado de datos para la tabla `glpi_plugins`
--

INSERT INTO `glpi_plugins` (`id`, `directory`, `name`, `version`, `state`, `author`, `homepage`, `license`) VALUES
(1, 'fusioninventory', 'FusionInventory', '10.0.6+1.1', 1, '<a href=\"mailto:david@durieux.family\">David DURIEUX</a>\n                                & FusionInventory team', 'https://github.com/fusioninventory/fusioninventory-for-glpi', 'AGPLv3+'),
(2, 'costs', 'Costs', '3.0.3', 4, '<a href=\"https://tic.gal\">TICgal</a>', 'https://tic.gal/en/project/costs-control-plugin-glpi/', 'GPLv3+'),
(3, 'pdf', 'Print to pdf', '3.0.0', 1, 'Remi Collet, Nelly Mahu-Lasson', 'https://github.com/yllen/pdf', 'GPLv3+');

-- --------------------------------------------------------

--
-- Estructura de tabla para la tabla `glpi_plugin_costs_configs`
--

CREATE TABLE `glpi_plugin_costs_configs` (
  `id` int(10) UNSIGNED NOT NULL,
  `taskdescription` tinyint(4) NOT NULL DEFAULT '0'
) ENGINE=InnoDB DEFAULT CHARSET=utf8mb4 COLLATE=utf8mb4_unicode_ci ROW_FORMAT=DYNAMIC;

--
-- Volcado de datos para la tabla `glpi_plugin_costs_configs`
--

INSERT INTO `glpi_plugin_costs_configs` (`id`, `taskdescription`) VALUES
(1, 0);

-- --------------------------------------------------------

--
-- Estructura de tabla para la tabla `glpi_plugin_costs_entities`
--

CREATE TABLE `glpi_plugin_costs_entities` (
  `id` int(10) UNSIGNED NOT NULL,
  `entities_id` int(10) UNSIGNED NOT NULL DEFAULT '0',
  `fixed_cost` float NOT NULL DEFAULT '0',
  `time_cost` float NOT NULL DEFAULT '0',
  `cost_private` tinyint(4) NOT NULL DEFAULT '0',
  `auto_cost` tinyint(4) NOT NULL DEFAULT '0',
  `inheritance` tinyint(4) NOT NULL DEFAULT '0'
) ENGINE=InnoDB DEFAULT CHARSET=utf8mb4 COLLATE=utf8mb4_unicode_ci ROW_FORMAT=DYNAMIC;

-- --------------------------------------------------------

--
-- Estructura de tabla para la tabla `glpi_plugin_costs_entities_profiles`
--

CREATE TABLE `glpi_plugin_costs_entities_profiles` (
  `id` int(10) UNSIGNED NOT NULL,
  `entities_id` int(10) UNSIGNED NOT NULL DEFAULT '0',
  `profiles_id` int(10) UNSIGNED NOT NULL DEFAULT '0',
  `fixed_cost` float NOT NULL DEFAULT '0',
  `time_cost` float NOT NULL DEFAULT '0'
) ENGINE=InnoDB DEFAULT CHARSET=utf8mb4 COLLATE=utf8mb4_unicode_ci ROW_FORMAT=DYNAMIC;

-- --------------------------------------------------------

--
-- Estructura de tabla para la tabla `glpi_plugin_costs_tasks`
--

CREATE TABLE `glpi_plugin_costs_tasks` (
  `id` int(10) UNSIGNED NOT NULL,
  `tasks_id` int(10) UNSIGNED NOT NULL,
  `costs_id` int(10) UNSIGNED NOT NULL DEFAULT '0'
) ENGINE=InnoDB DEFAULT CHARSET=utf8mb4 COLLATE=utf8mb4_unicode_ci ROW_FORMAT=DYNAMIC;

-- --------------------------------------------------------

--
-- Estructura de tabla para la tabla `glpi_plugin_costs_tickets`
--

CREATE TABLE `glpi_plugin_costs_tickets` (
  `id` int(10) UNSIGNED NOT NULL,
  `tickets_id` int(10) UNSIGNED NOT NULL,
  `billable` tinyint(4) NOT NULL DEFAULT '0'
) ENGINE=InnoDB DEFAULT CHARSET=utf8mb4 COLLATE=utf8mb4_unicode_ci ROW_FORMAT=DYNAMIC;

-- --------------------------------------------------------

--
-- Estructura de tabla para la tabla `glpi_plugin_fusioninventory_agentmodules`
--

CREATE TABLE `glpi_plugin_fusioninventory_agentmodules` (
  `id` int(10) UNSIGNED NOT NULL,
  `modulename` varchar(255) COLLATE utf8mb4_unicode_ci DEFAULT NULL,
  `is_active` tinyint(1) NOT NULL DEFAULT '0',
  `exceptions` text COLLATE utf8mb4_unicode_ci COMMENT 'array(agent_id)'
) ENGINE=InnoDB DEFAULT CHARSET=utf8mb4 COLLATE=utf8mb4_unicode_ci;

--
-- Volcado de datos para la tabla `glpi_plugin_fusioninventory_agentmodules`
--

INSERT INTO `glpi_plugin_fusioninventory_agentmodules` (`id`, `modulename`, `is_active`, `exceptions`) VALUES
(1, 'WAKEONLAN', 0, '[]'),
(2, 'INVENTORY', 1, '[]'),
(3, 'InventoryComputerESX', 0, '[]'),
(4, 'NETWORKINVENTORY', 0, '[]'),
(5, 'NETWORKDISCOVERY', 0, '[]'),
(6, 'DEPLOY', 1, '[]'),
(7, 'Collect', 1, '[]');

-- --------------------------------------------------------

--
-- Estructura de tabla para la tabla `glpi_plugin_fusioninventory_agents`
--

CREATE TABLE `glpi_plugin_fusioninventory_agents` (
  `id` int(10) UNSIGNED NOT NULL,
  `entities_id` int(10) UNSIGNED NOT NULL DEFAULT '0',
  `is_recursive` tinyint(1) NOT NULL DEFAULT '1',
  `name` varchar(255) COLLATE utf8mb4_unicode_ci DEFAULT NULL,
  `last_contact` timestamp NULL DEFAULT NULL,
  `version` varchar(255) COLLATE utf8mb4_unicode_ci DEFAULT NULL,
  `lock` tinyint(1) NOT NULL DEFAULT '0',
  `device_id` varchar(255) COLLATE utf8mb4_unicode_ci DEFAULT NULL COMMENT 'XML &lt;DEVICE_ID&gt; TAG VALUE',
  `computers_id` int(10) UNSIGNED NOT NULL DEFAULT '0',
  `token` varchar(255) COLLATE utf8mb4_unicode_ci DEFAULT NULL,
  `useragent` varchar(255) COLLATE utf8mb4_unicode_ci DEFAULT NULL,
  `tag` varchar(255) COLLATE utf8mb4_unicode_ci DEFAULT NULL,
  `threads_networkdiscovery` int(10) UNSIGNED NOT NULL DEFAULT '1' COMMENT 'array(xmltag=&gt;value)',
  `threads_networkinventory` int(10) UNSIGNED NOT NULL DEFAULT '1' COMMENT 'array(xmltag=&gt;value)',
  `senddico` tinyint(1) NOT NULL DEFAULT '0',
  `timeout_networkdiscovery` int(10) UNSIGNED NOT NULL DEFAULT '0' COMMENT 'Network Discovery task timeout (disabled by default)',
  `timeout_networkinventory` int(10) UNSIGNED NOT NULL DEFAULT '0' COMMENT 'Network Inventory task timeout (disabled by default)',
  `agent_port` smallint(5) UNSIGNED DEFAULT NULL
) ENGINE=InnoDB DEFAULT CHARSET=utf8mb4 COLLATE=utf8mb4_unicode_ci;

--
-- Volcado de datos para la tabla `glpi_plugin_fusioninventory_agents`
--

INSERT INTO `glpi_plugin_fusioninventory_agents` (`id`, `entities_id`, `is_recursive`, `name`, `last_contact`, `version`, `lock`, `device_id`, `computers_id`, `token`, `useragent`, `tag`, `threads_networkdiscovery`, `threads_networkinventory`, `senddico`, `timeout_networkdiscovery`, `timeout_networkinventory`, `agent_port`) VALUES
(1, 0, 1, 'SISTEMAS-2.Alfaparfsabama.local-2024-08-09-11-54-54', '2024-09-05 23:44:54', '{\"INVENTORY\":\"v2.6\"}', 0, 'SISTEMAS-2.Alfaparfsabama.local-2024-08-09-11-54-54', 1, '12345678', 'FusionInventory-Agent_v2.6', 'SISTEMAS - JOHN ERIK', 0, 0, 0, 0, 0, NULL),
(2, 0, 1, 'MacBook-Air-de-admin.local-2023-12-16-12-30-53', '2024-09-02 06:39:53', '{\"INVENTORY\":\"v2.6-2\"}', 0, 'MacBook-Air-de-admin.local-2023-12-16-12-30-53', 2, '12345678', 'FusionInventory-Agent_v2.6-2', NULL, 0, 0, 0, 0, 0, NULL);

-- --------------------------------------------------------

--
-- Estructura de tabla para la tabla `glpi_plugin_fusioninventory_collects`
--

CREATE TABLE `glpi_plugin_fusioninventory_collects` (
  `id` int(10) UNSIGNED NOT NULL,
  `name` varchar(255) COLLATE utf8mb4_unicode_ci DEFAULT NULL,
  `entities_id` int(10) UNSIGNED NOT NULL DEFAULT '0',
  `is_recursive` tinyint(1) NOT NULL DEFAULT '0',
  `type` varchar(255) COLLATE utf8mb4_unicode_ci DEFAULT NULL,
  `is_active` tinyint(1) NOT NULL DEFAULT '0',
  `comment` text COLLATE utf8mb4_unicode_ci
) ENGINE=InnoDB DEFAULT CHARSET=utf8mb4 COLLATE=utf8mb4_unicode_ci;

-- --------------------------------------------------------

--
-- Estructura de tabla para la tabla `glpi_plugin_fusioninventory_collects_files`
--

CREATE TABLE `glpi_plugin_fusioninventory_collects_files` (
  `id` int(10) UNSIGNED NOT NULL,
  `name` varchar(255) COLLATE utf8mb4_unicode_ci DEFAULT NULL,
  `plugin_fusioninventory_collects_id` int(10) UNSIGNED NOT NULL DEFAULT '0',
  `dir` varchar(255) COLLATE utf8mb4_unicode_ci DEFAULT NULL,
  `limit` int(10) UNSIGNED NOT NULL DEFAULT '50',
  `is_recursive` tinyint(1) NOT NULL DEFAULT '0',
  `filter_regex` varchar(255) COLLATE utf8mb4_unicode_ci DEFAULT NULL,
  `filter_sizeequals` int(10) UNSIGNED NOT NULL DEFAULT '0',
  `filter_sizegreater` int(10) UNSIGNED NOT NULL DEFAULT '0',
  `filter_sizelower` int(10) UNSIGNED NOT NULL DEFAULT '0',
  `filter_checksumsha512` varchar(255) COLLATE utf8mb4_unicode_ci DEFAULT NULL,
  `filter_checksumsha2` varchar(255) COLLATE utf8mb4_unicode_ci DEFAULT NULL,
  `filter_name` varchar(255) COLLATE utf8mb4_unicode_ci DEFAULT NULL,
  `filter_iname` varchar(255) COLLATE utf8mb4_unicode_ci DEFAULT NULL,
  `filter_is_file` tinyint(1) NOT NULL DEFAULT '1',
  `filter_is_dir` tinyint(1) NOT NULL DEFAULT '0'
) ENGINE=InnoDB DEFAULT CHARSET=utf8mb4 COLLATE=utf8mb4_unicode_ci;

-- --------------------------------------------------------

--
-- Estructura de tabla para la tabla `glpi_plugin_fusioninventory_collects_files_contents`
--

CREATE TABLE `glpi_plugin_fusioninventory_collects_files_contents` (
  `id` int(10) UNSIGNED NOT NULL,
  `computers_id` int(10) UNSIGNED NOT NULL DEFAULT '0',
  `plugin_fusioninventory_collects_files_id` int(10) UNSIGNED NOT NULL DEFAULT '0',
  `pathfile` text COLLATE utf8mb4_unicode_ci,
  `size` int(10) UNSIGNED NOT NULL DEFAULT '0'
) ENGINE=InnoDB DEFAULT CHARSET=utf8mb4 COLLATE=utf8mb4_unicode_ci;

-- --------------------------------------------------------

--
-- Estructura de tabla para la tabla `glpi_plugin_fusioninventory_collects_registries`
--

CREATE TABLE `glpi_plugin_fusioninventory_collects_registries` (
  `id` int(10) UNSIGNED NOT NULL,
  `name` varchar(255) COLLATE utf8mb4_unicode_ci DEFAULT NULL,
  `plugin_fusioninventory_collects_id` int(10) UNSIGNED NOT NULL DEFAULT '0',
  `hive` varchar(255) COLLATE utf8mb4_unicode_ci DEFAULT NULL,
  `path` text COLLATE utf8mb4_unicode_ci,
  `key` varchar(255) COLLATE utf8mb4_unicode_ci DEFAULT NULL
) ENGINE=InnoDB DEFAULT CHARSET=utf8mb4 COLLATE=utf8mb4_unicode_ci;

-- --------------------------------------------------------

--
-- Estructura de tabla para la tabla `glpi_plugin_fusioninventory_collects_registries_contents`
--

CREATE TABLE `glpi_plugin_fusioninventory_collects_registries_contents` (
  `id` int(10) UNSIGNED NOT NULL,
  `computers_id` int(10) UNSIGNED NOT NULL DEFAULT '0',
  `plugin_fusioninventory_collects_registries_id` int(10) UNSIGNED NOT NULL DEFAULT '0',
  `key` varchar(255) COLLATE utf8mb4_unicode_ci DEFAULT NULL,
  `value` varchar(255) COLLATE utf8mb4_unicode_ci DEFAULT NULL
) ENGINE=InnoDB DEFAULT CHARSET=utf8mb4 COLLATE=utf8mb4_unicode_ci;

-- --------------------------------------------------------

--
-- Estructura de tabla para la tabla `glpi_plugin_fusioninventory_collects_wmis`
--

CREATE TABLE `glpi_plugin_fusioninventory_collects_wmis` (
  `id` int(10) UNSIGNED NOT NULL,
  `name` varchar(255) COLLATE utf8mb4_unicode_ci DEFAULT NULL,
  `plugin_fusioninventory_collects_id` int(10) UNSIGNED NOT NULL DEFAULT '0',
  `moniker` varchar(255) COLLATE utf8mb4_unicode_ci DEFAULT NULL,
  `class` varchar(255) COLLATE utf8mb4_unicode_ci DEFAULT NULL,
  `properties` varchar(255) COLLATE utf8mb4_unicode_ci DEFAULT NULL
) ENGINE=InnoDB DEFAULT CHARSET=utf8mb4 COLLATE=utf8mb4_unicode_ci;

-- --------------------------------------------------------

--
-- Estructura de tabla para la tabla `glpi_plugin_fusioninventory_collects_wmis_contents`
--

CREATE TABLE `glpi_plugin_fusioninventory_collects_wmis_contents` (
  `id` int(10) UNSIGNED NOT NULL,
  `computers_id` int(10) UNSIGNED NOT NULL DEFAULT '0',
  `plugin_fusioninventory_collects_wmis_id` int(10) UNSIGNED NOT NULL DEFAULT '0',
  `property` varchar(255) COLLATE utf8mb4_unicode_ci DEFAULT NULL,
  `value` varchar(255) COLLATE utf8mb4_unicode_ci DEFAULT NULL
) ENGINE=InnoDB DEFAULT CHARSET=utf8mb4 COLLATE=utf8mb4_unicode_ci;

-- --------------------------------------------------------

--
-- Estructura de tabla para la tabla `glpi_plugin_fusioninventory_computerlicenseinfos`
--

CREATE TABLE `glpi_plugin_fusioninventory_computerlicenseinfos` (
  `id` int(10) UNSIGNED NOT NULL,
  `computers_id` int(10) UNSIGNED NOT NULL DEFAULT '0',
  `softwarelicenses_id` int(10) UNSIGNED NOT NULL DEFAULT '0',
  `name` varchar(255) COLLATE utf8mb4_unicode_ci DEFAULT NULL,
  `fullname` varchar(255) COLLATE utf8mb4_unicode_ci DEFAULT NULL,
  `serial` varchar(255) COLLATE utf8mb4_unicode_ci DEFAULT NULL,
  `is_trial` tinyint(1) NOT NULL DEFAULT '0',
  `is_update` tinyint(1) NOT NULL DEFAULT '0',
  `is_oem` tinyint(1) NOT NULL DEFAULT '0',
  `activation_date` timestamp NULL DEFAULT NULL
) ENGINE=InnoDB DEFAULT CHARSET=utf8mb4 COLLATE=utf8mb4_unicode_ci;

--
-- Volcado de datos para la tabla `glpi_plugin_fusioninventory_computerlicenseinfos`
--

INSERT INTO `glpi_plugin_fusioninventory_computerlicenseinfos` (`id`, `computers_id`, `softwarelicenses_id`, `name`, `fullname`, `serial`, `is_trial`, `is_update`, `is_oem`, `activation_date`) VALUES
(1, 1, 0, 'Office 19, Office19HomeBusiness2019R_Retail edition', 'Office 19, RETAIL channel', 'XXXXX-XXXXX-XXXXX-XXXXX-JQM4G', 0, 0, 0, NULL);

-- --------------------------------------------------------

--
-- Estructura de tabla para la tabla `glpi_plugin_fusioninventory_computerremotemanagements`
--

CREATE TABLE `glpi_plugin_fusioninventory_computerremotemanagements` (
  `id` int(10) UNSIGNED NOT NULL,
  `computers_id` int(10) UNSIGNED NOT NULL DEFAULT '0',
  `number` varchar(255) COLLATE utf8mb4_unicode_ci DEFAULT NULL,
  `type` varchar(255) COLLATE utf8mb4_unicode_ci DEFAULT NULL
) ENGINE=InnoDB DEFAULT CHARSET=utf8mb4 COLLATE=utf8mb4_unicode_ci;

--
-- Volcado de datos para la tabla `glpi_plugin_fusioninventory_computerremotemanagements`
--

INSERT INTO `glpi_plugin_fusioninventory_computerremotemanagements` (`id`, `computers_id`, `number`, `type`) VALUES
(1, 2, '1553684866', 'teamviewer');

-- --------------------------------------------------------

--
-- Estructura de tabla para la tabla `glpi_plugin_fusioninventory_configlogfields`
--

CREATE TABLE `glpi_plugin_fusioninventory_configlogfields` (
  `id` int(10) UNSIGNED NOT NULL,
  `plugin_fusioninventory_mappings_id` int(10) UNSIGNED NOT NULL DEFAULT '0',
  `days` smallint(6) NOT NULL DEFAULT '-1'
) ENGINE=InnoDB DEFAULT CHARSET=utf8mb4 COLLATE=utf8mb4_unicode_ci;

--
-- Volcado de datos para la tabla `glpi_plugin_fusioninventory_configlogfields`
--

INSERT INTO `glpi_plugin_fusioninventory_configlogfields` (`id`, `plugin_fusioninventory_mappings_id`, `days`) VALUES
(1, 51, -1),
(2, 38, -1),
(3, 45, -1),
(4, 43, -1),
(5, 41, -1),
(6, 42, -1),
(7, 39, -1),
(8, 49, -1),
(9, 46, -1),
(10, 44, -1),
(11, 40, -1),
(12, 47, -1),
(13, 19, -1),
(14, 52, -1),
(15, 158, -1),
(16, 155, -1);

-- --------------------------------------------------------

--
-- Estructura de tabla para la tabla `glpi_plugin_fusioninventory_configs`
--

CREATE TABLE `glpi_plugin_fusioninventory_configs` (
  `id` int(10) UNSIGNED NOT NULL,
  `type` varchar(255) COLLATE utf8mb4_unicode_ci DEFAULT NULL,
  `value` varchar(255) COLLATE utf8mb4_unicode_ci DEFAULT NULL
) ENGINE=InnoDB DEFAULT CHARSET=utf8mb4 COLLATE=utf8mb4_unicode_ci;

--
-- Volcado de datos para la tabla `glpi_plugin_fusioninventory_configs`
--

INSERT INTO `glpi_plugin_fusioninventory_configs` (`id`, `type`, `value`) VALUES
(1, 'version', '10.0.6+1.1'),
(2, 'ssl_only', '0'),
(3, 'delete_task', '20'),
(4, 'inventory_frequence', '24'),
(5, 'agent_port', '62354'),
(6, 'extradebug', '0'),
(7, 'users_id', '9'),
(8, 'agents_old_days', '0'),
(9, 'agents_action', '0'),
(10, 'agents_status', '0'),
(11, 'wakeup_agent_max', '10'),
(12, 'import_software', '1'),
(13, 'import_volume', '1'),
(14, 'import_antivirus', '1'),
(15, 'import_registry', '1'),
(16, 'import_process', '1'),
(17, 'import_vm', '1'),
(18, 'import_monitor_on_partial_sn', '0'),
(19, 'import_domain', '0'),
(20, 'import_crontask', '1'),
(21, 'component_processor', '1'),
(22, 'component_memory', '1'),
(23, 'component_harddrive', '1'),
(24, 'component_networkcard', '1'),
(25, 'component_graphiccard', '1'),
(26, 'component_soundcard', '1'),
(27, 'component_drive', '1'),
(28, 'component_networkdrive', '1'),
(29, 'component_control', '1'),
(30, 'component_removablemedia', '0'),
(31, 'component_simcard', '1'),
(32, 'states_id_default', '0'),
(33, 'states_id_snmp_default', '0'),
(34, 'location', '0'),
(35, 'group', '0'),
(36, 'create_vm', '0'),
(37, 'component_networkcardvirtual', '1'),
(38, 'otherserial', '0'),
(39, 'component_battery', '1'),
(40, 'threads_networkdiscovery', '20'),
(41, 'threads_networkinventory', '10'),
(42, 'timeout_networkdiscovery', '1'),
(43, 'timeout_networkinventory', '15'),
(44, 'server_upload_path', '/home/wwsoft/public_html/glpi/sabama/files/_plugins/fusioninventory/upload'),
(45, 'alert_winpath', '1'),
(46, 'server_as_mirror', '1'),
(47, 'manage_osname', '1'),
(48, 'clean_on_demand_tasks', '-1'),
(49, 'reprepare_job', '0'),
(50, 'auto_inventory_number_computer', ''),
(51, 'auto_inventory_number_monitor', ''),
(52, 'auto_inventory_number_networkequipment', ''),
(53, 'auto_inventory_number_peripheral', ''),
(54, 'auto_inventory_number_phone', ''),
(55, 'auto_inventory_number_printer', '');

-- --------------------------------------------------------

--
-- Estructura de tabla para la tabla `glpi_plugin_fusioninventory_configsecurities`
--

CREATE TABLE `glpi_plugin_fusioninventory_configsecurities` (
  `id` int(10) UNSIGNED NOT NULL,
  `name` varchar(64) COLLATE utf8mb4_unicode_ci DEFAULT NULL,
  `snmpversion` varchar(8) COLLATE utf8mb4_unicode_ci NOT NULL DEFAULT '1',
  `community` varchar(255) COLLATE utf8mb4_unicode_ci DEFAULT NULL,
  `username` varchar(255) COLLATE utf8mb4_unicode_ci DEFAULT NULL,
  `authentication` varchar(255) COLLATE utf8mb4_unicode_ci DEFAULT NULL,
  `auth_passphrase` varchar(255) COLLATE utf8mb4_unicode_ci DEFAULT NULL,
  `encryption` varchar(255) COLLATE utf8mb4_unicode_ci DEFAULT NULL,
  `priv_passphrase` varchar(255) COLLATE utf8mb4_unicode_ci DEFAULT NULL,
  `is_deleted` tinyint(1) NOT NULL DEFAULT '0'
) ENGINE=InnoDB DEFAULT CHARSET=utf8mb4 COLLATE=utf8mb4_unicode_ci;

--
-- Volcado de datos para la tabla `glpi_plugin_fusioninventory_configsecurities`
--

INSERT INTO `glpi_plugin_fusioninventory_configsecurities` (`id`, `name`, `snmpversion`, `community`, `username`, `authentication`, `auth_passphrase`, `encryption`, `priv_passphrase`, `is_deleted`) VALUES
(1, 'Public community v1', '1', 'public', '', '0', '', '0', '', 0),
(2, 'Public community v2c', '2', 'public', '', '0', '', '0', '', 0);

-- --------------------------------------------------------

--
-- Estructura de tabla para la tabla `glpi_plugin_fusioninventory_credentialips`
--

CREATE TABLE `glpi_plugin_fusioninventory_credentialips` (
  `id` int(10) UNSIGNED NOT NULL,
  `entities_id` int(10) UNSIGNED NOT NULL DEFAULT '0',
  `plugin_fusioninventory_credentials_id` int(10) UNSIGNED NOT NULL DEFAULT '0',
  `name` varchar(255) COLLATE utf8mb4_unicode_ci NOT NULL DEFAULT '',
  `comment` text COLLATE utf8mb4_unicode_ci,
  `ip` varchar(255) COLLATE utf8mb4_unicode_ci NOT NULL DEFAULT '',
  `date_mod` timestamp NULL DEFAULT NULL
) ENGINE=InnoDB DEFAULT CHARSET=utf8mb4 COLLATE=utf8mb4_unicode_ci;

-- --------------------------------------------------------

--
-- Estructura de tabla para la tabla `glpi_plugin_fusioninventory_credentials`
--

CREATE TABLE `glpi_plugin_fusioninventory_credentials` (
  `id` int(10) UNSIGNED NOT NULL,
  `entities_id` int(10) UNSIGNED NOT NULL DEFAULT '0',
  `is_recursive` tinyint(1) NOT NULL DEFAULT '0',
  `name` varchar(255) COLLATE utf8mb4_unicode_ci NOT NULL DEFAULT '',
  `username` varchar(255) COLLATE utf8mb4_unicode_ci NOT NULL DEFAULT '',
  `password` varchar(255) COLLATE utf8mb4_unicode_ci NOT NULL DEFAULT '',
  `comment` text COLLATE utf8mb4_unicode_ci,
  `date_mod` timestamp NULL DEFAULT NULL,
  `itemtype` varchar(255) COLLATE utf8mb4_unicode_ci NOT NULL DEFAULT ''
) ENGINE=InnoDB DEFAULT CHARSET=utf8mb4 COLLATE=utf8mb4_unicode_ci;

-- --------------------------------------------------------

--
-- Estructura de tabla para la tabla `glpi_plugin_fusioninventory_crontasks`
--

CREATE TABLE `glpi_plugin_fusioninventory_crontasks` (
  `id` int(10) UNSIGNED NOT NULL,
  `name` varchar(255) COLLATE utf8mb4_unicode_ci NOT NULL DEFAULT '',
  `comment` text COLLATE utf8mb4_unicode_ci,
  `command` text COLLATE utf8mb4_unicode_ci,
  `execution_year` varchar(255) COLLATE utf8mb4_unicode_ci NOT NULL DEFAULT '',
  `execution_month` varchar(255) COLLATE utf8mb4_unicode_ci NOT NULL DEFAULT '',
  `execution_day` varchar(255) COLLATE utf8mb4_unicode_ci NOT NULL DEFAULT '',
  `execution_hour` varchar(255) COLLATE utf8mb4_unicode_ci NOT NULL DEFAULT '',
  `execution_minute` varchar(255) COLLATE utf8mb4_unicode_ci NOT NULL DEFAULT '',
  `execution_weekday` varchar(255) COLLATE utf8mb4_unicode_ci NOT NULL DEFAULT '',
  `user_id_execution` int(10) UNSIGNED NOT NULL DEFAULT '0',
  `user_execution` varchar(100) COLLATE utf8mb4_unicode_ci NOT NULL DEFAULT '',
  `storage` varchar(100) COLLATE utf8mb4_unicode_ci NOT NULL DEFAULT '',
  `user_id_storage` int(10) UNSIGNED NOT NULL DEFAULT '0',
  `user_storage` varchar(100) COLLATE utf8mb4_unicode_ci NOT NULL DEFAULT '',
  `status` tinyint(1) NOT NULL DEFAULT '0',
  `computers_id` int(10) UNSIGNED NOT NULL DEFAULT '0',
  `creation_date` timestamp NOT NULL DEFAULT CURRENT_TIMESTAMP
) ENGINE=InnoDB DEFAULT CHARSET=utf8mb4 COLLATE=utf8mb4_unicode_ci;

-- --------------------------------------------------------

--
-- Estructura de tabla para la tabla `glpi_plugin_fusioninventory_dblockinventories`
--

CREATE TABLE `glpi_plugin_fusioninventory_dblockinventories` (
  `value` int(10) UNSIGNED NOT NULL DEFAULT '0',
  `date` timestamp NOT NULL DEFAULT CURRENT_TIMESTAMP
) ENGINE=MEMORY DEFAULT CHARSET=utf8mb4 COLLATE=utf8mb4_unicode_ci;

-- --------------------------------------------------------

--
-- Estructura de tabla para la tabla `glpi_plugin_fusioninventory_dblockinventorynames`
--

CREATE TABLE `glpi_plugin_fusioninventory_dblockinventorynames` (
  `value` varchar(100) COLLATE utf8mb4_unicode_ci NOT NULL DEFAULT '',
  `date` timestamp NOT NULL DEFAULT CURRENT_TIMESTAMP
) ENGINE=MEMORY DEFAULT CHARSET=utf8mb4 COLLATE=utf8mb4_unicode_ci;

-- --------------------------------------------------------

--
-- Estructura de tabla para la tabla `glpi_plugin_fusioninventory_dblocksoftwares`
--

CREATE TABLE `glpi_plugin_fusioninventory_dblocksoftwares` (
  `value` tinyint(1) NOT NULL DEFAULT '0',
  `date` timestamp NOT NULL DEFAULT CURRENT_TIMESTAMP
) ENGINE=MEMORY DEFAULT CHARSET=utf8mb4 COLLATE=utf8mb4_unicode_ci;

-- --------------------------------------------------------

--
-- Estructura de tabla para la tabla `glpi_plugin_fusioninventory_dblocksoftwareversions`
--

CREATE TABLE `glpi_plugin_fusioninventory_dblocksoftwareversions` (
  `value` tinyint(1) NOT NULL DEFAULT '0',
  `date` timestamp NOT NULL DEFAULT CURRENT_TIMESTAMP
) ENGINE=MEMORY DEFAULT CHARSET=utf8mb4 COLLATE=utf8mb4_unicode_ci;

-- --------------------------------------------------------

--
-- Estructura de tabla para la tabla `glpi_plugin_fusioninventory_deployfiles`
--

CREATE TABLE `glpi_plugin_fusioninventory_deployfiles` (
  `id` int(10) UNSIGNED NOT NULL,
  `name` varchar(255) COLLATE utf8mb4_unicode_ci NOT NULL,
  `mimetype` varchar(255) COLLATE utf8mb4_unicode_ci NOT NULL,
  `filesize` bigint(20) NOT NULL,
  `comment` text COLLATE utf8mb4_unicode_ci,
  `sha512` char(128) COLLATE utf8mb4_unicode_ci NOT NULL,
  `shortsha512` char(6) COLLATE utf8mb4_unicode_ci NOT NULL,
  `entities_id` int(10) UNSIGNED NOT NULL,
  `is_recursive` tinyint(1) NOT NULL DEFAULT '0',
  `date_mod` timestamp NULL DEFAULT NULL
) ENGINE=InnoDB DEFAULT CHARSET=utf8mb4 COLLATE=utf8mb4_unicode_ci;

-- --------------------------------------------------------

--
-- Estructura de tabla para la tabla `glpi_plugin_fusioninventory_deploygroups`
--

CREATE TABLE `glpi_plugin_fusioninventory_deploygroups` (
  `id` int(10) UNSIGNED NOT NULL,
  `name` varchar(255) COLLATE utf8mb4_unicode_ci NOT NULL,
  `comment` text COLLATE utf8mb4_unicode_ci,
  `type` varchar(255) COLLATE utf8mb4_unicode_ci NOT NULL
) ENGINE=InnoDB DEFAULT CHARSET=utf8mb4 COLLATE=utf8mb4_unicode_ci;

-- --------------------------------------------------------

--
-- Estructura de tabla para la tabla `glpi_plugin_fusioninventory_deploygroups_dynamicdatas`
--

CREATE TABLE `glpi_plugin_fusioninventory_deploygroups_dynamicdatas` (
  `id` int(10) UNSIGNED NOT NULL,
  `plugin_fusioninventory_deploygroups_id` int(10) UNSIGNED NOT NULL DEFAULT '0',
  `fields_array` text COLLATE utf8mb4_unicode_ci,
  `can_update_group` tinyint(1) NOT NULL DEFAULT '0',
  `computers_id_cache` longtext COLLATE utf8mb4_unicode_ci
) ENGINE=InnoDB DEFAULT CHARSET=utf8mb4 COLLATE=utf8mb4_unicode_ci;

-- --------------------------------------------------------

--
-- Estructura de tabla para la tabla `glpi_plugin_fusioninventory_deploygroups_staticdatas`
--

CREATE TABLE `glpi_plugin_fusioninventory_deploygroups_staticdatas` (
  `id` int(10) UNSIGNED NOT NULL,
  `plugin_fusioninventory_deploygroups_id` int(10) UNSIGNED NOT NULL DEFAULT '0',
  `itemtype` varchar(100) COLLATE utf8mb4_unicode_ci DEFAULT NULL,
  `items_id` int(10) UNSIGNED NOT NULL DEFAULT '0'
) ENGINE=InnoDB DEFAULT CHARSET=utf8mb4 COLLATE=utf8mb4_unicode_ci;

-- --------------------------------------------------------

--
-- Estructura de tabla para la tabla `glpi_plugin_fusioninventory_deploymirrors`
--

CREATE TABLE `glpi_plugin_fusioninventory_deploymirrors` (
  `id` int(10) UNSIGNED NOT NULL,
  `entities_id` int(10) UNSIGNED NOT NULL,
  `is_active` tinyint(1) NOT NULL DEFAULT '0',
  `is_recursive` tinyint(1) NOT NULL DEFAULT '0',
  `name` varchar(255) COLLATE utf8mb4_unicode_ci NOT NULL,
  `url` varchar(255) COLLATE utf8mb4_unicode_ci NOT NULL DEFAULT '',
  `locations_id` int(10) UNSIGNED NOT NULL,
  `comment` text COLLATE utf8mb4_unicode_ci,
  `date_mod` timestamp NULL DEFAULT NULL
) ENGINE=InnoDB DEFAULT CHARSET=utf8mb4 COLLATE=utf8mb4_unicode_ci;

-- --------------------------------------------------------

--
-- Estructura de tabla para la tabla `glpi_plugin_fusioninventory_deploypackages`
--

CREATE TABLE `glpi_plugin_fusioninventory_deploypackages` (
  `id` int(10) UNSIGNED NOT NULL,
  `name` varchar(255) COLLATE utf8mb4_unicode_ci NOT NULL,
  `comment` text COLLATE utf8mb4_unicode_ci,
  `entities_id` int(10) UNSIGNED NOT NULL,
  `is_recursive` tinyint(1) NOT NULL DEFAULT '0',
  `date_mod` timestamp NULL DEFAULT NULL,
  `uuid` varchar(255) COLLATE utf8mb4_unicode_ci DEFAULT NULL,
  `json` longtext COLLATE utf8mb4_unicode_ci,
  `icon` varchar(255) COLLATE utf8mb4_unicode_ci DEFAULT NULL,
  `style` varchar(10) COLLATE utf8mb4_unicode_ci DEFAULT NULL,
  `plugin_fusioninventory_deploygroups_id` int(10) UNSIGNED NOT NULL DEFAULT '0'
) ENGINE=InnoDB DEFAULT CHARSET=utf8mb4 COLLATE=utf8mb4_unicode_ci;

-- --------------------------------------------------------

--
-- Estructura de tabla para la tabla `glpi_plugin_fusioninventory_deploypackages_entities`
--

CREATE TABLE `glpi_plugin_fusioninventory_deploypackages_entities` (
  `id` int(10) UNSIGNED NOT NULL,
  `plugin_fusioninventory_deploypackages_id` int(10) UNSIGNED NOT NULL DEFAULT '0',
  `entities_id` int(10) UNSIGNED NOT NULL DEFAULT '0',
  `is_recursive` tinyint(1) NOT NULL DEFAULT '0'
) ENGINE=InnoDB DEFAULT CHARSET=utf8mb4 COLLATE=utf8mb4_unicode_ci;

-- --------------------------------------------------------

--
-- Estructura de tabla para la tabla `glpi_plugin_fusioninventory_deploypackages_groups`
--

CREATE TABLE `glpi_plugin_fusioninventory_deploypackages_groups` (
  `id` int(10) UNSIGNED NOT NULL,
  `plugin_fusioninventory_deploypackages_id` int(10) UNSIGNED NOT NULL DEFAULT '0',
  `groups_id` int(10) UNSIGNED NOT NULL DEFAULT '0',
  `entities_id` int(10) UNSIGNED NOT NULL DEFAULT '0',
  `is_recursive` tinyint(1) NOT NULL DEFAULT '0'
) ENGINE=InnoDB DEFAULT CHARSET=utf8mb4 COLLATE=utf8mb4_unicode_ci;

-- --------------------------------------------------------

--
-- Estructura de tabla para la tabla `glpi_plugin_fusioninventory_deploypackages_profiles`
--

CREATE TABLE `glpi_plugin_fusioninventory_deploypackages_profiles` (
  `id` int(10) UNSIGNED NOT NULL,
  `plugin_fusioninventory_deploypackages_id` int(10) UNSIGNED NOT NULL DEFAULT '0',
  `profiles_id` int(10) UNSIGNED NOT NULL DEFAULT '0',
  `entities_id` int(10) UNSIGNED NOT NULL DEFAULT '0',
  `is_recursive` tinyint(1) NOT NULL DEFAULT '0'
) ENGINE=InnoDB DEFAULT CHARSET=utf8mb4 COLLATE=utf8mb4_unicode_ci;

-- --------------------------------------------------------

--
-- Estructura de tabla para la tabla `glpi_plugin_fusioninventory_deploypackages_users`
--

CREATE TABLE `glpi_plugin_fusioninventory_deploypackages_users` (
  `id` int(10) UNSIGNED NOT NULL,
  `plugin_fusioninventory_deploypackages_id` int(10) UNSIGNED NOT NULL DEFAULT '0',
  `users_id` int(10) UNSIGNED NOT NULL DEFAULT '0'
) ENGINE=InnoDB DEFAULT CHARSET=utf8mb4 COLLATE=utf8mb4_unicode_ci;

-- --------------------------------------------------------

--
-- Estructura de tabla para la tabla `glpi_plugin_fusioninventory_deployuserinteractiontemplates`
--

CREATE TABLE `glpi_plugin_fusioninventory_deployuserinteractiontemplates` (
  `id` int(10) UNSIGNED NOT NULL,
  `name` varchar(255) COLLATE utf8mb4_unicode_ci DEFAULT NULL,
  `entities_id` int(10) UNSIGNED NOT NULL DEFAULT '0',
  `is_recursive` tinyint(1) NOT NULL DEFAULT '0',
  `date_creation` timestamp NULL DEFAULT NULL,
  `date_mod` timestamp NULL DEFAULT NULL,
  `json` longtext COLLATE utf8mb4_unicode_ci
) ENGINE=InnoDB DEFAULT CHARSET=utf8mb4 COLLATE=utf8mb4_unicode_ci;

-- --------------------------------------------------------

--
-- Estructura de tabla para la tabla `glpi_plugin_fusioninventory_entities`
--

CREATE TABLE `glpi_plugin_fusioninventory_entities` (
  `id` int(10) UNSIGNED NOT NULL,
  `entities_id` int(10) UNSIGNED NOT NULL DEFAULT '0',
  `transfers_id_auto` int(10) UNSIGNED NOT NULL DEFAULT '0',
  `agent_base_url` varchar(255) COLLATE utf8mb4_unicode_ci NOT NULL DEFAULT ''
) ENGINE=InnoDB DEFAULT CHARSET=utf8mb4 COLLATE=utf8mb4_unicode_ci;

--
-- Volcado de datos para la tabla `glpi_plugin_fusioninventory_entities`
--

INSERT INTO `glpi_plugin_fusioninventory_entities` (`id`, `entities_id`, `transfers_id_auto`, `agent_base_url`) VALUES
(1, 0, 0, 'https://www.softredes.digital/glpi/sabama/ajax/marketplace.php');

-- --------------------------------------------------------

--
-- Estructura de tabla para la tabla `glpi_plugin_fusioninventory_ignoredimportdevices`
--

CREATE TABLE `glpi_plugin_fusioninventory_ignoredimportdevices` (
  `id` int(10) UNSIGNED NOT NULL,
  `name` varchar(255) COLLATE utf8mb4_unicode_ci DEFAULT NULL,
  `date` timestamp NULL DEFAULT NULL,
  `itemtype` varchar(100) COLLATE utf8mb4_unicode_ci DEFAULT NULL,
  `entities_id` int(10) UNSIGNED NOT NULL DEFAULT '0',
  `ip` varchar(255) COLLATE utf8mb4_unicode_ci DEFAULT NULL,
  `mac` varchar(255) COLLATE utf8mb4_unicode_ci DEFAULT NULL,
  `rules_id` int(10) UNSIGNED NOT NULL DEFAULT '0',
  `method` varchar(255) COLLATE utf8mb4_unicode_ci DEFAULT NULL,
  `serial` varchar(255) COLLATE utf8mb4_unicode_ci DEFAULT NULL,
  `uuid` varchar(255) COLLATE utf8mb4_unicode_ci DEFAULT NULL,
  `plugin_fusioninventory_agents_id` int(10) UNSIGNED NOT NULL DEFAULT '0'
) ENGINE=InnoDB DEFAULT CHARSET=utf8mb4 COLLATE=utf8mb4_unicode_ci;

-- --------------------------------------------------------

--
-- Estructura de tabla para la tabla `glpi_plugin_fusioninventory_inventorycomputerblacklists`
--

CREATE TABLE `glpi_plugin_fusioninventory_inventorycomputerblacklists` (
  `id` int(10) UNSIGNED NOT NULL,
  `plugin_fusioninventory_criterium_id` int(10) UNSIGNED NOT NULL DEFAULT '0',
  `value` varchar(255) COLLATE utf8mb4_unicode_ci DEFAULT NULL
) ENGINE=InnoDB DEFAULT CHARSET=utf8mb4 COLLATE=utf8mb4_unicode_ci;

--
-- Volcado de datos para la tabla `glpi_plugin_fusioninventory_inventorycomputerblacklists`
--

INSERT INTO `glpi_plugin_fusioninventory_inventorycomputerblacklists` (`id`, `plugin_fusioninventory_criterium_id`, `value`) VALUES
(1, 3, '50:50:54:50:30:30'),
(2, 1, 'N/A'),
(3, 1, '(null string)'),
(4, 1, 'INVALID'),
(5, 1, 'SYS-1234567890'),
(6, 1, 'SYS-9876543210'),
(7, 1, 'SN-12345'),
(8, 1, 'SN-1234567890'),
(9, 1, '1111111111'),
(10, 1, '1111111'),
(11, 1, '1'),
(12, 1, '0123456789'),
(13, 1, '12345'),
(14, 1, '123456'),
(15, 1, '1234567'),
(16, 1, '12345678'),
(17, 1, '123456789'),
(18, 1, '1234567890'),
(19, 1, '123456789000'),
(20, 1, '12345678901234567'),
(21, 1, '0000000000'),
(22, 1, '000000000'),
(23, 1, '00000000'),
(24, 1, '0000000'),
(25, 1, '0000000'),
(26, 1, 'NNNNNNN'),
(27, 1, 'xxxxxxxxxxx'),
(28, 1, 'EVAL'),
(29, 1, 'IATPASS'),
(30, 1, 'none'),
(31, 1, 'To Be Filled By O.E.M.'),
(32, 1, 'Tulip Computers'),
(33, 1, 'Serial Number xxxxxx'),
(34, 1, 'SN-123456fvgv3i0b8o5n6n7k'),
(35, 1, 'Unknow'),
(36, 5, 'Unknow'),
(37, 1, 'System Serial Number'),
(38, 5, 'To Be Filled By O.E.M.'),
(39, 5, '*'),
(40, 5, 'System Product Name'),
(41, 5, 'Product Name'),
(42, 5, 'System Name'),
(43, 2, 'FFFFFFFF-FFFF-FFFF-FFFF-FFFFFFFFFFFF'),
(44, 10, 'System manufacturer'),
(45, 2, '03000200-0400-0500-0006-000700080009'),
(46, 2, '6AB5B300-538D-1014-9FB5-B0684D007B53'),
(47, 2, '01010101-0101-0101-0101-010101010101'),
(48, 3, '20:41:53:59:4e:ff'),
(49, 3, '02:00:4e:43:50:49'),
(50, 3, 'e2:e6:16:20:0a:35'),
(51, 3, 'd2:0a:2d:a0:04:be'),
(52, 3, '00:a0:c6:00:00:00'),
(53, 3, 'd2:6b:25:2f:2c:e7'),
(54, 3, '33:50:6f:45:30:30'),
(55, 3, '0a:00:27:00:00:00'),
(56, 3, '00:50:56:C0:00:01'),
(57, 3, '00:50:56:C0:00:08'),
(58, 3, '02:80:37:EC:02:00'),
(59, 1, 'MB-1234567890'),
(60, 1, '0'),
(61, 1, 'empty'),
(62, 3, '24:b6:20:52:41:53'),
(63, 1, 'Not Specified'),
(64, 5, 'All Series');

-- --------------------------------------------------------

--
-- Estructura de tabla para la tabla `glpi_plugin_fusioninventory_inventorycomputercomputers`
--

CREATE TABLE `glpi_plugin_fusioninventory_inventorycomputercomputers` (
  `id` int(10) UNSIGNED NOT NULL,
  `computers_id` int(10) UNSIGNED NOT NULL DEFAULT '0',
  `operatingsystem_installationdate` timestamp NULL DEFAULT NULL,
  `winowner` varchar(255) COLLATE utf8mb4_unicode_ci DEFAULT NULL,
  `wincompany` varchar(255) COLLATE utf8mb4_unicode_ci DEFAULT NULL,
  `last_fusioninventory_update` timestamp NULL DEFAULT NULL,
  `remote_addr` varchar(255) COLLATE utf8mb4_unicode_ci DEFAULT NULL,
  `serialized_inventory` longblob,
  `is_entitylocked` tinyint(1) NOT NULL DEFAULT '0',
  `oscomment` text COLLATE utf8mb4_unicode_ci,
  `hostid` varchar(255) COLLATE utf8mb4_unicode_ci DEFAULT NULL,
  `last_boot` timestamp NULL DEFAULT NULL
) ENGINE=InnoDB DEFAULT CHARSET=utf8mb4 COLLATE=utf8mb4_unicode_ci;

--
-- Volcado de datos para la tabla `glpi_plugin_fusioninventory_inventorycomputercomputers`
--

INSERT INTO `glpi_plugin_fusioninventory_inventorycomputercomputers` (`id`, `computers_id`, `operatingsystem_installationdate`, `winowner`, `wincompany`, `last_fusioninventory_update`, `remote_addr`, `serialized_inventory`, `is_entitylocked`, `oscomment`, `hostid`, `last_boot`) VALUES
(1, 1, '2023-07-17 16:24:49', 'admin', '', '2024-09-05 23:44:54', '190.24.137.122', 0x[encoded data, 35094 characters], 0, NULL, NULL, '2024-08-31 20:27:33');
INSERT INTO `glpi_plugin_fusioninventory_inventorycomputercomputers` (`id`, `computers_id`, `operatingsystem_installationdate`, `winowner`, `wincompany`, `last_fusioninventory_update`, `remote_addr`, `serialized_inventory`, `is_entitylocked`, `oscomment`, `hostid`, `last_boot`) VALUES
(2, 2, NULL, '', '', '2024-09-02 06:39:53', '186.84.22.109', 0x[encoded data, 34040 characters], 0, 'x86_64/1725235278', NULL, '2024-09-02 00:01:18');

-- --------------------------------------------------------

--
-- Estructura de tabla para la tabla `glpi_plugin_fusioninventory_inventorycomputercriterias`
--

