-- https://www.phpmyadmin.net/
--
-- Servidor: localhost:3306
-- Tiempo de generación: 05-09-2024 a las 14:07:03
-- Versión del servidor: 5.7.44
-- Versión de PHP: 8.1.29

START TRANSACTION;



--
-- Base de datos: `wwsoft_glpi_sabama`
--

-- --------------------------------------------------------

--
-- Estructura de tabla para la tabla `glpi_agents`
--

CREATE TABLE `glpi_agents` (
  `id` int(10) UNSIGNED NOT NULL,
  `deviceid` varchar(255) COLLATE utf8mb4_unicode_ci NOT NULL,
  `entities_id` int(10) UNSIGNED NOT NULL DEFAULT '0',
  `is_recursive` tinyint(4) NOT NULL DEFAULT '0',
  `name` varchar(255) COLLATE utf8mb4_unicode_ci DEFAULT NULL,
  `agenttypes_id` int(10) UNSIGNED NOT NULL,
  `last_contact` timestamp NULL DEFAULT NULL,
  `version` varchar(255) COLLATE utf8mb4_unicode_ci DEFAULT NULL,
  `locked` tinyint(4) NOT NULL DEFAULT '0',
  `itemtype` varchar(100) COLLATE utf8mb4_unicode_ci NOT NULL,
  `items_id` int(10) UNSIGNED NOT NULL,
  `useragent` varchar(255) COLLATE utf8mb4_unicode_ci DEFAULT NULL,
  `tag` varchar(255) COLLATE utf8mb4_unicode_ci DEFAULT NULL,
  `port` varchar(6) COLLATE utf8mb4_unicode_ci DEFAULT NULL,
  `remote_addr` varchar(255) COLLATE utf8mb4_unicode_ci DEFAULT NULL,
  `threads_networkdiscovery` int(11) NOT NULL DEFAULT '1' COMMENT 'Number of threads for Network discovery',
  `threads_networkinventory` int(11) NOT NULL DEFAULT '1' COMMENT 'Number of threads for Network inventory',
  `timeout_networkdiscovery` int(11) NOT NULL DEFAULT '0' COMMENT 'Network Discovery task timeout (disabled by default)',
  `timeout_networkinventory` int(11) NOT NULL DEFAULT '0' COMMENT 'Network Inventory task timeout (disabled by default)',
  `use_module_wake_on_lan` tinyint(4) NOT NULL DEFAULT '0',
  `use_module_computer_inventory` tinyint(4) NOT NULL DEFAULT '0',
  `use_module_esx_remote_inventory` tinyint(4) NOT NULL DEFAULT '0',
  `use_module_remote_inventory` tinyint(4) NOT NULL DEFAULT '0',
  `use_module_network_inventory` tinyint(4) NOT NULL DEFAULT '0',
  `use_module_network_discovery` tinyint(4) NOT NULL DEFAULT '0',
  `use_module_package_deployment` tinyint(4) NOT NULL DEFAULT '0',
  `use_module_collect_data` tinyint(4) NOT NULL DEFAULT '0'
) ENGINE=InnoDB DEFAULT CHARSET=utf8mb4 COLLATE=utf8mb4_unicode_ci ROW_FORMAT=DYNAMIC;

-- --------------------------------------------------------

--
-- Estructura de tabla para la tabla `glpi_agenttypes`
--

CREATE TABLE `glpi_agenttypes` (
  `id` int(10) UNSIGNED NOT NULL,
  `name` varchar(255) COLLATE utf8mb4_unicode_ci DEFAULT NULL
) ENGINE=InnoDB DEFAULT CHARSET=utf8mb4 COLLATE=utf8mb4_unicode_ci ROW_FORMAT=DYNAMIC;

--
-- Volcado de datos para la tabla `glpi_agenttypes`
--

INSERT INTO `glpi_agenttypes` (`id`, `name`) VALUES
(1, 'Core');

-- --------------------------------------------------------

--
-- Estructura de tabla para la tabla `glpi_alerts`
--

CREATE TABLE `glpi_alerts` (
  `id` int(10) UNSIGNED NOT NULL,
  `itemtype` varchar(100) COLLATE utf8mb4_unicode_ci NOT NULL,
  `items_id` int(10) UNSIGNED NOT NULL DEFAULT '0',
  `type` int(11) NOT NULL DEFAULT '0' COMMENT 'see define.php ALERT_* constant',
  `date` timestamp NOT NULL DEFAULT CURRENT_TIMESTAMP
) ENGINE=InnoDB DEFAULT CHARSET=utf8mb4 COLLATE=utf8mb4_unicode_ci ROW_FORMAT=DYNAMIC;

--
-- Volcado de datos para la tabla `glpi_alerts`
--

INSERT INTO `glpi_alerts` (`id`, `itemtype`, `items_id`, `type`, `date`) VALUES
(1, 'PlanningRecall', 1, 5, '2024-08-21 09:55:53'),
(2, 'PlanningRecall', 2, 5, '2024-08-21 09:55:53');

-- --------------------------------------------------------

--
-- Estructura de tabla para la tabla `glpi_apiclients`
--

CREATE TABLE `glpi_apiclients` (
  `id` int(10) UNSIGNED NOT NULL,
  `entities_id` int(10) UNSIGNED NOT NULL DEFAULT '0',
  `is_recursive` tinyint(4) NOT NULL DEFAULT '0',
  `name` varchar(255) COLLATE utf8mb4_unicode_ci DEFAULT NULL,
  `date_mod` timestamp NULL DEFAULT NULL,
  `date_creation` timestamp NULL DEFAULT NULL,
  `is_active` tinyint(4) NOT NULL DEFAULT '0',
  `ipv4_range_start` bigint(20) DEFAULT NULL,
  `ipv4_range_end` bigint(20) DEFAULT NULL,
  `ipv6` varchar(255) COLLATE utf8mb4_unicode_ci DEFAULT NULL,
  `app_token` varchar(255) COLLATE utf8mb4_unicode_ci DEFAULT NULL,
  `app_token_date` timestamp NULL DEFAULT NULL,
  `dolog_method` tinyint(4) NOT NULL DEFAULT '0',
  `comment` text COLLATE utf8mb4_unicode_ci
) ENGINE=InnoDB DEFAULT CHARSET=utf8mb4 COLLATE=utf8mb4_unicode_ci ROW_FORMAT=DYNAMIC;

--
-- Volcado de datos para la tabla `glpi_apiclients`
--

INSERT INTO `glpi_apiclients` (`id`, `entities_id`, `is_recursive`, `name`, `date_mod`, `date_creation`, `is_active`, `ipv4_range_start`, `ipv4_range_end`, `ipv6`, `app_token`, `app_token_date`, `dolog_method`, `comment`) VALUES
(1, 0, 1, 'full access from localhost', NULL, NULL, 1, 2130706433, 2130706433, '::1', NULL, NULL, 0, NULL);

-- --------------------------------------------------------

--
-- Estructura de tabla para la tabla `glpi_applianceenvironments`
--

CREATE TABLE `glpi_applianceenvironments` (
  `id` int(10) UNSIGNED NOT NULL,
  `name` varchar(255) COLLATE utf8mb4_unicode_ci DEFAULT NULL,
  `comment` text COLLATE utf8mb4_unicode_ci
) ENGINE=InnoDB DEFAULT CHARSET=utf8mb4 COLLATE=utf8mb4_unicode_ci ROW_FORMAT=DYNAMIC;

-- --------------------------------------------------------

--
-- Estructura de tabla para la tabla `glpi_appliances`
--

CREATE TABLE `glpi_appliances` (
  `id` int(10) UNSIGNED NOT NULL,
  `entities_id` int(10) UNSIGNED NOT NULL DEFAULT '0',
  `is_recursive` tinyint(4) NOT NULL DEFAULT '0',
  `name` varchar(255) COLLATE utf8mb4_unicode_ci NOT NULL DEFAULT '',
  `is_deleted` tinyint(4) NOT NULL DEFAULT '0',
  `appliancetypes_id` int(10) UNSIGNED NOT NULL DEFAULT '0',
  `comment` text COLLATE utf8mb4_unicode_ci,
  `locations_id` int(10) UNSIGNED NOT NULL DEFAULT '0',
  `manufacturers_id` int(10) UNSIGNED NOT NULL DEFAULT '0',
  `applianceenvironments_id` int(10) UNSIGNED NOT NULL DEFAULT '0',
  `users_id` int(10) UNSIGNED NOT NULL DEFAULT '0',
  `users_id_tech` int(10) UNSIGNED NOT NULL DEFAULT '0',
  `groups_id` int(10) UNSIGNED NOT NULL DEFAULT '0',
  `groups_id_tech` int(10) UNSIGNED NOT NULL DEFAULT '0',
  `date_mod` timestamp NULL DEFAULT NULL,
  `date_creation` timestamp NULL DEFAULT NULL,
  `states_id` int(10) UNSIGNED NOT NULL DEFAULT '0',
  `externalidentifier` varchar(255) COLLATE utf8mb4_unicode_ci DEFAULT NULL,
  `serial` varchar(255) COLLATE utf8mb4_unicode_ci DEFAULT NULL,
  `otherserial` varchar(255) COLLATE utf8mb4_unicode_ci DEFAULT NULL,
  `contact` varchar(255) COLLATE utf8mb4_unicode_ci DEFAULT NULL,
  `contact_num` varchar(255) COLLATE utf8mb4_unicode_ci DEFAULT NULL,
  `is_helpdesk_visible` tinyint(4) NOT NULL DEFAULT '1',
  `pictures` text COLLATE utf8mb4_unicode_ci
) ENGINE=InnoDB DEFAULT CHARSET=utf8mb4 COLLATE=utf8mb4_unicode_ci ROW_FORMAT=DYNAMIC;

-- --------------------------------------------------------

--
-- Estructura de tabla para la tabla `glpi_appliances_items`
--

CREATE TABLE `glpi_appliances_items` (
  `id` int(10) UNSIGNED NOT NULL,
  `appliances_id` int(10) UNSIGNED NOT NULL DEFAULT '0',
  `items_id` int(10) UNSIGNED NOT NULL DEFAULT '0',
  `itemtype` varchar(100) COLLATE utf8mb4_unicode_ci NOT NULL DEFAULT ''
) ENGINE=InnoDB DEFAULT CHARSET=utf8mb4 COLLATE=utf8mb4_unicode_ci ROW_FORMAT=DYNAMIC;

-- --------------------------------------------------------

--
-- Estructura de tabla para la tabla `glpi_appliances_items_relations`
--

CREATE TABLE `glpi_appliances_items_relations` (
  `id` int(10) UNSIGNED NOT NULL,
  `appliances_items_id` int(10) UNSIGNED NOT NULL DEFAULT '0',
  `itemtype` varchar(100) COLLATE utf8mb4_unicode_ci NOT NULL,
  `items_id` int(10) UNSIGNED NOT NULL DEFAULT '0'
) ENGINE=InnoDB DEFAULT CHARSET=utf8mb4 COLLATE=utf8mb4_unicode_ci ROW_FORMAT=DYNAMIC;

-- --------------------------------------------------------

--
-- Estructura de tabla para la tabla `glpi_appliancetypes`
--

CREATE TABLE `glpi_appliancetypes` (
  `id` int(10) UNSIGNED NOT NULL,
  `entities_id` int(10) UNSIGNED NOT NULL DEFAULT '0',
  `is_recursive` tinyint(4) NOT NULL DEFAULT '0',
  `name` varchar(255) COLLATE utf8mb4_unicode_ci NOT NULL DEFAULT '',
  `comment` text COLLATE utf8mb4_unicode_ci,
  `externalidentifier` varchar(255) COLLATE utf8mb4_unicode_ci DEFAULT NULL
) ENGINE=InnoDB DEFAULT CHARSET=utf8mb4 COLLATE=utf8mb4_unicode_ci ROW_FORMAT=DYNAMIC;

-- --------------------------------------------------------

--
-- Estructura de tabla para la tabla `glpi_authldapreplicates`
--

CREATE TABLE `glpi_authldapreplicates` (
  `id` int(10) UNSIGNED NOT NULL,
  `authldaps_id` int(10) UNSIGNED NOT NULL DEFAULT '0',
  `host` varchar(255) COLLATE utf8mb4_unicode_ci DEFAULT NULL,
  `port` int(11) NOT NULL DEFAULT '389',
  `name` varchar(255) COLLATE utf8mb4_unicode_ci DEFAULT NULL,
  `timeout` int(11) NOT NULL DEFAULT '10'
) ENGINE=InnoDB DEFAULT CHARSET=utf8mb4 COLLATE=utf8mb4_unicode_ci ROW_FORMAT=DYNAMIC;

-- --------------------------------------------------------

--
-- Estructura de tabla para la tabla `glpi_authldaps`
--

CREATE TABLE `glpi_authldaps` (
  `id` int(10) UNSIGNED NOT NULL,
  `name` varchar(255) COLLATE utf8mb4_unicode_ci DEFAULT NULL,
  `host` varchar(255) COLLATE utf8mb4_unicode_ci DEFAULT NULL,
  `basedn` varchar(255) COLLATE utf8mb4_unicode_ci DEFAULT NULL,
  `rootdn` varchar(255) COLLATE utf8mb4_unicode_ci DEFAULT NULL,
  `port` int(11) NOT NULL DEFAULT '389',
  `condition` text COLLATE utf8mb4_unicode_ci,
  `login_field` varchar(255) COLLATE utf8mb4_unicode_ci DEFAULT 'uid',
  `sync_field` varchar(255) COLLATE utf8mb4_unicode_ci DEFAULT NULL,
  `use_tls` tinyint(4) NOT NULL DEFAULT '0',
  `group_field` varchar(255) COLLATE utf8mb4_unicode_ci DEFAULT NULL,
  `group_condition` text COLLATE utf8mb4_unicode_ci,
  `group_search_type` int(11) NOT NULL DEFAULT '0',
  `group_member_field` varchar(255) COLLATE utf8mb4_unicode_ci DEFAULT NULL,
  `email1_field` varchar(255) COLLATE utf8mb4_unicode_ci DEFAULT NULL,
  `realname_field` varchar(255) COLLATE utf8mb4_unicode_ci DEFAULT NULL,
  `firstname_field` varchar(255) COLLATE utf8mb4_unicode_ci DEFAULT NULL,
  `phone_field` varchar(255) COLLATE utf8mb4_unicode_ci DEFAULT NULL,
  `phone2_field` varchar(255) COLLATE utf8mb4_unicode_ci DEFAULT NULL,
  `mobile_field` varchar(255) COLLATE utf8mb4_unicode_ci DEFAULT NULL,
  `comment_field` varchar(255) COLLATE utf8mb4_unicode_ci DEFAULT NULL,
  `use_dn` tinyint(4) NOT NULL DEFAULT '1',
  `time_offset` int(11) NOT NULL DEFAULT '0' COMMENT 'in seconds',
  `deref_option` int(11) NOT NULL DEFAULT '0',
  `title_field` varchar(255) COLLATE utf8mb4_unicode_ci DEFAULT NULL,
  `category_field` varchar(255) COLLATE utf8mb4_unicode_ci DEFAULT NULL,
  `language_field` varchar(255) COLLATE utf8mb4_unicode_ci DEFAULT NULL,
  `entity_field` varchar(255) COLLATE utf8mb4_unicode_ci DEFAULT NULL,
  `entity_condition` text COLLATE utf8mb4_unicode_ci,
  `date_mod` timestamp NULL DEFAULT NULL,
  `comment` text COLLATE utf8mb4_unicode_ci,
  `is_default` tinyint(4) NOT NULL DEFAULT '0',
  `is_active` tinyint(4) NOT NULL DEFAULT '0',
  `rootdn_passwd` varchar(255) COLLATE utf8mb4_unicode_ci DEFAULT NULL,
  `registration_number_field` varchar(255) COLLATE utf8mb4_unicode_ci DEFAULT NULL,
  `email2_field` varchar(255) COLLATE utf8mb4_unicode_ci DEFAULT NULL,
  `email3_field` varchar(255) COLLATE utf8mb4_unicode_ci DEFAULT NULL,
  `email4_field` varchar(255) COLLATE utf8mb4_unicode_ci DEFAULT NULL,
  `location_field` varchar(255) COLLATE utf8mb4_unicode_ci DEFAULT NULL,
  `responsible_field` varchar(255) COLLATE utf8mb4_unicode_ci DEFAULT NULL,
  `pagesize` int(11) NOT NULL DEFAULT '0',
  `ldap_maxlimit` int(11) NOT NULL DEFAULT '0',
  `can_support_pagesize` tinyint(4) NOT NULL DEFAULT '0',
  `picture_field` varchar(255) COLLATE utf8mb4_unicode_ci DEFAULT NULL,
  `date_creation` timestamp NULL DEFAULT NULL,
  `inventory_domain` varchar(255) COLLATE utf8mb4_unicode_ci DEFAULT NULL,
  `tls_certfile` text COLLATE utf8mb4_unicode_ci,
  `tls_keyfile` text COLLATE utf8mb4_unicode_ci,
  `use_bind` tinyint(4) NOT NULL DEFAULT '1',
  `timeout` int(11) NOT NULL DEFAULT '10'
) ENGINE=InnoDB DEFAULT CHARSET=utf8mb4 COLLATE=utf8mb4_unicode_ci ROW_FORMAT=DYNAMIC;

-- --------------------------------------------------------

--
-- Estructura de tabla para la tabla `glpi_authmails`
--

CREATE TABLE `glpi_authmails` (
  `id` int(10) UNSIGNED NOT NULL,
  `name` varchar(255) COLLATE utf8mb4_unicode_ci DEFAULT NULL,
  `connect_string` varchar(255) COLLATE utf8mb4_unicode_ci DEFAULT NULL,
  `host` varchar(255) COLLATE utf8mb4_unicode_ci DEFAULT NULL,
  `date_mod` timestamp NULL DEFAULT NULL,
  `date_creation` timestamp NULL DEFAULT NULL,
  `comment` text COLLATE utf8mb4_unicode_ci,
  `is_active` tinyint(4) NOT NULL DEFAULT '0'
) ENGINE=InnoDB DEFAULT CHARSET=utf8mb4 COLLATE=utf8mb4_unicode_ci ROW_FORMAT=DYNAMIC;

-- --------------------------------------------------------

--
-- Estructura de tabla para la tabla `glpi_autoupdatesystems`
--

CREATE TABLE `glpi_autoupdatesystems` (
  `id` int(10) UNSIGNED NOT NULL,
  `name` varchar(255) COLLATE utf8mb4_unicode_ci DEFAULT NULL,
  `comment` text COLLATE utf8mb4_unicode_ci
) ENGINE=InnoDB DEFAULT CHARSET=utf8mb4 COLLATE=utf8mb4_unicode_ci ROW_FORMAT=DYNAMIC;

-- --------------------------------------------------------

--
-- Estructura de tabla para la tabla `glpi_blacklistedmailcontents`
--

CREATE TABLE `glpi_blacklistedmailcontents` (
  `id` int(10) UNSIGNED NOT NULL,
  `name` varchar(255) COLLATE utf8mb4_unicode_ci DEFAULT NULL,
  `content` text COLLATE utf8mb4_unicode_ci,
  `comment` text COLLATE utf8mb4_unicode_ci,
  `date_mod` timestamp NULL DEFAULT NULL,
  `date_creation` timestamp NULL DEFAULT NULL
) ENGINE=InnoDB DEFAULT CHARSET=utf8mb4 COLLATE=utf8mb4_unicode_ci ROW_FORMAT=DYNAMIC;

-- --------------------------------------------------------

--
-- Estructura de tabla para la tabla `glpi_blacklists`
--

CREATE TABLE `glpi_blacklists` (
  `id` int(10) UNSIGNED NOT NULL,
  `type` int(11) NOT NULL DEFAULT '0',
  `name` varchar(255) COLLATE utf8mb4_unicode_ci DEFAULT NULL,
  `value` varchar(255) COLLATE utf8mb4_unicode_ci DEFAULT NULL,
  `comment` text COLLATE utf8mb4_unicode_ci,
  `date_mod` timestamp NULL DEFAULT NULL,
  `date_creation` timestamp NULL DEFAULT NULL
) ENGINE=InnoDB DEFAULT CHARSET=utf8mb4 COLLATE=utf8mb4_unicode_ci ROW_FORMAT=DYNAMIC;

--
-- Volcado de datos para la tabla `glpi_blacklists`
--

INSERT INTO `glpi_blacklists` (`id`, `type`, `name`, `value`, `comment`, `date_mod`, `date_creation`) VALUES
(1, 3, 'invalid serial', 'N/A', NULL, NULL, NULL),
(2, 3, 'invalid serial', '(null string)', NULL, NULL, NULL),
(3, 3, 'invalid serial', 'INVALID', NULL, NULL, NULL),
(4, 3, 'invalid serial', 'SYS-1234567890', NULL, NULL, NULL),
(5, 3, 'invalid serial', 'SYS-9876543210', NULL, NULL, NULL),
(6, 3, 'invalid serial', 'SN-12345', NULL, NULL, NULL),
(7, 3, 'invalid serial', 'SN-1234567890', NULL, NULL, NULL),
(8, 3, 'invalid serial', '/^0+$/', NULL, NULL, NULL),
(9, 3, 'invalid serial', '/^1+$/', NULL, NULL, NULL),
(10, 3, 'invalid serial', '/\\d\\.\\d(\\.\\d)?/', NULL, NULL, NULL),
(11, 3, 'invalid serial', '/^(0|1)+$/', NULL, NULL, NULL),
(12, 3, 'invalid serial', '0123456789', NULL, NULL, NULL),
(13, 3, 'invalid serial', '12345', NULL, NULL, NULL),
(14, 3, 'invalid serial', '123456', NULL, NULL, NULL),
(15, 3, 'invalid serial', '1234567', NULL, NULL, NULL),
(16, 3, 'invalid serial', '12345678', NULL, NULL, NULL),
(17, 3, 'invalid serial', '123456789', NULL, NULL, NULL),
(18, 3, 'invalid serial', '1234567890', NULL, NULL, NULL),
(19, 3, 'invalid serial', '123456789000', NULL, NULL, NULL),
(20, 3, 'invalid serial', '12345678901234567', NULL, NULL, NULL),
(21, 3, 'invalid serial', 'NNNNNNN', NULL, NULL, NULL),
(22, 3, 'invalid serial', 'xxxxxxxxxxx', NULL, NULL, NULL),
(23, 3, 'invalid serial', 'EVAL', NULL, NULL, NULL),
(24, 3, 'invalid serial', 'IATPASS', NULL, NULL, NULL),
(25, 3, 'invalid serial', 'none', NULL, NULL, NULL),
(26, 3, 'invalid serial', 'To Be Filled By O.E.M.', NULL, NULL, NULL),
(27, 3, 'invalid serial', 'Tulip Computers', NULL, NULL, NULL),
(28, 3, 'invalid serial', 'Serial Number xxxxxx', NULL, NULL, NULL),
(29, 3, 'invalid serial', 'SN-123456fvgv3i0b8o5n6n7k', NULL, NULL, NULL),
(30, 3, 'invalid serial', 'Unknow', NULL, NULL, NULL),
(31, 3, 'invalid serial', 'System Serial Number', NULL, NULL, NULL),
(32, 3, 'invalid serial', 'MB-1234567890', NULL, NULL, NULL),
(33, 3, 'invalid serial', 'empty', NULL, NULL, NULL),
(34, 3, 'invalid serial', 'Not Specified', NULL, NULL, NULL),
(35, 3, 'invalid serial', 'OEM_Serial', NULL, NULL, NULL),
(36, 3, 'invalid serial', 'SystemSerialNumb', NULL, NULL, NULL),
(37, 4, 'invalid UUID', 'FFFFFFFF-FFFF-FFFF-FFFF-FFFFFFFFFFFF', NULL, NULL, NULL),
(38, 4, 'invalid UUID', '03000200-0400-0500-0006-000700080009', NULL, NULL, NULL),
(39, 4, 'invalid UUID', '6AB5B300-538D-1014-9FB5-B0684D007B53', NULL, NULL, NULL),
(40, 4, 'invalid UUID', '01010101-0101-0101-0101-010101010101', NULL, NULL, NULL),
(41, 4, 'invalid UUID', '2', NULL, NULL, NULL),
(42, 2, 'empty MAC', '', NULL, NULL, NULL),
(43, 2, 'invalid MAC', '20:41:53:59:4e:ff', NULL, NULL, NULL),
(44, 2, 'invalid MAC', '02:00:4e:43:50:49', NULL, NULL, NULL),
(45, 2, 'invalid MAC', 'e2:e6:16:20:0a:35', NULL, NULL, NULL),
(46, 2, 'invalid MAC', 'd2:0a:2d:a0:04:be', NULL, NULL, NULL),
(47, 2, 'invalid MAC', '00:a0:c6:00:00:00', NULL, NULL, NULL),
(48, 2, 'invalid MAC', 'd2:6b:25:2f:2c:e7', NULL, NULL, NULL),
(49, 2, 'invalid MAC', '33:50:6f:45:30:30', NULL, NULL, NULL),
(50, 2, 'invalid MAC', '0a:00:27:00:00:00', NULL, NULL, NULL),
(51, 2, 'invalid MAC', '00:50:56:C0:00:01', NULL, NULL, NULL),
(52, 2, 'invalid MAC', '00:50:56:C0:00:08', NULL, NULL, NULL),
(53, 2, 'invalid MAC', '02:80:37:EC:02:00', NULL, NULL, NULL),
(54, 2, 'invalid MAC', '50:50:54:50:30:30', NULL, NULL, NULL),
(55, 2, 'invalid MAC', '24:b6:20:52:41:53', NULL, NULL, NULL),
(56, 2, 'invalid MAC', '00:50:56:C0:00:02', NULL, NULL, NULL),
(57, 2, 'invalid MAC', '/00:50:56:C0:[0-9a-f]+:[0-9a-f]+/i', NULL, NULL, NULL),
(58, 2, 'invalid MAC', 'FE:FF:FF:FF:FF:FF', NULL, NULL, NULL),
(59, 2, 'invalid MAC', '00:00:00:00:00:00', NULL, NULL, NULL),
(60, 2, 'invalid MAC', '00:0b:ca:fe:00:00', NULL, NULL, NULL),
(61, 6, 'Unknow', 'Unknow', NULL, NULL, NULL),
(62, 6, 'To Be Filled By O.E.M.', 'To Be Filled By O.E.M.', NULL, NULL, NULL),
(63, 6, '*', '*', NULL, NULL, NULL),
(64, 6, 'System Product Name', 'System Product Name', NULL, NULL, NULL),
(65, 6, 'Product Name', 'Product Name', NULL, NULL, NULL),
(66, 6, 'System Name', 'System Name', NULL, NULL, NULL),
(67, 6, 'All Series', 'All Series', NULL, NULL, NULL),
(68, 8, 'System manufacturer', 'System manufacturer', NULL, NULL, NULL),
(69, 1, 'empty IP', '', NULL, NULL, NULL),
(70, 1, 'zero IP', '0.0.0.0', NULL, NULL, NULL),
(71, 1, 'localhost', '127.0.0.1', NULL, NULL, NULL),
(72, 1, 'IPV6 localhost', '::1', NULL, NULL, NULL);

-- --------------------------------------------------------

--
-- Estructura de tabla para la tabla `glpi_budgets`
--

CREATE TABLE `glpi_budgets` (
  `id` int(10) UNSIGNED NOT NULL,
  `name` varchar(255) COLLATE utf8mb4_unicode_ci DEFAULT NULL,
  `entities_id` int(10) UNSIGNED NOT NULL DEFAULT '0',
  `is_recursive` tinyint(4) NOT NULL DEFAULT '0',
  `comment` text COLLATE utf8mb4_unicode_ci,
  `is_deleted` tinyint(4) NOT NULL DEFAULT '0',
  `begin_date` date DEFAULT NULL,
  `end_date` date DEFAULT NULL,
  `value` decimal(20,4) NOT NULL DEFAULT '0.0000',
  `is_template` tinyint(4) NOT NULL DEFAULT '0',
  `template_name` varchar(255) COLLATE utf8mb4_unicode_ci DEFAULT NULL,
  `date_mod` timestamp NULL DEFAULT NULL,
  `date_creation` timestamp NULL DEFAULT NULL,
  `locations_id` int(10) UNSIGNED NOT NULL DEFAULT '0',
  `budgettypes_id` int(10) UNSIGNED NOT NULL DEFAULT '0'
) ENGINE=InnoDB DEFAULT CHARSET=utf8mb4 COLLATE=utf8mb4_unicode_ci ROW_FORMAT=DYNAMIC;

-- --------------------------------------------------------

--
-- Estructura de tabla para la tabla `glpi_budgettypes`
--

CREATE TABLE `glpi_budgettypes` (
  `id` int(10) UNSIGNED NOT NULL,
  `name` varchar(255) COLLATE utf8mb4_unicode_ci DEFAULT NULL,
  `comment` text COLLATE utf8mb4_unicode_ci,
  `date_mod` timestamp NULL DEFAULT NULL,
  `date_creation` timestamp NULL DEFAULT NULL
) ENGINE=InnoDB DEFAULT CHARSET=utf8mb4 COLLATE=utf8mb4_unicode_ci ROW_FORMAT=DYNAMIC;

-- --------------------------------------------------------

--
-- Estructura de tabla para la tabla `glpi_businesscriticities`
--

CREATE TABLE `glpi_businesscriticities` (
  `id` int(10) UNSIGNED NOT NULL,
  `name` varchar(255) COLLATE utf8mb4_unicode_ci DEFAULT NULL,
  `entities_id` int(10) UNSIGNED NOT NULL DEFAULT '0',
  `is_recursive` tinyint(4) NOT NULL DEFAULT '0',
  `comment` text COLLATE utf8mb4_unicode_ci,
  `date_mod` timestamp NULL DEFAULT NULL,
  `date_creation` timestamp NULL DEFAULT NULL,
  `businesscriticities_id` int(10) UNSIGNED NOT NULL DEFAULT '0',
  `completename` text COLLATE utf8mb4_unicode_ci,
  `level` int(11) NOT NULL DEFAULT '0',
  `ancestors_cache` longtext COLLATE utf8mb4_unicode_ci,
  `sons_cache` longtext COLLATE utf8mb4_unicode_ci
) ENGINE=InnoDB DEFAULT CHARSET=utf8mb4 COLLATE=utf8mb4_unicode_ci ROW_FORMAT=DYNAMIC;

-- --------------------------------------------------------

--
-- Estructura de tabla para la tabla `glpi_cables`
--

CREATE TABLE `glpi_cables` (
  `id` int(10) UNSIGNED NOT NULL,
  `name` varchar(255) COLLATE utf8mb4_unicode_ci DEFAULT NULL,
  `entities_id` int(10) UNSIGNED NOT NULL DEFAULT '0',
  `is_recursive` tinyint(4) NOT NULL DEFAULT '0',
  `itemtype_endpoint_a` varchar(255) COLLATE utf8mb4_unicode_ci DEFAULT NULL,
  `itemtype_endpoint_b` varchar(255) COLLATE utf8mb4_unicode_ci DEFAULT NULL,
  `items_id_endpoint_a` int(10) UNSIGNED NOT NULL DEFAULT '0',
  `items_id_endpoint_b` int(10) UNSIGNED NOT NULL DEFAULT '0',
  `socketmodels_id_endpoint_a` int(10) UNSIGNED NOT NULL DEFAULT '0',
  `socketmodels_id_endpoint_b` int(10) UNSIGNED NOT NULL DEFAULT '0',
  `sockets_id_endpoint_a` int(10) UNSIGNED NOT NULL DEFAULT '0',
  `sockets_id_endpoint_b` int(10) UNSIGNED NOT NULL DEFAULT '0',
  `cablestrands_id` int(10) UNSIGNED NOT NULL DEFAULT '0',
  `color` varchar(255) COLLATE utf8mb4_unicode_ci DEFAULT NULL,
  `otherserial` varchar(255) COLLATE utf8mb4_unicode_ci DEFAULT NULL,
  `states_id` int(10) UNSIGNED NOT NULL DEFAULT '0',
  `users_id_tech` int(10) UNSIGNED NOT NULL DEFAULT '0',
  `cabletypes_id` int(10) UNSIGNED NOT NULL DEFAULT '0',
  `comment` text COLLATE utf8mb4_unicode_ci,
  `date_mod` timestamp NULL DEFAULT NULL,
  `date_creation` timestamp NULL DEFAULT NULL,
  `is_deleted` tinyint(4) NOT NULL DEFAULT '0'
) ENGINE=InnoDB DEFAULT CHARSET=utf8mb4 COLLATE=utf8mb4_unicode_ci ROW_FORMAT=DYNAMIC;

-- --------------------------------------------------------

--
-- Estructura de tabla para la tabla `glpi_cablestrands`
--

CREATE TABLE `glpi_cablestrands` (
  `id` int(10) UNSIGNED NOT NULL,
  `name` varchar(255) COLLATE utf8mb4_unicode_ci DEFAULT NULL,
  `comment` text COLLATE utf8mb4_unicode_ci,
  `date_mod` timestamp NULL DEFAULT NULL,
  `date_creation` timestamp NULL DEFAULT NULL
) ENGINE=InnoDB DEFAULT CHARSET=utf8mb4 COLLATE=utf8mb4_unicode_ci ROW_FORMAT=DYNAMIC;

-- --------------------------------------------------------

--
-- Estructura de tabla para la tabla `glpi_cabletypes`
--

CREATE TABLE `glpi_cabletypes` (
  `id` int(10) UNSIGNED NOT NULL,
  `name` varchar(255) COLLATE utf8mb4_unicode_ci DEFAULT NULL,
  `comment` text COLLATE utf8mb4_unicode_ci,
  `date_mod` timestamp NULL DEFAULT NULL,
  `date_creation` timestamp NULL DEFAULT NULL
) ENGINE=InnoDB DEFAULT CHARSET=utf8mb4 COLLATE=utf8mb4_unicode_ci ROW_FORMAT=DYNAMIC;

-- --------------------------------------------------------

--
-- Estructura de tabla para la tabla `glpi_calendars`
--

CREATE TABLE `glpi_calendars` (
  `id` int(10) UNSIGNED NOT NULL,
  `name` varchar(255) COLLATE utf8mb4_unicode_ci DEFAULT NULL,
  `entities_id` int(10) UNSIGNED NOT NULL DEFAULT '0',
  `is_recursive` tinyint(4) NOT NULL DEFAULT '0',
  `comment` text COLLATE utf8mb4_unicode_ci,
  `date_mod` timestamp NULL DEFAULT NULL,
  `cache_duration` text COLLATE utf8mb4_unicode_ci,
  `date_creation` timestamp NULL DEFAULT NULL
) ENGINE=InnoDB DEFAULT CHARSET=utf8mb4 COLLATE=utf8mb4_unicode_ci ROW_FORMAT=DYNAMIC;

--
-- Volcado de datos para la tabla `glpi_calendars`
--

INSERT INTO `glpi_calendars` (`id`, `name`, `entities_id`, `is_recursive`, `comment`, `date_mod`, `cache_duration`, `date_creation`) VALUES
(1, 'Default', 0, 1, 'Default calendar', NULL, '[0,43200,43200,43200,43200,43200,0]', NULL);

-- --------------------------------------------------------

--
-- Estructura de tabla para la tabla `glpi_calendarsegments`
--

CREATE TABLE `glpi_calendarsegments` (
  `id` int(10) UNSIGNED NOT NULL,
  `calendars_id` int(10) UNSIGNED NOT NULL DEFAULT '0',
  `entities_id` int(10) UNSIGNED NOT NULL DEFAULT '0',
  `is_recursive` tinyint(4) NOT NULL DEFAULT '0',
  `day` tinyint(4) NOT NULL DEFAULT '1' COMMENT 'numer of the day based on date(w)',
  `begin` time DEFAULT NULL,
  `end` time DEFAULT NULL
) ENGINE=InnoDB DEFAULT CHARSET=utf8mb4 COLLATE=utf8mb4_unicode_ci ROW_FORMAT=DYNAMIC;

--
-- Volcado de datos para la tabla `glpi_calendarsegments`
--

INSERT INTO `glpi_calendarsegments` (`id`, `calendars_id`, `entities_id`, `is_recursive`, `day`, `begin`, `end`) VALUES
(1, 1, 0, 0, 1, '08:00:00', '20:00:00'),
(2, 1, 0, 0, 2, '08:00:00', '20:00:00'),
(3, 1, 0, 0, 3, '08:00:00', '20:00:00'),
(4, 1, 0, 0, 4, '08:00:00', '20:00:00'),
(5, 1, 0, 0, 5, '08:00:00', '20:00:00');

-- --------------------------------------------------------

--
-- Estructura de tabla para la tabla `glpi_calendars_holidays`
--

CREATE TABLE `glpi_calendars_holidays` (
  `id` int(10) UNSIGNED NOT NULL,
  `calendars_id` int(10) UNSIGNED NOT NULL DEFAULT '0',
  `holidays_id` int(10) UNSIGNED NOT NULL DEFAULT '0'
) ENGINE=InnoDB DEFAULT CHARSET=utf8mb4 COLLATE=utf8mb4_unicode_ci ROW_FORMAT=DYNAMIC;

-- --------------------------------------------------------

--
-- Estructura de tabla para la tabla `glpi_cartridgeitems`
--

CREATE TABLE `glpi_cartridgeitems` (
  `id` int(10) UNSIGNED NOT NULL,
  `entities_id` int(10) UNSIGNED NOT NULL DEFAULT '0',
  `is_recursive` tinyint(4) NOT NULL DEFAULT '0',
  `name` varchar(255) COLLATE utf8mb4_unicode_ci DEFAULT NULL,
  `ref` varchar(255) COLLATE utf8mb4_unicode_ci DEFAULT NULL,
  `locations_id` int(10) UNSIGNED NOT NULL DEFAULT '0',
  `cartridgeitemtypes_id` int(10) UNSIGNED NOT NULL DEFAULT '0',
  `manufacturers_id` int(10) UNSIGNED NOT NULL DEFAULT '0',
  `users_id_tech` int(10) UNSIGNED NOT NULL DEFAULT '0',
  `groups_id_tech` int(10) UNSIGNED NOT NULL DEFAULT '0',
  `is_deleted` tinyint(4) NOT NULL DEFAULT '0',
  `comment` text COLLATE utf8mb4_unicode_ci,
  `alarm_threshold` int(11) NOT NULL DEFAULT '10',
  `stock_target` int(11) NOT NULL DEFAULT '0',
  `date_mod` timestamp NULL DEFAULT NULL,
  `date_creation` timestamp NULL DEFAULT NULL,
  `pictures` text COLLATE utf8mb4_unicode_ci
) ENGINE=InnoDB DEFAULT CHARSET=utf8mb4 COLLATE=utf8mb4_unicode_ci ROW_FORMAT=DYNAMIC;

-- --------------------------------------------------------

--
-- Estructura de tabla para la tabla `glpi_cartridgeitems_printermodels`
--

CREATE TABLE `glpi_cartridgeitems_printermodels` (
  `id` int(10) UNSIGNED NOT NULL,
  `cartridgeitems_id` int(10) UNSIGNED NOT NULL DEFAULT '0',
  `printermodels_id` int(10) UNSIGNED NOT NULL DEFAULT '0'
) ENGINE=InnoDB DEFAULT CHARSET=utf8mb4 COLLATE=utf8mb4_unicode_ci ROW_FORMAT=DYNAMIC;

-- --------------------------------------------------------

--
-- Estructura de tabla para la tabla `glpi_cartridgeitemtypes`
--

CREATE TABLE `glpi_cartridgeitemtypes` (
  `id` int(10) UNSIGNED NOT NULL,
  `name` varchar(255) COLLATE utf8mb4_unicode_ci DEFAULT NULL,
  `comment` text COLLATE utf8mb4_unicode_ci,
  `date_mod` timestamp NULL DEFAULT NULL,
  `date_creation` timestamp NULL DEFAULT NULL
) ENGINE=InnoDB DEFAULT CHARSET=utf8mb4 COLLATE=utf8mb4_unicode_ci ROW_FORMAT=DYNAMIC;

-- --------------------------------------------------------

--
-- Estructura de tabla para la tabla `glpi_cartridges`
--

CREATE TABLE `glpi_cartridges` (
  `id` int(10) UNSIGNED NOT NULL,
  `entities_id` int(10) UNSIGNED NOT NULL DEFAULT '0',
  `cartridgeitems_id` int(10) UNSIGNED NOT NULL DEFAULT '0',
  `printers_id` int(10) UNSIGNED NOT NULL DEFAULT '0',
  `date_in` date DEFAULT NULL,
  `date_use` date DEFAULT NULL,
  `date_out` date DEFAULT NULL,
  `pages` int(11) NOT NULL DEFAULT '0',
  `date_mod` timestamp NULL DEFAULT NULL,
  `date_creation` timestamp NULL DEFAULT NULL
) ENGINE=InnoDB DEFAULT CHARSET=utf8mb4 COLLATE=utf8mb4_unicode_ci ROW_FORMAT=DYNAMIC;

-- --------------------------------------------------------

--
-- Estructura de tabla para la tabla `glpi_certificates`
--

CREATE TABLE `glpi_certificates` (
  `id` int(10) UNSIGNED NOT NULL,
  `name` varchar(255) COLLATE utf8mb4_unicode_ci DEFAULT NULL,
  `serial` varchar(255) COLLATE utf8mb4_unicode_ci DEFAULT NULL,
  `otherserial` varchar(255) COLLATE utf8mb4_unicode_ci DEFAULT NULL,
  `entities_id` int(10) UNSIGNED NOT NULL DEFAULT '0',
  `is_recursive` tinyint(4) NOT NULL DEFAULT '0',
  `comment` text COLLATE utf8mb4_unicode_ci,
  `is_deleted` tinyint(4) NOT NULL DEFAULT '0',
  `is_template` tinyint(4) NOT NULL DEFAULT '0',
  `template_name` varchar(255) COLLATE utf8mb4_unicode_ci DEFAULT NULL,
  `certificatetypes_id` int(10) UNSIGNED NOT NULL DEFAULT '0' COMMENT 'RELATION to glpi_certificatetypes (id)',
  `dns_name` varchar(255) COLLATE utf8mb4_unicode_ci DEFAULT NULL,
  `dns_suffix` varchar(255) COLLATE utf8mb4_unicode_ci DEFAULT NULL,
  `users_id_tech` int(10) UNSIGNED NOT NULL DEFAULT '0' COMMENT 'RELATION to glpi_users (id)',
  `groups_id_tech` int(10) UNSIGNED NOT NULL DEFAULT '0' COMMENT 'RELATION to glpi_groups (id)',
  `locations_id` int(10) UNSIGNED NOT NULL DEFAULT '0' COMMENT 'RELATION to glpi_locations (id)',
  `manufacturers_id` int(10) UNSIGNED NOT NULL DEFAULT '0' COMMENT 'RELATION to glpi_manufacturers (id)',
  `contact` varchar(255) COLLATE utf8mb4_unicode_ci DEFAULT NULL,
  `contact_num` varchar(255) COLLATE utf8mb4_unicode_ci DEFAULT NULL,
  `users_id` int(10) UNSIGNED NOT NULL DEFAULT '0',
  `groups_id` int(10) UNSIGNED NOT NULL DEFAULT '0',
  `is_autosign` tinyint(4) NOT NULL DEFAULT '0',
  `date_expiration` date DEFAULT NULL,
  `states_id` int(10) UNSIGNED NOT NULL DEFAULT '0' COMMENT 'RELATION to states (id)',
  `command` text COLLATE utf8mb4_unicode_ci,
  `certificate_request` text COLLATE utf8mb4_unicode_ci,
  `certificate_item` text COLLATE utf8mb4_unicode_ci,
  `date_creation` timestamp NULL DEFAULT NULL,
  `date_mod` timestamp NULL DEFAULT NULL
) ENGINE=InnoDB DEFAULT CHARSET=utf8mb4 COLLATE=utf8mb4_unicode_ci ROW_FORMAT=DYNAMIC;

-- --------------------------------------------------------

--
-- Estructura de tabla para la tabla `glpi_certificates_items`
--

CREATE TABLE `glpi_certificates_items` (
  `id` int(10) UNSIGNED NOT NULL,
  `certificates_id` int(10) UNSIGNED NOT NULL DEFAULT '0',
  `items_id` int(10) UNSIGNED NOT NULL DEFAULT '0' COMMENT 'RELATION to various tables, according to itemtype (id)',
  `itemtype` varchar(100) COLLATE utf8mb4_unicode_ci NOT NULL COMMENT 'see .class.php file',
  `date_creation` timestamp NULL DEFAULT NULL,
  `date_mod` timestamp NULL DEFAULT NULL
) ENGINE=InnoDB DEFAULT CHARSET=utf8mb4 COLLATE=utf8mb4_unicode_ci ROW_FORMAT=DYNAMIC;

-- --------------------------------------------------------

--
-- Estructura de tabla para la tabla `glpi_certificatetypes`
--

CREATE TABLE `glpi_certificatetypes` (
  `id` int(10) UNSIGNED NOT NULL,
  `entities_id` int(10) UNSIGNED NOT NULL DEFAULT '0',
  `is_recursive` tinyint(4) NOT NULL DEFAULT '0',
  `name` varchar(255) COLLATE utf8mb4_unicode_ci DEFAULT NULL,
  `comment` text COLLATE utf8mb4_unicode_ci,
  `date_creation` timestamp NULL DEFAULT NULL,
  `date_mod` timestamp NULL DEFAULT NULL
) ENGINE=InnoDB DEFAULT CHARSET=utf8mb4 COLLATE=utf8mb4_unicode_ci ROW_FORMAT=DYNAMIC;

-- --------------------------------------------------------

--
-- Estructura de tabla para la tabla `glpi_changecosts`
--

CREATE TABLE `glpi_changecosts` (
  `id` int(10) UNSIGNED NOT NULL,
  `changes_id` int(10) UNSIGNED NOT NULL DEFAULT '0',
  `name` varchar(255) COLLATE utf8mb4_unicode_ci DEFAULT NULL,
  `comment` text COLLATE utf8mb4_unicode_ci,
  `begin_date` date DEFAULT NULL,
  `end_date` date DEFAULT NULL,
  `actiontime` int(11) NOT NULL DEFAULT '0',
  `cost_time` decimal(20,4) NOT NULL DEFAULT '0.0000',
  `cost_fixed` decimal(20,4) NOT NULL DEFAULT '0.0000',
  `cost_material` decimal(20,4) NOT NULL DEFAULT '0.0000',
  `budgets_id` int(10) UNSIGNED NOT NULL DEFAULT '0',
  `entities_id` int(10) UNSIGNED NOT NULL DEFAULT '0',
  `is_recursive` tinyint(4) NOT NULL DEFAULT '0'
) ENGINE=InnoDB DEFAULT CHARSET=utf8mb4 COLLATE=utf8mb4_unicode_ci ROW_FORMAT=DYNAMIC;

-- --------------------------------------------------------

--
-- Estructura de tabla para la tabla `glpi_changes`
--

CREATE TABLE `glpi_changes` (
  `id` int(10) UNSIGNED NOT NULL,
  `name` varchar(255) COLLATE utf8mb4_unicode_ci DEFAULT NULL,
  `entities_id` int(10) UNSIGNED NOT NULL DEFAULT '0',
  `is_recursive` tinyint(4) NOT NULL DEFAULT '0',
  `is_deleted` tinyint(4) NOT NULL DEFAULT '0',
  `status` int(11) NOT NULL DEFAULT '1',
  `content` longtext COLLATE utf8mb4_unicode_ci,
  `date_mod` timestamp NULL DEFAULT NULL,
  `date` timestamp NULL DEFAULT NULL,
  `solvedate` timestamp NULL DEFAULT NULL,
  `closedate` timestamp NULL DEFAULT NULL,
  `time_to_resolve` timestamp NULL DEFAULT NULL,
  `users_id_recipient` int(10) UNSIGNED NOT NULL DEFAULT '0',
  `users_id_lastupdater` int(10) UNSIGNED NOT NULL DEFAULT '0',
  `urgency` int(11) NOT NULL DEFAULT '1',
  `impact` int(11) NOT NULL DEFAULT '1',
  `priority` int(11) NOT NULL DEFAULT '1',
  `itilcategories_id` int(10) UNSIGNED NOT NULL DEFAULT '0',
  `impactcontent` longtext COLLATE utf8mb4_unicode_ci,
  `controlistcontent` longtext COLLATE utf8mb4_unicode_ci,
  `rolloutplancontent` longtext COLLATE utf8mb4_unicode_ci,
  `backoutplancontent` longtext COLLATE utf8mb4_unicode_ci,
  `checklistcontent` longtext COLLATE utf8mb4_unicode_ci,
  `global_validation` int(11) NOT NULL DEFAULT '1',
  `validation_percent` int(11) NOT NULL DEFAULT '0',
  `actiontime` int(11) NOT NULL DEFAULT '0',
  `begin_waiting_date` timestamp NULL DEFAULT NULL,
  `waiting_duration` int(11) NOT NULL DEFAULT '0',
  `close_delay_stat` int(11) NOT NULL DEFAULT '0',
  `solve_delay_stat` int(11) NOT NULL DEFAULT '0',
  `date_creation` timestamp NULL DEFAULT NULL
) ENGINE=InnoDB DEFAULT CHARSET=utf8mb4 COLLATE=utf8mb4_unicode_ci ROW_FORMAT=DYNAMIC;

-- --------------------------------------------------------

--
-- Estructura de tabla para la tabla `glpi_changes_groups`
--

CREATE TABLE `glpi_changes_groups` (
  `id` int(10) UNSIGNED NOT NULL,
  `changes_id` int(10) UNSIGNED NOT NULL DEFAULT '0',
  `groups_id` int(10) UNSIGNED NOT NULL DEFAULT '0',
  `type` int(11) NOT NULL DEFAULT '1'
) ENGINE=InnoDB DEFAULT CHARSET=utf8mb4 COLLATE=utf8mb4_unicode_ci ROW_FORMAT=DYNAMIC;

-- --------------------------------------------------------

--
-- Estructura de tabla para la tabla `glpi_changes_items`
--

CREATE TABLE `glpi_changes_items` (
  `id` int(10) UNSIGNED NOT NULL,
  `changes_id` int(10) UNSIGNED NOT NULL DEFAULT '0',
  `itemtype` varchar(100) COLLATE utf8mb4_unicode_ci DEFAULT NULL,
  `items_id` int(10) UNSIGNED NOT NULL DEFAULT '0'
) ENGINE=InnoDB DEFAULT CHARSET=utf8mb4 COLLATE=utf8mb4_unicode_ci ROW_FORMAT=DYNAMIC;

-- --------------------------------------------------------

--
-- Estructura de tabla para la tabla `glpi_changes_problems`
--

CREATE TABLE `glpi_changes_problems` (
  `id` int(10) UNSIGNED NOT NULL,
  `changes_id` int(10) UNSIGNED NOT NULL DEFAULT '0',
  `problems_id` int(10) UNSIGNED NOT NULL DEFAULT '0'
) ENGINE=InnoDB DEFAULT CHARSET=utf8mb4 COLLATE=utf8mb4_unicode_ci ROW_FORMAT=DYNAMIC;

-- --------------------------------------------------------

--
-- Estructura de tabla para la tabla `glpi_changes_suppliers`
--

CREATE TABLE `glpi_changes_suppliers` (
  `id` int(10) UNSIGNED NOT NULL,
  `changes_id` int(10) UNSIGNED NOT NULL DEFAULT '0',
  `suppliers_id` int(10) UNSIGNED NOT NULL DEFAULT '0',
  `type` int(11) NOT NULL DEFAULT '1',
  `use_notification` tinyint(4) NOT NULL DEFAULT '0',
  `alternative_email` varchar(255) COLLATE utf8mb4_unicode_ci DEFAULT NULL
) ENGINE=InnoDB DEFAULT CHARSET=utf8mb4 COLLATE=utf8mb4_unicode_ci ROW_FORMAT=DYNAMIC;

-- --------------------------------------------------------

--
-- Estructura de tabla para la tabla `glpi_changes_tickets`
--

CREATE TABLE `glpi_changes_tickets` (
  `id` int(10) UNSIGNED NOT NULL,
  `changes_id` int(10) UNSIGNED NOT NULL DEFAULT '0',
  `tickets_id` int(10) UNSIGNED NOT NULL DEFAULT '0'
) ENGINE=InnoDB DEFAULT CHARSET=utf8mb4 COLLATE=utf8mb4_unicode_ci ROW_FORMAT=DYNAMIC;

-- --------------------------------------------------------

--
-- Estructura de tabla para la tabla `glpi_changes_users`
--

CREATE TABLE `glpi_changes_users` (
  `id` int(10) UNSIGNED NOT NULL,
  `changes_id` int(10) UNSIGNED NOT NULL DEFAULT '0',
  `users_id` int(10) UNSIGNED NOT NULL DEFAULT '0',
  `type` int(11) NOT NULL DEFAULT '1',
  `use_notification` tinyint(4) NOT NULL DEFAULT '0',
  `alternative_email` varchar(255) COLLATE utf8mb4_unicode_ci DEFAULT NULL
) ENGINE=InnoDB DEFAULT CHARSET=utf8mb4 COLLATE=utf8mb4_unicode_ci ROW_FORMAT=DYNAMIC;

-- --------------------------------------------------------

--
-- Estructura de tabla para la tabla `glpi_changetasks`
--

CREATE TABLE `glpi_changetasks` (
  `id` int(10) UNSIGNED NOT NULL,
  `uuid` varchar(255) COLLATE utf8mb4_unicode_ci DEFAULT NULL,
  `changes_id` int(10) UNSIGNED NOT NULL DEFAULT '0',
  `taskcategories_id` int(10) UNSIGNED NOT NULL DEFAULT '0',
  `state` int(11) NOT NULL DEFAULT '0',
  `date` timestamp NULL DEFAULT NULL,
  `begin` timestamp NULL DEFAULT NULL,
  `end` timestamp NULL DEFAULT NULL,
  `users_id` int(10) UNSIGNED NOT NULL DEFAULT '0',
  `users_id_editor` int(10) UNSIGNED NOT NULL DEFAULT '0',
  `users_id_tech` int(10) UNSIGNED NOT NULL DEFAULT '0',
  `groups_id_tech` int(10) UNSIGNED NOT NULL DEFAULT '0',
  `content` longtext COLLATE utf8mb4_unicode_ci,
  `actiontime` int(11) NOT NULL DEFAULT '0',
  `date_mod` timestamp NULL DEFAULT NULL,
  `date_creation` timestamp NULL DEFAULT NULL,
  `tasktemplates_id` int(10) UNSIGNED NOT NULL DEFAULT '0',
  `timeline_position` tinyint(4) NOT NULL DEFAULT '0',
  `is_private` tinyint(4) NOT NULL DEFAULT '0'
) ENGINE=InnoDB DEFAULT CHARSET=utf8mb4 COLLATE=utf8mb4_unicode_ci ROW_FORMAT=DYNAMIC;

-- --------------------------------------------------------

--
-- Estructura de tabla para la tabla `glpi_changetemplatehiddenfields`
--

CREATE TABLE `glpi_changetemplatehiddenfields` (
  `id` int(10) UNSIGNED NOT NULL,
  `changetemplates_id` int(10) UNSIGNED NOT NULL DEFAULT '0',
  `num` int(11) NOT NULL DEFAULT '0'
) ENGINE=InnoDB DEFAULT CHARSET=utf8mb4 COLLATE=utf8mb4_unicode_ci ROW_FORMAT=DYNAMIC;

-- --------------------------------------------------------

--
-- Estructura de tabla para la tabla `glpi_changetemplatemandatoryfields`
--

CREATE TABLE `glpi_changetemplatemandatoryfields` (
  `id` int(10) UNSIGNED NOT NULL,
  `changetemplates_id` int(10) UNSIGNED NOT NULL DEFAULT '0',
  `num` int(11) NOT NULL DEFAULT '0'
) ENGINE=InnoDB DEFAULT CHARSET=utf8mb4 COLLATE=utf8mb4_unicode_ci ROW_FORMAT=DYNAMIC;

--
-- Volcado de datos para la tabla `glpi_changetemplatemandatoryfields`
--

INSERT INTO `glpi_changetemplatemandatoryfields` (`id`, `changetemplates_id`, `num`) VALUES
(1, 1, 21);

-- --------------------------------------------------------

--
-- Estructura de tabla para la tabla `glpi_changetemplatepredefinedfields`
--

CREATE TABLE `glpi_changetemplatepredefinedfields` (
  `id` int(10) UNSIGNED NOT NULL,
  `changetemplates_id` int(10) UNSIGNED NOT NULL DEFAULT '0',
  `num` int(11) NOT NULL DEFAULT '0',
  `value` text COLLATE utf8mb4_unicode_ci
) ENGINE=InnoDB DEFAULT CHARSET=utf8mb4 COLLATE=utf8mb4_unicode_ci ROW_FORMAT=DYNAMIC;

-- --------------------------------------------------------

--
-- Estructura de tabla para la tabla `glpi_changetemplates`
--

CREATE TABLE `glpi_changetemplates` (
  `id` int(10) UNSIGNED NOT NULL,
  `name` varchar(255) COLLATE utf8mb4_unicode_ci DEFAULT NULL,
  `entities_id` int(10) UNSIGNED NOT NULL DEFAULT '0',
  `is_recursive` tinyint(4) NOT NULL DEFAULT '0',
  `comment` text COLLATE utf8mb4_unicode_ci
) ENGINE=InnoDB DEFAULT CHARSET=utf8mb4 COLLATE=utf8mb4_unicode_ci ROW_FORMAT=DYNAMIC;

--
-- Volcado de datos para la tabla `glpi_changetemplates`
--

INSERT INTO `glpi_changetemplates` (`id`, `name`, `entities_id`, `is_recursive`, `comment`) VALUES
(1, 'Default', 0, 1, NULL);

-- --------------------------------------------------------

--
-- Estructura de tabla para la tabla `glpi_changevalidations`
--

CREATE TABLE `glpi_changevalidations` (
  `id` int(10) UNSIGNED NOT NULL,
  `entities_id` int(10) UNSIGNED NOT NULL DEFAULT '0',
  `is_recursive` tinyint(4) NOT NULL DEFAULT '0',
  `users_id` int(10) UNSIGNED NOT NULL DEFAULT '0',
  `changes_id` int(10) UNSIGNED NOT NULL DEFAULT '0',
  `users_id_validate` int(10) UNSIGNED NOT NULL DEFAULT '0',
  `comment_submission` text COLLATE utf8mb4_unicode_ci,
  `comment_validation` text COLLATE utf8mb4_unicode_ci,
  `status` int(11) NOT NULL DEFAULT '2',
  `submission_date` timestamp NULL DEFAULT NULL,
  `validation_date` timestamp NULL DEFAULT NULL,
  `timeline_position` tinyint(4) NOT NULL DEFAULT '0'
) ENGINE=InnoDB DEFAULT CHARSET=utf8mb4 COLLATE=utf8mb4_unicode_ci ROW_FORMAT=DYNAMIC;

-- --------------------------------------------------------

--
-- Estructura de tabla para la tabla `glpi_clusters`
--

CREATE TABLE `glpi_clusters` (
  `id` int(10) UNSIGNED NOT NULL,
  `entities_id` int(10) UNSIGNED NOT NULL DEFAULT '0',
  `is_recursive` tinyint(4) NOT NULL DEFAULT '0',
  `name` varchar(255) COLLATE utf8mb4_unicode_ci DEFAULT NULL,
  `uuid` varchar(255) COLLATE utf8mb4_unicode_ci DEFAULT NULL,
  `version` varchar(255) COLLATE utf8mb4_unicode_ci DEFAULT NULL,
  `users_id_tech` int(10) UNSIGNED NOT NULL DEFAULT '0',
  `groups_id_tech` int(10) UNSIGNED NOT NULL DEFAULT '0',
  `is_deleted` tinyint(4) NOT NULL DEFAULT '0',
  `states_id` int(10) UNSIGNED NOT NULL DEFAULT '0' COMMENT 'RELATION to states (id)',
  `comment` text COLLATE utf8mb4_unicode_ci,
  `clustertypes_id` int(10) UNSIGNED NOT NULL DEFAULT '0',
  `autoupdatesystems_id` int(10) UNSIGNED NOT NULL DEFAULT '0',
  `date_mod` timestamp NULL DEFAULT NULL,
  `date_creation` timestamp NULL DEFAULT NULL
) ENGINE=InnoDB DEFAULT CHARSET=utf8mb4 COLLATE=utf8mb4_unicode_ci ROW_FORMAT=DYNAMIC;

-- --------------------------------------------------------

--
-- Estructura de tabla para la tabla `glpi_clustertypes`
--

CREATE TABLE `glpi_clustertypes` (
  `id` int(10) UNSIGNED NOT NULL,
  `entities_id` int(10) UNSIGNED NOT NULL DEFAULT '0',
  `is_recursive` tinyint(4) NOT NULL DEFAULT '0',
  `name` varchar(255) COLLATE utf8mb4_unicode_ci DEFAULT NULL,
  `comment` text COLLATE utf8mb4_unicode_ci,
  `date_creation` timestamp NULL DEFAULT NULL,
  `date_mod` timestamp NULL DEFAULT NULL
) ENGINE=InnoDB DEFAULT CHARSET=utf8mb4 COLLATE=utf8mb4_unicode_ci ROW_FORMAT=DYNAMIC;

-- --------------------------------------------------------

--
-- Estructura de tabla para la tabla `glpi_computerantiviruses`
--

CREATE TABLE `glpi_computerantiviruses` (
  `id` int(10) UNSIGNED NOT NULL,
  `computers_id` int(10) UNSIGNED NOT NULL DEFAULT '0',
  `name` varchar(255) COLLATE utf8mb4_unicode_ci DEFAULT NULL,
  `manufacturers_id` int(10) UNSIGNED NOT NULL DEFAULT '0',
  `antivirus_version` varchar(255) COLLATE utf8mb4_unicode_ci DEFAULT NULL,
  `signature_version` varchar(255) COLLATE utf8mb4_unicode_ci DEFAULT NULL,
  `is_active` tinyint(4) NOT NULL DEFAULT '0',
  `is_deleted` tinyint(4) NOT NULL DEFAULT '0',
  `is_uptodate` tinyint(4) NOT NULL DEFAULT '0',
  `is_dynamic` tinyint(4) NOT NULL DEFAULT '0',
  `date_expiration` timestamp NULL DEFAULT NULL,
  `date_mod` timestamp NULL DEFAULT NULL,
  `date_creation` timestamp NULL DEFAULT NULL
) ENGINE=InnoDB DEFAULT CHARSET=utf8mb4 COLLATE=utf8mb4_unicode_ci ROW_FORMAT=DYNAMIC;

--
-- Volcado de datos para la tabla `glpi_computerantiviruses`
--

INSERT INTO `glpi_computerantiviruses` (`id`, `computers_id`, `name`, `manufacturers_id`, `antivirus_version`, `signature_version`, `is_active`, `is_deleted`, `is_uptodate`, `is_dynamic`, `date_expiration`, `date_mod`, `date_creation`) VALUES
(1, 1, 'Windows Defender', 11, '4.18.24070.5', '1.417.513.0', 1, 0, 1, 1, NULL, '2024-09-05 17:45:26', '2024-08-09 21:56:29');

-- --------------------------------------------------------

--
-- Estructura de tabla para la tabla `glpi_computermodels`
--

CREATE TABLE `glpi_computermodels` (
  `id` int(10) UNSIGNED NOT NULL,
  `name` varchar(255) COLLATE utf8mb4_unicode_ci DEFAULT NULL,
  `comment` text COLLATE utf8mb4_unicode_ci,
  `product_number` varchar(255) COLLATE utf8mb4_unicode_ci DEFAULT NULL,
  `weight` int(11) NOT NULL DEFAULT '0',
  `required_units` int(11) NOT NULL DEFAULT '1',
  `depth` float NOT NULL DEFAULT '1',
  `power_connections` int(11) NOT NULL DEFAULT '0',
  `power_consumption` int(11) NOT NULL DEFAULT '0',
  `is_half_rack` tinyint(4) NOT NULL DEFAULT '0',
  `picture_front` text COLLATE utf8mb4_unicode_ci,
  `picture_rear` text COLLATE utf8mb4_unicode_ci,
  `pictures` text COLLATE utf8mb4_unicode_ci,
  `date_mod` timestamp NULL DEFAULT NULL,
  `date_creation` timestamp NULL DEFAULT NULL
) ENGINE=InnoDB DEFAULT CHARSET=utf8mb4 COLLATE=utf8mb4_unicode_ci ROW_FORMAT=DYNAMIC;

--
-- Volcado de datos para la tabla `glpi_computermodels`
--

INSERT INTO `glpi_computermodels` (`id`, `name`, `comment`, `product_number`, `weight`, `required_units`, `depth`, `power_connections`, `power_consumption`, `is_half_rack`, `picture_front`, `picture_rear`, `pictures`, `date_mod`, `date_creation`) VALUES
(1, '82A2', '', NULL, 0, 1, 1, 0, 0, 0, NULL, NULL, NULL, '2024-08-09 21:56:29', '2024-08-09 21:56:29'),
(2, 'MacBookAir7,2', '', NULL, 0, 1, 1, 0, 0, 0, NULL, NULL, NULL, '2024-08-22 01:47:12', '2024-08-22 01:47:12');

-- --------------------------------------------------------

--
-- Estructura de tabla para la tabla `glpi_computers`
--

CREATE TABLE `glpi_computers` (
  `id` int(10) UNSIGNED NOT NULL,
  `entities_id` int(10) UNSIGNED NOT NULL DEFAULT '0',
  `name` varchar(255) COLLATE utf8mb4_unicode_ci DEFAULT NULL,
  `serial` varchar(255) COLLATE utf8mb4_unicode_ci DEFAULT NULL,
  `otherserial` varchar(255) COLLATE utf8mb4_unicode_ci DEFAULT NULL,
  `contact` varchar(255) COLLATE utf8mb4_unicode_ci DEFAULT NULL,
  `contact_num` varchar(255) COLLATE utf8mb4_unicode_ci DEFAULT NULL,
  `users_id_tech` int(10) UNSIGNED NOT NULL DEFAULT '0',
  `groups_id_tech` int(10) UNSIGNED NOT NULL DEFAULT '0',
  `comment` text COLLATE utf8mb4_unicode_ci,
  `date_mod` timestamp NULL DEFAULT NULL,
  `autoupdatesystems_id` int(10) UNSIGNED NOT NULL DEFAULT '0',
  `locations_id` int(10) UNSIGNED NOT NULL DEFAULT '0',
  `networks_id` int(10) UNSIGNED NOT NULL DEFAULT '0',
  `computermodels_id` int(10) UNSIGNED NOT NULL DEFAULT '0',
  `computertypes_id` int(10) UNSIGNED NOT NULL DEFAULT '0',
  `is_template` tinyint(4) NOT NULL DEFAULT '0',
  `template_name` varchar(255) COLLATE utf8mb4_unicode_ci DEFAULT NULL,
  `manufacturers_id` int(10) UNSIGNED NOT NULL DEFAULT '0',
  `is_deleted` tinyint(4) NOT NULL DEFAULT '0',
  `is_dynamic` tinyint(4) NOT NULL DEFAULT '0',
  `users_id` int(10) UNSIGNED NOT NULL DEFAULT '0',
  `groups_id` int(10) UNSIGNED NOT NULL DEFAULT '0',
  `states_id` int(10) UNSIGNED NOT NULL DEFAULT '0',
  `ticket_tco` decimal(20,4) DEFAULT '0.0000',
  `uuid` varchar(255) COLLATE utf8mb4_unicode_ci DEFAULT NULL,
  `date_creation` timestamp NULL DEFAULT NULL,
  `is_recursive` tinyint(4) NOT NULL DEFAULT '0',
  `last_inventory_update` timestamp NULL DEFAULT NULL,
  `last_boot` timestamp NULL DEFAULT NULL
) ENGINE=InnoDB DEFAULT CHARSET=utf8mb4 COLLATE=utf8mb4_unicode_ci ROW_FORMAT=DYNAMIC;

--
-- Volcado de datos para la tabla `glpi_computers`
--

INSERT INTO `glpi_computers` (`id`, `entities_id`, `name`, `serial`, `otherserial`, `contact`, `contact_num`, `users_id_tech`, `groups_id_tech`, `comment`, `date_mod`, `autoupdatesystems_id`, `locations_id`, `networks_id`, `computermodels_id`, `computertypes_id`, `is_template`, `template_name`, `manufacturers_id`, `is_deleted`, `is_dynamic`, `users_id`, `groups_id`, `states_id`, `ticket_tco`, `uuid`, `date_creation`, `is_recursive`, `last_inventory_update`, `last_boot`) VALUES
(1, 0, 'SISTEMAS-2', NULL, NULL, 'adm@ALFAPARFSABAMA', NULL, 0, 0, NULL, '2024-08-09 21:56:29', 0, 0, 0, 1, 1, 0, NULL, 1, 0, 1, 0, 0, 0, 0.0000, '0AB41867-D449-768A-08DB-3CEB3C926470', '2024-08-09 21:56:29', 0, NULL, NULL),
(2, 0, 'MacBook Air de admin (2)', 'FVFZNCARJ1WK', NULL, 'FelipeSistemas', NULL, 0, 0, NULL, '2024-08-22 01:47:12', 0, 0, 0, 2, 2, 0, NULL, 48, 0, 1, 0, 0, 0, 0.0000, '050721E5-FCA2-5F25-A65F-2888B7CB82C8', '2024-08-22 01:47:12', 0, NULL, NULL);

-- --------------------------------------------------------

--
-- Estructura de tabla para la tabla `glpi_computers_items`
--

CREATE TABLE `glpi_computers_items` (
  `id` int(10) UNSIGNED NOT NULL,
  `items_id` int(10) UNSIGNED NOT NULL DEFAULT '0' COMMENT 'RELATION to various table, according to itemtype (ID)',
  `computers_id` int(10) UNSIGNED NOT NULL DEFAULT '0',
  `itemtype` varchar(100) COLLATE utf8mb4_unicode_ci NOT NULL,
  `is_deleted` tinyint(4) NOT NULL DEFAULT '0',
  `is_dynamic` tinyint(4) NOT NULL DEFAULT '0'
) ENGINE=InnoDB DEFAULT CHARSET=utf8mb4 COLLATE=utf8mb4_unicode_ci ROW_FORMAT=DYNAMIC;

--
-- Volcado de datos para la tabla `glpi_computers_items`
--

INSERT INTO `glpi_computers_items` (`id`, `items_id`, `computers_id`, `itemtype`, `is_deleted`, `is_dynamic`) VALUES
(6, 1, 1, 'Monitor', 0, 1),
(20, 6, 1, 'Peripheral', 0, 1);

-- --------------------------------------------------------

--
-- Estructura de tabla para la tabla `glpi_computertypes`
--

CREATE TABLE `glpi_computertypes` (
  `id` int(10) UNSIGNED NOT NULL,
  `name` varchar(255) COLLATE utf8mb4_unicode_ci DEFAULT NULL,
  `comment` text COLLATE utf8mb4_unicode_ci,
  `date_mod` timestamp NULL DEFAULT NULL,
  `date_creation` timestamp NULL DEFAULT NULL
) ENGINE=InnoDB DEFAULT CHARSET=utf8mb4 COLLATE=utf8mb4_unicode_ci ROW_FORMAT=DYNAMIC;

--
-- Volcado de datos para la tabla `glpi_computertypes`
--

INSERT INTO `glpi_computertypes` (`id`, `name`, `comment`, `date_mod`, `date_creation`) VALUES
(1, 'Desktop', '', '2024-08-09 21:56:29', '2024-08-09 21:56:29'),
(2, 'Physical', '', '2024-08-22 01:47:12', '2024-08-22 01:47:12');

-- --------------------------------------------------------

--
-- Estructura de tabla para la tabla `glpi_computervirtualmachines`
--

CREATE TABLE `glpi_computervirtualmachines` (
  `id` int(10) UNSIGNED NOT NULL,
  `entities_id` int(10) UNSIGNED NOT NULL DEFAULT '0',
  `computers_id` int(10) UNSIGNED NOT NULL DEFAULT '0',
  `name` varchar(255) COLLATE utf8mb4_unicode_ci NOT NULL DEFAULT '',
  `virtualmachinestates_id` int(10) UNSIGNED NOT NULL DEFAULT '0',
  `virtualmachinesystems_id` int(10) UNSIGNED NOT NULL DEFAULT '0',
  `virtualmachinetypes_id` int(10) UNSIGNED NOT NULL DEFAULT '0',
  `uuid` varchar(255) COLLATE utf8mb4_unicode_ci NOT NULL DEFAULT '',
  `vcpu` int(11) NOT NULL DEFAULT '0',
  `ram` varchar(255) COLLATE utf8mb4_unicode_ci NOT NULL DEFAULT '',
  `is_deleted` tinyint(4) NOT NULL DEFAULT '0',
  `is_dynamic` tinyint(4) NOT NULL DEFAULT '0',
  `comment` text COLLATE utf8mb4_unicode_ci,
  `date_mod` timestamp NULL DEFAULT NULL,
  `date_creation` timestamp NULL DEFAULT NULL
) ENGINE=InnoDB DEFAULT CHARSET=utf8mb4 COLLATE=utf8mb4_unicode_ci ROW_FORMAT=DYNAMIC;

-- --------------------------------------------------------

--
-- Estructura de tabla para la tabla `glpi_configs`
--

CREATE TABLE `glpi_configs` (
  `id` int(10) UNSIGNED NOT NULL,
  `context` varchar(150) COLLATE utf8mb4_unicode_ci DEFAULT NULL,
  `name` varchar(150) COLLATE utf8mb4_unicode_ci DEFAULT NULL,
  `value` text COLLATE utf8mb4_unicode_ci
) ENGINE=InnoDB DEFAULT CHARSET=utf8mb4 COLLATE=utf8mb4_unicode_ci ROW_FORMAT=DYNAMIC;

--
-- Volcado de datos para la tabla `glpi_configs`
--

INSERT INTO `glpi_configs` (`id`, `context`, `name`, `value`) VALUES
(1, 'core', 'version', '10.0.6'),
(2, 'core', 'show_jobs_at_login', '0'),
(3, 'core', 'cut', '250'),
(4, 'core', 'list_limit', '15'),
(5, 'core', 'list_limit_max', '50'),
(6, 'core', 'url_maxlength', '30'),
(7, 'core', 'event_loglevel', '5'),
(8, 'core', 'notifications_mailing', '1'),
(9, 'core', 'admin_email', 'sistemas@alfaparf.com.co'),
(10, 'core', 'admin_email_name', 'Sistemas Sabama'),
(11, 'core', 'from_email', 'sistemas@alfaparf.com.co'),
(12, 'core', 'from_email_name', 'Sistemas Sabama'),
(13, 'core', 'noreply_email', 'sistemas@alfaparf.com.co'),
(14, 'core', 'noreply_email_name', 'Sistemas Sabama'),
(15, 'core', 'replyto_email', 'sistemas@alfaparf.com.co'),
(16, 'core', 'replyto_email_name', 'Sistemas Sabama'),
(17, 'core', 'mailing_signature', 'Email enviado por sistemas Alfaparf'),
(18, 'core', 'use_anonymous_helpdesk', '0'),
(19, 'core', 'use_anonymous_followups', '0'),
(20, 'core', 'language', 'es_CO'),
(21, 'core', 'priority_1', '#fff2f2'),
(22, 'core', 'priority_2', '#ffe0e0'),
(23, 'core', 'priority_3', '#ffcece'),
(24, 'core', 'priority_4', '#ffbfbf'),
(25, 'core', 'priority_5', '#ffadad'),
(26, 'core', 'priority_6', '#ff5555'),
(27, 'core', 'date_tax', '2005-12-31'),
(28, 'core', 'cas_host', ''),
(29, 'core', 'cas_port', '443'),
(30, 'core', 'cas_uri', ''),
(31, 'core', 'cas_logout', ''),
(32, 'core', 'cas_version', 'CAS_VERSION_2_0'),
(33, 'core', 'existing_auth_server_field_clean_domain', '0'),
(34, 'core', 'planning_begin', '08:00:00'),
(35, 'core', 'planning_end', '20:00:00'),
(36, 'core', 'utf8_conv', '1'),
(37, 'core', 'use_public_faq', '0'),
(38, 'core', 'url_base', 'https://www.softredes.digital/glpi/sabama'),
(39, 'core', 'show_link_in_mail', '0'),
(40, 'core', 'text_login', ''),
(41, 'core', 'founded_new_version', ''),
(42, 'core', 'dropdown_max', '100'),
(43, 'core', 'ajax_wildcard', '*'),
(44, 'core', 'ajax_limit_count', '10'),
(45, 'core', 'is_users_auto_add', '1'),
(46, 'core', 'date_format', '0'),
(47, 'core', 'number_format', '0'),
(48, 'core', 'csv_delimiter', ';'),
(49, 'core', 'is_ids_visible', '0'),
(50, 'core', 'smtp_mode', '2'),
(51, 'core', 'smtp_host', 'mail.alfaparf.com.co'),
(52, 'core', 'smtp_port', '465'),
(53, 'core', 'smtp_username', 'sistemas@alfaparf.com.co'),
(54, 'core', 'proxy_name', ''),
(55, 'core', 'proxy_port', '8080'),
(56, 'core', 'proxy_user', ''),
(57, 'core', 'add_followup_on_update_ticket', '1'),
(58, 'core', 'keep_tickets_on_delete', '0'),
(59, 'core', 'time_step', '5'),
(60, 'core', 'decimal_number', '2'),
(61, 'core', 'helpdesk_doc_url', ''),
(62, 'core', 'central_doc_url', ''),
(63, 'core', 'documentcategories_id_forticket', '0'),
(64, 'core', 'monitors_management_restrict', '2'),
(65, 'core', 'phones_management_restrict', '2'),
(66, 'core', 'peripherals_management_restrict', '2'),
(67, 'core', 'printers_management_restrict', '2'),
(68, 'core', 'use_log_in_files', '1'),
(69, 'core', 'time_offset', '0'),
(70, 'core', 'is_contact_autoupdate', '1'),
(71, 'core', 'is_user_autoupdate', '1'),
(72, 'core', 'is_group_autoupdate', '1'),
(73, 'core', 'is_location_autoupdate', '1'),
(74, 'core', 'state_autoupdate_mode', '0'),
(75, 'core', 'is_contact_autoclean', '0'),
(76, 'core', 'is_user_autoclean', '0'),
(77, 'core', 'is_group_autoclean', '0'),
(78, 'core', 'is_location_autoclean', '0'),
(79, 'core', 'state_autoclean_mode', '0'),
(80, 'core', 'use_flat_dropdowntree', '0'),
(81, 'core', 'use_autoname_by_entity', '1'),
(82, 'core', 'softwarecategories_id_ondelete', '1'),
(83, 'core', 'x509_email_field', ''),
(84, 'core', 'x509_cn_restrict', ''),
(85, 'core', 'x509_o_restrict', ''),
(86, 'core', 'x509_ou_restrict', ''),
(87, 'core', 'default_mailcollector_filesize_max', '2097152'),
(88, 'core', 'followup_private', '0'),
(89, 'core', 'task_private', '0'),
(90, 'core', 'default_software_helpdesk_visible', '1'),
(91, 'core', 'names_format', '0'),
(92, 'core', 'default_requesttypes_id', '1'),
(93, 'core', 'use_noright_users_add', '1'),
(94, 'core', 'cron_limit', '5'),
(95, 'core', 'priority_matrix', '{\"1\":{\"1\":1,\"2\":1,\"3\":2,\"4\":2,\"5\":2},\"2\":{\"1\":1,\"2\":2,\"3\":2,\"4\":3,\"5\":3},\"3\":{\"1\":2,\"2\":2,\"3\":3,\"4\":4,\"5\":4},\"4\":{\"1\":2,\"2\":3,\"3\":4,\"4\":4,\"5\":5},\"5\":{\"1\":2,\"2\":3,\"3\":4,\"4\":5,\"5\":5}}'),
(96, 'core', 'urgency_mask', '62'),
(97, 'core', 'impact_mask', '62'),
(98, 'core', 'user_deleted_ldap', '0'),
(99, 'core', 'user_restored_ldap', '0'),
(100, 'core', 'auto_create_infocoms', '0'),
(101, 'core', 'use_slave_for_search', '0'),
(102, 'core', 'proxy_passwd', ''),
(103, 'core', 'smtp_passwd', 'Xjv5Gtx8NePUtG66fjTTfg3/x1GmB5cvM3Ihyga/nIiR0cuxczN1TBmnE7I1oFPANIqjubEOqrYwE0Gy3uVm'),
(104, 'core', 'show_count_on_tabs', '1'),
(105, 'core', 'refresh_views', '0'),
(106, 'core', 'set_default_tech', '1'),
(107, 'core', 'allow_search_view', '2'),
(108, 'core', 'allow_search_all', '0'),
(109, 'core', 'allow_search_global', '1'),
(110, 'core', 'display_count_on_home', '5'),
(111, 'core', 'use_password_security', '0'),
(112, 'core', 'password_min_length', '8'),
(113, 'core', 'password_need_number', '1'),
(114, 'core', 'password_need_letter', '1'),
(115, 'core', 'password_need_caps', '1'),
(116, 'core', 'password_need_symbol', '1'),
(117, 'core', 'use_check_pref', '0'),
(118, 'core', 'notification_to_myself', '1'),
(119, 'core', 'duedateok_color', '#06ff00'),
(120, 'core', 'duedatewarning_color', '#ffb800'),
(121, 'core', 'duedatecritical_color', '#ff0000'),
(122, 'core', 'duedatewarning_less', '20'),
(123, 'core', 'duedatecritical_less', '5'),
(124, 'core', 'duedatewarning_unit', '%'),
(125, 'core', 'duedatecritical_unit', '%'),
(126, 'core', 'realname_ssofield', ''),
(127, 'core', 'firstname_ssofield', ''),
(128, 'core', 'email1_ssofield', ''),
(129, 'core', 'email2_ssofield', ''),
(130, 'core', 'email3_ssofield', ''),
(131, 'core', 'email4_ssofield', ''),
(132, 'core', 'phone_ssofield', ''),
(133, 'core', 'phone2_ssofield', ''),
(134, 'core', 'mobile_ssofield', ''),
(135, 'core', 'comment_ssofield', ''),
(136, 'core', 'title_ssofield', ''),
(137, 'core', 'category_ssofield', ''),
(138, 'core', 'language_ssofield', ''),
(139, 'core', 'entity_ssofield', ''),
(140, 'core', 'registration_number_ssofield', ''),
(141, 'core', 'ssovariables_id', '0'),
(142, 'core', 'ssologout_url', ''),
(143, 'core', 'translate_kb', '0'),
(144, 'core', 'translate_dropdowns', '0'),
(145, 'core', 'translate_reminders', '0'),
(146, 'core', 'pdffont', 'helvetica'),
(147, 'core', 'keep_devices_when_purging_item', '0'),
(148, 'core', 'maintenance_mode', '0'),
(149, 'core', 'maintenance_text', ''),
(150, 'core', 'attach_ticket_documents_to_mail', '1'),
(151, 'core', 'backcreated', '0'),
(152, 'core', 'task_state', '1'),
(153, 'core', 'palette', 'auror'),
(154, 'core', 'page_layout', 'vertical'),
(155, 'core', 'fold_menu', '0'),
(156, 'core', 'fold_search', '0'),
(157, 'core', 'savedsearches_pinned', '0'),
(158, 'core', 'timeline_order', 'natural'),
(159, 'core', 'itil_layout', ''),
(160, 'core', 'richtext_layout', 'classic'),
(161, 'core', 'lock_use_lock_item', '0'),
(162, 'core', 'lock_autolock_mode', '1'),
(163, 'core', 'lock_directunlock_notification', '0'),
(164, 'core', 'lock_item_list', '[]'),
(165, 'core', 'lock_lockprofile_id', '8'),
(166, 'core', 'set_default_requester', '1'),
(167, 'core', 'highcontrast_css', '0'),
(168, 'core', 'default_central_tab', '0'),
(169, 'core', 'smtp_check_certificate', '1'),
(170, 'core', 'enable_api', '0'),
(171, 'core', 'enable_api_login_credentials', '0'),
(172, 'core', 'enable_api_login_external_token', '1'),
(173, 'core', 'url_base_api', 'https://www.softredes.digital/glpi/sabama/apirest.php/'),
(174, 'core', 'login_remember_time', '604800'),
(175, 'core', 'login_remember_default', '1'),
(176, 'core', 'use_notifications', '1'),
(177, 'core', 'notifications_ajax', '1'),
(178, 'core', 'notifications_ajax_check_interval', '5'),
(179, 'core', 'notifications_ajax_sound', NULL),
(180, 'core', 'notifications_ajax_icon_url', '/pics/glpi.png'),
(181, 'core', 'dbversion', '10.0.6@21cffee0fbb5afbf0d580cabdf6fd7a922598f97'),
(182, 'core', 'smtp_max_retries', '5'),
(183, 'core', 'smtp_sender', 'sistemas@alfaparf.com.co'),
(184, 'core', 'instance_uuid', NULL),
(185, 'core', 'registration_uuid', 'Mcd7t0PuS5wAdt6pC4H7bYBvmd1qe6ANFZ0ZS1IC'),
(186, 'core', 'smtp_retry_time', '5'),
(187, 'core', 'purge_addrelation', '0'),
(188, 'core', 'purge_deleterelation', '0'),
(189, 'core', 'purge_createitem', '0'),
(190, 'core', 'purge_deleteitem', '0'),
(191, 'core', 'purge_restoreitem', '0'),
(192, 'core', 'purge_updateitem', '0'),
(193, 'core', 'purge_item_software_install', '0'),
(194, 'core', 'purge_software_item_install', '0'),
(195, 'core', 'purge_software_version_install', '0'),
(196, 'core', 'purge_infocom_creation', '0'),
(197, 'core', 'purge_profile_user', '0'),
(198, 'core', 'purge_group_user', '0'),
(199, 'core', 'purge_adddevice', '0'),
(200, 'core', 'purge_updatedevice', '0'),
(201, 'core', 'purge_deletedevice', '0'),
(202, 'core', 'purge_connectdevice', '0'),
(203, 'core', 'purge_disconnectdevice', '0'),
(204, 'core', 'purge_userdeletedfromldap', '0'),
(205, 'core', 'purge_comments', '0'),
(206, 'core', 'purge_datemod', '0'),
(207, 'core', 'purge_all', '0'),
(208, 'core', 'purge_user_auth_changes', '0'),
(209, 'core', 'purge_plugins', '0'),
(210, 'core', 'purge_refusedequipment', '0'),
(211, 'core', 'display_login_source', '1'),
(212, 'core', 'devices_in_menu', '[\"Item_DeviceSimcard\"]'),
(213, 'core', 'password_expiration_delay', '-1'),
(214, 'core', 'password_expiration_notice', '-1'),
(215, 'core', 'password_expiration_lock_delay', '-1'),
(216, 'core', 'default_dashboard_central', 'central'),
(217, 'core', 'default_dashboard_assets', 'assets'),
(218, 'core', 'default_dashboard_helpdesk', 'assistance'),
(219, 'core', 'default_dashboard_mini_ticket', 'mini_tickets'),
(220, 'core', 'impact_enabled_itemtypes', '[\"Appliance\",\"Cluster\",\"Computer\",\"Datacenter\",\"DCRoom\",\"Domain\",\"Enclosure\",\"Monitor\",\"NetworkEquipment\",\"PDU\",\"Peripheral\",\"Phone\",\"Printer\",\"Rack\",\"Software\",\"DatabaseInstance\"]'),
(221, 'core', 'document_max_size', '500'),
(222, 'core', 'planning_work_days', '[0,1,2,3,4,5,6]'),
(223, 'core', 'system_user', '6'),
(224, 'core', 'support_legacy_data', '0'),
(225, 'core', 'initialized_rules_collections', '[\"RuleImportAssetCollection\",\"RuleMailCollectorCollection\",\"RuleRightCollection\",\"RuleSoftwareCategoryCollection\",\"RuleTicketCollection\",\"RuleAssetCollection\",\"RuleDictionnaryOperatingSystemCollection\",\"RuleDictionnaryOperatingSystemVersionCollection\",\"RuleDictionnaryOperatingSystemEditionCollection\"]'),
(226, 'core', 'timeline_action_btn_layout', '0'),
(227, 'core', 'timeline_date_format', '0'),
(228, 'inventory', 'enabled_inventory', '0'),
(229, 'inventory', 'import_software', '1'),
(230, 'inventory', 'import_volume', '1'),
(231, 'inventory', 'import_antivirus', '1'),
(232, 'inventory', 'import_registry', '1'),
(233, 'inventory', 'import_process', '1'),
(234, 'inventory', 'import_vm', '1'),
(235, 'inventory', 'import_monitor_on_partial_sn', '0'),
(236, 'inventory', 'import_unmanaged', '1'),
(237, 'inventory', 'component_processor', '1'),
(238, 'inventory', 'component_memory', '1'),
(239, 'inventory', 'component_harddrive', '1'),
(240, 'inventory', 'component_networkcard', '1'),
(241, 'inventory', 'component_graphiccard', '1'),
(242, 'inventory', 'component_soundcard', '1'),
(243, 'inventory', 'component_drive', '1'),
(244, 'inventory', 'component_networkdrive', '1'),
(245, 'inventory', 'component_networkcardvirtual', '1'),
(246, 'inventory', 'component_control', '1'),
(247, 'inventory', 'component_battery', '1'),
(248, 'inventory', 'component_simcard', '1'),
(249, 'inventory', 'states_id_default', '0'),
(250, 'inventory', 'entities_id_default', '0'),
(251, 'inventory', 'location', '0'),
(252, 'inventory', 'group', '0'),
(253, 'inventory', 'vm_type', '0'),
(254, 'inventory', 'vm_components', '0'),
(255, 'inventory', 'vm_as_computer', '0'),
(256, 'inventory', 'component_removablemedia', '1'),
(257, 'inventory', 'component_powersupply', '1'),
(258, 'inventory', 'inventory_frequency', '24'),
(259, 'inventory', 'import_monitor', '1'),
(260, 'inventory', 'import_printer', '1'),
(261, 'inventory', 'import_peripheral', '1'),
(262, 'inventory', 'stale_agents_delay', '0'),
(263, 'inventory', 'stale_agents_action', '[0]'),
(264, 'inventory', 'stale_agents_status', '0'),
(265, 'core', 'marketplace_replace_plugins', '2'),
(266, 'core', 'glpinetwork_registration_key', 'tlOECISbqX6fTQVLRwoYvewOafJHoGHTED1HrR5z5MCt2EDDJhp89SfkP9xjg+9CxYEY/YGVQ1xfldTDX/eMIoD6GZhPdOFL6kKJEn0v6wQ2B7Ieg3o4x/RRLcB6rMne4e6P0NFS3KSJsTkRxYN17ubXOpFlpgnW3txdBrPnmbBl9TZaLk5J2y5dgZiodh/VvAZmvv5ihhoyBtKlwvokD/UNx0UnmzHmq8Z+nP3FMmKdh9uyQ++g5O9zzJFCL+m3nb/10O6ak+q6/dCBJUgy10lOie4jBlraWuIaKs/LI9aggxLtL8IOMlNs4gyixhJm/GQojEGrjsSb9+fGL78o1YvuO+m3uiO970OuXXDexCwjY7SxrGxznjOQrOKxCKE3r7g4X7fbFeZjN9N8v288BIcsIrIVZAUh3c6JRxdMfwRe4UBLyshPN8w3Lgep2hNIpehr5pMiUq2c+119powwjif9FYc6Zj8wugUo9zQBHMekum7h9HhjxKG8qvI0z34rqOXUO7Kvb9xN8nUt2K4ysalqolOmfiqCKFLAmIZ24tipmjI4Kv2WPsDA20bqzaXcs5B26/22Ab9y7+/ZAZlIjXt/zWd8xGUJQpyIZo1YwOs2GFN1haunw7xxZ4I04x2EYa2w1NAz4JuokAw3Hz/zkfOMqoWZ3Z99x4Q04rakvbclBWXnD/I4Y271NfjS367QgsdmSS9C75czDml69OqrKYIE4SddWQe5pwrIAxv+MN3gXuzJlNP9I0egeT3POAPZCMy2/Cntl+Q='),
(267, 'core', 'glpi_network_uuid', 'ayMOEU0Hpg4tjPrKVxc0WE71dMdMD4zT0y7FQnVD'),
(268, 'core', 'notification_uuid', 'GX6inOMZFbVhB8DvR0riEIb6pcNggtFIspmKLLi9');

-- --------------------------------------------------------

--
-- Estructura de tabla para la tabla `glpi_consumableitems`
--

CREATE TABLE `glpi_consumableitems` (
  `id` int(10) UNSIGNED NOT NULL,
  `entities_id` int(10) UNSIGNED NOT NULL DEFAULT '0',
  `is_recursive` tinyint(4) NOT NULL DEFAULT '0',
  `name` varchar(255) COLLATE utf8mb4_unicode_ci DEFAULT NULL,
  `ref` varchar(255) COLLATE utf8mb4_unicode_ci DEFAULT NULL,
  `locations_id` int(10) UNSIGNED NOT NULL DEFAULT '0',
  `consumableitemtypes_id` int(10) UNSIGNED NOT NULL DEFAULT '0',
  `manufacturers_id` int(10) UNSIGNED NOT NULL DEFAULT '0',
  `users_id_tech` int(10) UNSIGNED NOT NULL DEFAULT '0',
  `groups_id_tech` int(10) UNSIGNED NOT NULL DEFAULT '0',
  `is_deleted` tinyint(4) NOT NULL DEFAULT '0',
  `comment` text COLLATE utf8mb4_unicode_ci,
  `alarm_threshold` int(11) NOT NULL DEFAULT '10',
  `stock_target` int(11) NOT NULL DEFAULT '0',
  `date_mod` timestamp NULL DEFAULT NULL,
  `date_creation` timestamp NULL DEFAULT NULL,
  `otherserial` varchar(255) COLLATE utf8mb4_unicode_ci DEFAULT NULL,
  `pictures` text COLLATE utf8mb4_unicode_ci
) ENGINE=InnoDB DEFAULT CHARSET=utf8mb4 COLLATE=utf8mb4_unicode_ci ROW_FORMAT=DYNAMIC;

-- --------------------------------------------------------

--
-- Estructura de tabla para la tabla `glpi_consumableitemtypes`
--

CREATE TABLE `glpi_consumableitemtypes` (
  `id` int(10) UNSIGNED NOT NULL,
  `name` varchar(255) COLLATE utf8mb4_unicode_ci DEFAULT NULL,
  `comment` text COLLATE utf8mb4_unicode_ci,
  `date_mod` timestamp NULL DEFAULT NULL,
  `date_creation` timestamp NULL DEFAULT NULL
) ENGINE=InnoDB DEFAULT CHARSET=utf8mb4 COLLATE=utf8mb4_unicode_ci ROW_FORMAT=DYNAMIC;

-- --------------------------------------------------------

--
-- Estructura de tabla para la tabla `glpi_consumables`
--

CREATE TABLE `glpi_consumables` (
  `id` int(10) UNSIGNED NOT NULL,
  `entities_id` int(10) UNSIGNED NOT NULL DEFAULT '0',
  `consumableitems_id` int(10) UNSIGNED NOT NULL DEFAULT '0',
  `date_in` date DEFAULT NULL,
  `date_out` date DEFAULT NULL,
  `itemtype` varchar(100) COLLATE utf8mb4_unicode_ci DEFAULT NULL,
  `items_id` int(10) UNSIGNED NOT NULL DEFAULT '0',
  `date_mod` timestamp NULL DEFAULT NULL,
  `date_creation` timestamp NULL DEFAULT NULL
) ENGINE=InnoDB DEFAULT CHARSET=utf8mb4 COLLATE=utf8mb4_unicode_ci ROW_FORMAT=DYNAMIC;

-- --------------------------------------------------------

--
-- Estructura de tabla para la tabla `glpi_contacts`
--

CREATE TABLE `glpi_contacts` (
  `id` int(10) UNSIGNED NOT NULL,
  `entities_id` int(10) UNSIGNED NOT NULL DEFAULT '0',
  `is_recursive` tinyint(4) NOT NULL DEFAULT '0',
  `name` varchar(255) COLLATE utf8mb4_unicode_ci DEFAULT NULL,
  `firstname` varchar(255) COLLATE utf8mb4_unicode_ci DEFAULT NULL,
  `registration_number` varchar(255) COLLATE utf8mb4_unicode_ci DEFAULT NULL,
  `phone` varchar(255) COLLATE utf8mb4_unicode_ci DEFAULT NULL,
  `phone2` varchar(255) COLLATE utf8mb4_unicode_ci DEFAULT NULL,
  `mobile` varchar(255) COLLATE utf8mb4_unicode_ci DEFAULT NULL,
  `fax` varchar(255) COLLATE utf8mb4_unicode_ci DEFAULT NULL,
  `email` varchar(255) COLLATE utf8mb4_unicode_ci DEFAULT NULL,
  `contacttypes_id` int(10) UNSIGNED NOT NULL DEFAULT '0',
  `comment` text COLLATE utf8mb4_unicode_ci,
  `is_deleted` tinyint(4) NOT NULL DEFAULT '0',
  `usertitles_id` int(10) UNSIGNED NOT NULL DEFAULT '0',
  `address` text COLLATE utf8mb4_unicode_ci,
  `postcode` varchar(255) COLLATE utf8mb4_unicode_ci DEFAULT NULL,
  `town` varchar(255) COLLATE utf8mb4_unicode_ci DEFAULT NULL,
  `state` varchar(255) COLLATE utf8mb4_unicode_ci DEFAULT NULL,
  `country` varchar(255) COLLATE utf8mb4_unicode_ci DEFAULT NULL,
  `date_mod` timestamp NULL DEFAULT NULL,
  `date_creation` timestamp NULL DEFAULT NULL,
  `pictures` text COLLATE utf8mb4_unicode_ci
) ENGINE=InnoDB DEFAULT CHARSET=utf8mb4 COLLATE=utf8mb4_unicode_ci ROW_FORMAT=DYNAMIC;

-- --------------------------------------------------------

--
-- Estructura de tabla para la tabla `glpi_contacts_suppliers`
--

CREATE TABLE `glpi_contacts_suppliers` (
  `id` int(10) UNSIGNED NOT NULL,
  `suppliers_id` int(10) UNSIGNED NOT NULL DEFAULT '0',
  `contacts_id` int(10) UNSIGNED NOT NULL DEFAULT '0'
) ENGINE=InnoDB DEFAULT CHARSET=utf8mb4 COLLATE=utf8mb4_unicode_ci ROW_FORMAT=DYNAMIC;

-- --------------------------------------------------------

--
-- Estructura de tabla para la tabla `glpi_contacttypes`
--

CREATE TABLE `glpi_contacttypes` (
  `id` int(10) UNSIGNED NOT NULL,
  `name` varchar(255) COLLATE utf8mb4_unicode_ci DEFAULT NULL,
  `comment` text COLLATE utf8mb4_unicode_ci,
  `date_mod` timestamp NULL DEFAULT NULL,
  `date_creation` timestamp NULL DEFAULT NULL
) ENGINE=InnoDB DEFAULT CHARSET=utf8mb4 COLLATE=utf8mb4_unicode_ci ROW_FORMAT=DYNAMIC;

-- --------------------------------------------------------

--
-- Estructura de tabla para la tabla `glpi_contractcosts`
--

CREATE TABLE `glpi_contractcosts` (
  `id` int(10) UNSIGNED NOT NULL,
  `contracts_id` int(10) UNSIGNED NOT NULL DEFAULT '0',
  `name` varchar(255) COLLATE utf8mb4_unicode_ci DEFAULT NULL,
  `comment` text COLLATE utf8mb4_unicode_ci,
  `begin_date` date DEFAULT NULL,
  `end_date` date DEFAULT NULL,
  `cost` decimal(20,4) NOT NULL DEFAULT '0.0000',
  `budgets_id` int(10) UNSIGNED NOT NULL DEFAULT '0',
  `entities_id` int(10) UNSIGNED NOT NULL DEFAULT '0',
  `is_recursive` tinyint(4) NOT NULL DEFAULT '0'
) ENGINE=InnoDB DEFAULT CHARSET=utf8mb4 COLLATE=utf8mb4_unicode_ci ROW_FORMAT=DYNAMIC;

-- --------------------------------------------------------

--
-- Estructura de tabla para la tabla `glpi_contracts`
--

CREATE TABLE `glpi_contracts` (
  `id` int(10) UNSIGNED NOT NULL,
  `entities_id` int(10) UNSIGNED NOT NULL DEFAULT '0',
  `is_recursive` tinyint(4) NOT NULL DEFAULT '0',
  `name` varchar(255) COLLATE utf8mb4_unicode_ci DEFAULT NULL,
  `num` varchar(255) COLLATE utf8mb4_unicode_ci DEFAULT NULL,
  `contracttypes_id` int(10) UNSIGNED NOT NULL DEFAULT '0',
  `begin_date` date DEFAULT NULL,
  `duration` int(11) NOT NULL DEFAULT '0',
  `notice` int(11) NOT NULL DEFAULT '0',
  `periodicity` int(11) NOT NULL DEFAULT '0',
  `billing` int(11) NOT NULL DEFAULT '0',
  `comment` text COLLATE utf8mb4_unicode_ci,
  `accounting_number` varchar(255) COLLATE utf8mb4_unicode_ci DEFAULT NULL,
  `is_deleted` tinyint(4) NOT NULL DEFAULT '0',
  `week_begin_hour` time NOT NULL DEFAULT '00:00:00',
  `week_end_hour` time NOT NULL DEFAULT '00:00:00',
  `saturday_begin_hour` time NOT NULL DEFAULT '00:00:00',
  `saturday_end_hour` time NOT NULL DEFAULT '00:00:00',
  `use_saturday` tinyint(4) NOT NULL DEFAULT '0',
  `sunday_begin_hour` time NOT NULL DEFAULT '00:00:00',
  `sunday_end_hour` time NOT NULL DEFAULT '00:00:00',
  `use_sunday` tinyint(4) NOT NULL DEFAULT '0',
  `max_links_allowed` int(11) NOT NULL DEFAULT '0',
  `alert` int(11) NOT NULL DEFAULT '0',
  `renewal` int(11) NOT NULL DEFAULT '0',
  `template_name` varchar(255) COLLATE utf8mb4_unicode_ci DEFAULT NULL,
  `is_template` tinyint(4) NOT NULL DEFAULT '0',
  `states_id` int(10) UNSIGNED NOT NULL DEFAULT '0',
  `date_mod` timestamp NULL DEFAULT NULL,
  `date_creation` timestamp NULL DEFAULT NULL
) ENGINE=InnoDB DEFAULT CHARSET=utf8mb4 COLLATE=utf8mb4_unicode_ci ROW_FORMAT=DYNAMIC;

-- --------------------------------------------------------

--
-- Estructura de tabla para la tabla `glpi_contracts_items`
--

CREATE TABLE `glpi_contracts_items` (
  `id` int(10) UNSIGNED NOT NULL,
  `contracts_id` int(10) UNSIGNED NOT NULL DEFAULT '0',
  `items_id` int(10) UNSIGNED NOT NULL DEFAULT '0',
  `itemtype` varchar(100) COLLATE utf8mb4_unicode_ci NOT NULL
) ENGINE=InnoDB DEFAULT CHARSET=utf8mb4 COLLATE=utf8mb4_unicode_ci ROW_FORMAT=DYNAMIC;

-- --------------------------------------------------------

--
-- Estructura de tabla para la tabla `glpi_contracts_suppliers`
--

CREATE TABLE `glpi_contracts_suppliers` (
  `id` int(10) UNSIGNED NOT NULL,
  `suppliers_id` int(10) UNSIGNED NOT NULL DEFAULT '0',
  `contracts_id` int(10) UNSIGNED NOT NULL DEFAULT '0'
) ENGINE=InnoDB DEFAULT CHARSET=utf8mb4 COLLATE=utf8mb4_unicode_ci ROW_FORMAT=DYNAMIC;

-- --------------------------------------------------------

--
-- Estructura de tabla para la tabla `glpi_contracttypes`
--

CREATE TABLE `glpi_contracttypes` (
  `id` int(10) UNSIGNED NOT NULL,
  `name` varchar(255) COLLATE utf8mb4_unicode_ci DEFAULT NULL,
  `comment` text COLLATE utf8mb4_unicode_ci,
  `date_mod` timestamp NULL DEFAULT NULL,
  `date_creation` timestamp NULL DEFAULT NULL
) ENGINE=InnoDB DEFAULT CHARSET=utf8mb4 COLLATE=utf8mb4_unicode_ci ROW_FORMAT=DYNAMIC;

-- --------------------------------------------------------

--
-- Estructura de tabla para la tabla `glpi_crontasklogs`
--

CREATE TABLE `glpi_crontasklogs` (
  `id` int(10) UNSIGNED NOT NULL,
  `crontasks_id` int(10) UNSIGNED NOT NULL,
  `crontasklogs_id` int(10) UNSIGNED NOT NULL COMMENT 'id of ''start'' event',
  `date` timestamp NOT NULL DEFAULT CURRENT_TIMESTAMP,
  `state` int(11) NOT NULL COMMENT '0:start, 1:run, 2:stop',
  `elapsed` float NOT NULL COMMENT 'time elapsed since start',
  `volume` int(11) NOT NULL COMMENT 'for statistics',
  `content` varchar(255) COLLATE utf8mb4_unicode_ci DEFAULT NULL COMMENT 'message'
) ENGINE=InnoDB DEFAULT CHARSET=utf8mb4 COLLATE=utf8mb4_unicode_ci ROW_FORMAT=DYNAMIC;

--
-- Volcado de datos para la tabla `glpi_crontasklogs`
--

INSERT INTO `glpi_crontasklogs` (`id`, `crontasks_id`, `crontasklogs_id`, `date`, `state`, `elapsed`, `volume`, `content`) VALUES
(1, 5, 0, '2024-08-09 20:40:17', 0, 0, 0, 'Run mode: GLPI'),
(2, 5, 1, '2024-08-09 20:40:17', 2, 0.0160871, 0, 'Action completed, no processing required'),
(3, 6, 0, '2024-08-09 20:42:29', 0, 0, 0, 'Run mode: GLPI'),
(4, 6, 3, '2024-08-09 20:42:29', 2, 0.01215, 0, 'Action completed, no processing required'),
(5, 9, 0, '2024-08-09 20:46:27', 0, 0, 0, 'Run mode: GLPI'),
(6, 9, 5, '2024-08-09 20:46:27', 2, 0.017096, 0, 'Action completed, no processing required'),
(7, 12, 0, '2024-08-09 20:47:00', 0, 0, 0, 'Run mode: GLPI'),
(8, 12, 7, '2024-08-09 20:47:00', 2, 0.0158391, 0, 'Action completed, no processing required'),
(9, 13, 0, '2024-08-09 20:47:10', 0, 0, 0, 'Run mode: GLPI'),
(10, 13, 9, '2024-08-09 20:47:10', 2, 0.0128419, 0, 'Action completed, no processing required'),
(11, 14, 0, '2024-08-09 20:49:17', 0, 0, 0, 'Run mode: GLPI'),
(12, 14, 11, '2024-08-09 20:49:17', 2, 0.0158131, 0, 'Action completed, no processing required'),
(13, 15, 0, '2024-08-09 20:49:28', 0, 0, 0, 'Run mode: GLPI'),
(14, 15, 13, '2024-08-09 20:49:28', 2, 0.0201921, 0, 'Action completed, no processing required'),
(15, 16, 0, '2024-08-09 20:55:52', 0, 0, 0, 'Run mode: GLPI'),
(16, 16, 15, '2024-08-09 20:55:52', 2, 0.0244231, 0, 'Action completed, no processing required'),
(17, 17, 0, '2024-08-09 20:56:01', 0, 0, 0, 'Run mode: GLPI'),
(18, 17, 17, '2024-08-09 20:56:01', 2, 0.0220811, 0, 'Action completed, no processing required'),
(19, 18, 0, '2024-08-09 21:00:05', 0, 0, 0, 'Run mode: GLPI'),
(20, 18, 19, '2024-08-09 21:00:05', 2, 0.022248, 0, 'Action completed, no processing required'),
(21, 19, 0, '2024-08-09 21:00:17', 0, 0, 0, 'Run mode: GLPI'),
(22, 19, 21, '2024-08-09 21:00:17', 2, 0.014667, 0, 'Action completed, fully processed'),
(23, 20, 0, '2024-08-09 21:07:52', 0, 0, 0, 'Run mode: GLPI'),
(24, 20, 23, '2024-08-09 21:07:52', 2, 0.022227, 0, 'Action completed, no processing required'),
(25, 21, 0, '2024-08-09 21:13:47', 0, 0, 0, 'Run mode: GLPI'),
(26, 21, 25, '2024-08-09 21:13:47', 2, 0.028718, 0, 'Action completed, no processing required'),
(27, 22, 0, '2024-08-09 21:18:01', 0, 0, 0, 'Run mode: GLPI'),
(28, 22, 27, '2024-08-09 21:18:01', 2, 0.0259919, 0, 'Action completed, no processing required'),
(29, 23, 0, '2024-08-09 21:24:00', 0, 0, 0, 'Run mode: GLPI'),
(30, 23, 29, '2024-08-09 21:24:00', 2, 0.037004, 0, 'Action completed, no processing required'),
(31, 24, 0, '2024-08-09 21:32:50', 0, 0, 0, 'Run mode: GLPI'),
(32, 24, 31, '2024-08-09 21:32:50', 2, 0.0197909, 0, 'Action completed, no processing required'),
(33, 25, 0, '2024-08-09 21:52:47', 0, 0, 0, 'Run mode: GLPI'),
(34, 25, 33, '2024-08-09 21:52:47', 2, 0.016856, 0, 'Action completed, no processing required'),
(35, 31, 0, '2024-08-09 21:55:47', 0, 0, 0, 'Run mode: GLPI'),
(36, 31, 35, '2024-08-09 21:55:47', 2, 0.025018, 0, 'Action completed, no processing required'),
(37, 32, 0, '2024-08-09 22:05:31', 0, 0, 0, 'Run mode: GLPI'),
(38, 32, 37, '2024-08-09 22:05:31', 2, 0.0156341, 0, 'Action completed, no processing required'),
(39, 9, 0, '2024-08-09 23:10:40', 0, 0, 0, 'Run mode: GLPI'),
(40, 9, 39, '2024-08-09 23:10:40', 2, 0.019614, 0, 'Action completed, no processing required'),
(41, 17, 0, '2024-08-10 00:07:36', 0, 0, 0, 'Run mode: GLPI'),
(42, 17, 41, '2024-08-10 00:07:36', 2, 0.0145202, 0, 'Action completed, no processing required'),
(43, 21, 0, '2024-08-10 07:50:33', 0, 0, 0, 'Run mode: GLPI'),
(44, 21, 43, '2024-08-10 07:50:33', 2, 0.0193219, 0, 'Action completed, no processing required'),
(45, 22, 0, '2024-08-10 07:58:34', 0, 0, 0, 'Run mode: GLPI'),
(46, 13, 0, '2024-08-10 08:14:03', 0, 0, 0, 'Run mode: GLPI'),
(47, 13, 46, '2024-08-10 08:14:03', 2, 0.0166931, 0, 'Action completed, no processing required'),
(48, 14, 0, '2024-08-10 17:27:42', 0, 0, 0, 'Run mode: GLPI'),
(49, 14, 48, '2024-08-10 17:27:42', 2, 0.018569, 0, 'Action completed, no processing required'),
(50, 20, 0, '2024-08-10 19:08:05', 0, 0, 0, 'Run mode: GLPI'),
(51, 20, 50, '2024-08-10 19:08:05', 2, 0.0185761, 0, 'Action completed, no processing required'),
(52, 32, 0, '2024-08-10 19:14:04', 0, 0, 0, 'Run mode: GLPI'),
(53, 32, 52, '2024-08-10 19:14:04', 2, 0.021323, 0, 'Action completed, no processing required'),
(54, 24, 0, '2024-08-10 19:23:53', 0, 0, 0, 'Run mode: GLPI'),
(55, 24, 54, '2024-08-10 19:23:53', 1, 0.0161719, 3, 'Clean 3 temporary files created since more than 3600 seconds\n'),
(56, 24, 54, '2024-08-10 19:23:53', 2, 0.023298, 3, 'Action completed, fully processed'),
(57, 9, 0, '2024-08-10 19:29:25', 0, 0, 0, 'Run mode: GLPI'),
(58, 9, 57, '2024-08-10 19:29:25', 2, 0.0156529, 0, 'Action completed, no processing required'),
(59, 17, 0, '2024-08-10 19:36:03', 0, 0, 0, 'Run mode: GLPI'),
(60, 17, 59, '2024-08-10 19:36:03', 2, 0.0452151, 0, 'Action completed, no processing required'),
(61, 21, 0, '2024-08-10 19:55:52', 0, 0, 0, 'Run mode: GLPI'),
(62, 21, 61, '2024-08-10 19:55:52', 2, 0.040324, 0, 'Action completed, no processing required'),
(63, 15, 0, '2024-08-10 22:59:45', 0, 0, 0, 'Run mode: GLPI'),
(64, 15, 63, '2024-08-10 22:59:45', 2, 0.019094, 0, 'Action completed, no processing required'),
(65, 16, 0, '2024-08-10 23:31:55', 0, 0, 0, 'Run mode: GLPI'),
(66, 16, 65, '2024-08-10 23:31:55', 2, 0.0157361, 0, 'Action completed, no processing required'),
(67, 13, 0, '2024-08-11 00:06:08', 0, 0, 0, 'Run mode: GLPI'),
(68, 13, 67, '2024-08-11 00:06:08', 2, 0.016958, 0, 'Action completed, no processing required'),
(69, 14, 0, '2024-08-11 00:10:55', 0, 0, 0, 'Run mode: GLPI'),
(70, 14, 69, '2024-08-11 00:10:55', 2, 0.0198729, 0, 'Action completed, no processing required'),
(71, 32, 0, '2024-08-11 00:14:14', 0, 0, 0, 'Run mode: GLPI'),
(72, 32, 71, '2024-08-11 00:14:14', 2, 0.0150921, 0, 'Action completed, no processing required'),
(73, 9, 0, '2024-08-11 00:14:18', 0, 0, 0, 'Run mode: GLPI'),
(74, 9, 73, '2024-08-11 00:14:18', 2, 0.018471, 0, 'Action completed, no processing required'),
(75, 17, 0, '2024-08-11 00:15:21', 0, 0, 0, 'Run mode: GLPI'),
(76, 17, 75, '2024-08-11 00:15:21', 2, 0.0400789, 0, 'Action completed, no processing required'),
(77, 21, 0, '2024-08-11 00:15:35', 0, 0, 0, 'Run mode: GLPI'),
(78, 21, 77, '2024-08-11 00:15:35', 2, 0.0442688, 0, 'Action completed, no processing required'),
(79, 20, 0, '2024-08-11 00:18:51', 0, 0, 0, 'Run mode: GLPI'),
(80, 20, 79, '2024-08-11 00:18:51', 2, 0.0249052, 0, 'Action completed, no processing required'),
(81, 24, 0, '2024-08-11 00:20:22', 0, 0, 0, 'Run mode: GLPI'),
(82, 24, 81, '2024-08-11 00:20:22', 2, 0.0188029, 0, 'Action completed, no processing required'),
(83, 5, 0, '2024-08-11 00:39:40', 0, 0, 0, 'Run mode: GLPI'),
(84, 5, 83, '2024-08-11 00:39:40', 2, 0.019866, 0, 'Action completed, no processing required'),
(85, 6, 0, '2024-08-11 00:39:46', 0, 0, 0, 'Run mode: GLPI'),
(86, 6, 85, '2024-08-11 00:39:46', 2, 0.0208468, 0, 'Action completed, no processing required'),
(87, 12, 0, '2024-08-11 00:39:56', 0, 0, 0, 'Run mode: GLPI'),
(88, 12, 87, '2024-08-11 00:39:56', 1, 0.014112, 13, 'Clean 13 session files created since more than 1440 seconds\n'),
(89, 12, 87, '2024-08-11 00:39:56', 2, 0.0186071, 13, 'Action completed, fully processed'),
(90, 18, 0, '2024-08-11 00:43:47', 0, 0, 0, 'Run mode: GLPI'),
(91, 18, 90, '2024-08-11 00:43:47', 2, 0.0209951, 0, 'Action completed, no processing required'),
(92, 19, 0, '2024-08-11 00:47:47', 0, 0, 0, 'Run mode: GLPI'),
(93, 19, 92, '2024-08-11 00:47:47', 2, 0.0737078, 0, 'Action completed, fully processed'),
(94, 23, 0, '2024-08-11 01:01:12', 0, 0, 0, 'Run mode: GLPI'),
(95, 23, 94, '2024-08-11 01:01:12', 2, 0.0182879, 0, 'Action completed, no processing required'),
(96, 25, 0, '2024-08-11 01:39:17', 0, 0, 0, 'Run mode: GLPI'),
(97, 25, 96, '2024-08-11 01:39:17', 2, 0.015543, 0, 'Action completed, no processing required'),
(98, 31, 0, '2024-08-11 02:45:02', 0, 0, 0, 'Run mode: GLPI'),
(99, 31, 98, '2024-08-11 02:45:02', 2, 0.023123, 0, 'Action completed, no processing required'),
(100, 32, 0, '2024-08-11 03:43:44', 0, 0, 0, 'Run mode: GLPI'),
(101, 32, 100, '2024-08-11 03:43:44', 2, 0.0174701, 0, 'Action completed, no processing required'),
(102, 17, 0, '2024-08-11 03:46:30', 0, 0, 0, 'Run mode: GLPI'),
(103, 17, 102, '2024-08-11 03:46:30', 2, 0.0147171, 0, 'Action completed, no processing required'),
(104, 21, 0, '2024-08-11 03:52:24', 0, 0, 0, 'Run mode: GLPI'),
(105, 21, 104, '2024-08-11 03:52:24', 2, 0.0203779, 0, 'Action completed, no processing required'),
(106, 9, 0, '2024-08-11 03:53:10', 0, 0, 0, 'Run mode: GLPI'),
(107, 9, 106, '2024-08-11 03:53:10', 2, 0.0169671, 0, 'Action completed, no processing required'),
(108, 13, 0, '2024-08-11 03:53:27', 0, 0, 0, 'Run mode: GLPI'),
(109, 13, 108, '2024-08-11 03:53:27', 2, 0.023392, 0, 'Action completed, no processing required'),
(110, 14, 0, '2024-08-11 03:53:38', 0, 0, 0, 'Run mode: GLPI'),
(111, 14, 110, '2024-08-11 03:53:38', 2, 0.0139959, 0, 'Action completed, no processing required'),
(112, 20, 0, '2024-08-11 05:11:58', 0, 0, 0, 'Run mode: GLPI'),
(113, 20, 112, '2024-08-11 05:11:58', 2, 0.0861118, 0, 'Action completed, no processing required'),
(114, 24, 0, '2024-08-11 05:13:08', 0, 0, 0, 'Run mode: GLPI'),
(115, 24, 114, '2024-08-11 05:13:08', 2, 0.034734, 0, 'Action completed, no processing required'),
(116, 32, 0, '2024-08-11 05:20:44', 0, 0, 0, 'Run mode: GLPI'),
(117, 32, 116, '2024-08-11 05:20:44', 2, 0.0256679, 0, 'Action completed, no processing required'),
(118, 17, 0, '2024-08-11 05:26:22', 0, 0, 0, 'Run mode: GLPI'),
(119, 17, 118, '2024-08-11 05:26:22', 2, 0.0209692, 0, 'Action completed, no processing required'),
(120, 21, 0, '2024-08-11 07:02:11', 0, 0, 0, 'Run mode: GLPI'),
(121, 21, 120, '2024-08-11 07:02:11', 2, 0.028887, 0, 'Action completed, no processing required'),
(122, 9, 0, '2024-08-11 07:02:31', 0, 0, 0, 'Run mode: GLPI'),
(123, 9, 122, '2024-08-11 07:02:31', 2, 0.023638, 0, 'Action completed, no processing required'),
(124, 13, 0, '2024-08-11 07:07:32', 0, 0, 0, 'Run mode: GLPI'),
(125, 13, 124, '2024-08-11 07:07:32', 2, 0.0156941, 0, 'Action completed, no processing required'),
(126, 14, 0, '2024-08-11 15:17:45', 0, 0, 0, 'Run mode: GLPI'),
(127, 14, 126, '2024-08-11 15:17:45', 2, 0.0422361, 0, 'Action completed, no processing required'),
(128, 32, 0, '2024-08-11 15:23:40', 0, 0, 0, 'Run mode: GLPI'),
(129, 32, 128, '2024-08-11 15:23:40', 2, 0.016541, 0, 'Action completed, no processing required'),
(130, 17, 0, '2024-08-11 15:25:15', 0, 0, 0, 'Run mode: GLPI'),
(131, 17, 130, '2024-08-11 15:25:15', 2, 0.018199, 0, 'Action completed, no processing required'),
(132, 20, 0, '2024-08-11 15:25:36', 0, 0, 0, 'Run mode: GLPI'),
(133, 20, 132, '2024-08-11 15:25:36', 2, 0.023257, 0, 'Action completed, no processing required'),
(134, 24, 0, '2024-08-12 02:33:27', 0, 0, 0, 'Run mode: GLPI'),
(135, 24, 134, '2024-08-12 02:33:27', 2, 0.0175991, 0, 'Action completed, no processing required'),
(136, 21, 0, '2024-08-12 02:48:16', 0, 0, 0, 'Run mode: GLPI'),
(137, 21, 136, '2024-08-12 02:48:16', 2, 0.0226519, 0, 'Action completed, no processing required'),
(138, 9, 0, '2024-08-12 03:03:48', 0, 0, 0, 'Run mode: GLPI'),
(139, 9, 138, '2024-08-12 03:03:48', 2, 0.016803, 0, 'Action completed, no processing required'),
(140, 13, 0, '2024-08-12 03:24:41', 0, 0, 0, 'Run mode: GLPI'),
(141, 13, 140, '2024-08-12 03:24:41', 2, 0.0172019, 0, 'Action completed, no processing required'),
(142, 15, 0, '2024-08-12 04:11:53', 0, 0, 0, 'Run mode: GLPI'),
(143, 15, 142, '2024-08-12 04:11:53', 2, 0.028805, 0, 'Action completed, no processing required'),
(144, 16, 0, '2024-08-13 00:25:03', 0, 0, 0, 'Run mode: GLPI'),
(145, 16, 144, '2024-08-13 00:25:03', 2, 0.017849, 0, 'Action completed, no processing required'),
(146, 32, 0, '2024-08-13 00:25:14', 0, 0, 0, 'Run mode: GLPI'),
(147, 32, 146, '2024-08-13 00:25:14', 2, 0.0147669, 0, 'Action completed, no processing required'),
(148, 17, 0, '2024-08-13 00:25:24', 0, 0, 0, 'Run mode: GLPI'),
(149, 17, 148, '2024-08-13 00:25:24', 2, 0.016381, 0, 'Action completed, no processing required'),
(150, 14, 0, '2024-08-13 02:51:43', 0, 0, 0, 'Run mode: GLPI'),
(151, 14, 150, '2024-08-13 02:51:43', 2, 0.0177951, 0, 'Action completed, no processing required'),
(152, 20, 0, '2024-08-13 02:52:17', 0, 0, 0, 'Run mode: GLPI'),
(153, 20, 152, '2024-08-13 02:52:17', 2, 0.0165179, 0, 'Action completed, no processing required'),
(154, 5, 0, '2024-08-13 02:52:39', 0, 0, 0, 'Run mode: GLPI'),
(155, 5, 154, '2024-08-13 02:52:39', 2, 0.0181031, 0, 'Action completed, no processing required'),
(156, 6, 0, '2024-08-13 02:52:57', 0, 0, 0, 'Run mode: GLPI'),
(157, 6, 156, '2024-08-13 02:52:57', 2, 0.0139301, 0, 'Action completed, no processing required'),
(158, 12, 0, '2024-08-13 02:53:02', 0, 0, 0, 'Run mode: GLPI'),
(159, 12, 158, '2024-08-13 02:53:02', 1, 0.0175099, 25, 'Clean 25 session files created since more than 1440 seconds\n'),
(160, 12, 158, '2024-08-13 02:53:02', 2, 0.025635, 25, 'Action completed, fully processed'),
(161, 18, 0, '2024-08-13 02:55:57', 0, 0, 0, 'Run mode: GLPI'),
(162, 18, 161, '2024-08-13 02:55:57', 2, 0.033397, 0, 'Action completed, no processing required'),
(163, 19, 0, '2024-08-13 02:59:03', 0, 0, 0, 'Run mode: GLPI'),
(164, 19, 163, '2024-08-13 02:59:03', 2, 0.100248, 0, 'Action completed, fully processed'),
(165, 23, 0, '2024-08-13 06:36:06', 0, 0, 0, 'Run mode: GLPI'),
(166, 23, 165, '2024-08-13 06:36:06', 2, 0.014642, 0, 'Action completed, no processing required'),
(167, 25, 0, '2024-08-13 06:42:09', 0, 0, 0, 'Run mode: GLPI'),
(168, 25, 167, '2024-08-13 06:42:09', 2, 0.014231, 0, 'Action completed, no processing required'),
(169, 31, 0, '2024-08-13 21:38:57', 0, 0, 0, 'Run mode: GLPI'),
(170, 31, 169, '2024-08-13 21:38:57', 2, 0.0178599, 0, 'Action completed, no processing required'),
(171, 21, 0, '2024-08-13 22:18:59', 0, 0, 0, 'Run mode: GLPI'),
(172, 21, 171, '2024-08-13 22:18:59', 2, 0.0268252, 0, 'Action completed, no processing required'),
(173, 9, 0, '2024-08-13 22:24:59', 0, 0, 0, 'Run mode: GLPI'),
(174, 9, 173, '2024-08-13 22:24:59', 2, 0.0256801, 0, 'Action completed, no processing required'),
(175, 24, 0, '2024-08-13 22:42:40', 0, 0, 0, 'Run mode: GLPI'),
(176, 24, 175, '2024-08-13 22:42:40', 2, 0.018116, 0, 'Action completed, no processing required'),
(177, 13, 0, '2024-08-13 22:47:42', 0, 0, 0, 'Run mode: GLPI'),
(178, 13, 177, '2024-08-13 22:47:42', 2, 0.0188642, 0, 'Action completed, no processing required'),
(179, 15, 0, '2024-08-13 22:52:45', 0, 0, 0, 'Run mode: GLPI'),
(180, 15, 179, '2024-08-13 22:52:45', 2, 0.025106, 0, 'Action completed, no processing required'),
(181, 17, 0, '2024-08-14 03:35:05', 0, 0, 0, 'Run mode: GLPI'),
(182, 17, 181, '2024-08-14 03:35:05', 2, 0.019479, 0, 'Action completed, no processing required'),
(183, 32, 0, '2024-08-15 00:01:41', 0, 0, 0, 'Run mode: GLPI'),
(184, 32, 183, '2024-08-15 00:01:41', 2, 0.0216119, 0, 'Action completed, no processing required'),
(185, 14, 0, '2024-08-15 02:01:37', 0, 0, 0, 'Run mode: GLPI'),
(186, 14, 185, '2024-08-15 02:01:37', 2, 0.017107, 0, 'Action completed, no processing required'),
(187, 20, 0, '2024-08-15 02:07:10', 0, 0, 0, 'Run mode: GLPI'),
(188, 20, 187, '2024-08-15 02:07:10', 2, 0.0181191, 0, 'Action completed, no processing required'),
(189, 16, 0, '2024-08-15 02:18:29', 0, 0, 0, 'Run mode: GLPI'),
(190, 16, 189, '2024-08-15 02:18:29', 2, 0.015878, 0, 'Action completed, no processing required'),
(191, 21, 0, '2024-08-15 02:23:32', 0, 0, 0, 'Run mode: GLPI'),
(192, 21, 191, '2024-08-15 02:23:32', 2, 0.022635, 0, 'Action completed, no processing required'),
(193, 9, 0, '2024-08-15 02:31:23', 0, 0, 0, 'Run mode: GLPI'),
(194, 9, 193, '2024-08-15 02:31:23', 2, 0.0170929, 0, 'Action completed, no processing required'),
(195, 24, 0, '2024-08-15 02:36:33', 0, 0, 0, 'Run mode: GLPI'),
(196, 24, 195, '2024-08-15 02:36:33', 2, 0.016402, 0, 'Action completed, no processing required'),
(197, 13, 0, '2024-08-15 02:41:41', 0, 0, 0, 'Run mode: GLPI'),
(198, 13, 197, '2024-08-15 02:41:41', 2, 0.017818, 0, 'Action completed, no processing required'),
(199, 5, 0, '2024-08-15 02:48:53', 0, 0, 0, 'Run mode: GLPI'),
(200, 5, 199, '2024-08-15 02:48:53', 2, 0.0373452, 0, 'Action completed, no processing required'),
(201, 6, 0, '2024-08-15 03:08:55', 0, 0, 0, 'Run mode: GLPI'),
(202, 6, 201, '2024-08-15 03:08:55', 2, 0.0194399, 0, 'Action completed, no processing required'),
(203, 12, 0, '2024-08-15 03:14:32', 0, 0, 0, 'Run mode: GLPI'),
(204, 12, 203, '2024-08-15 03:14:32', 1, 0.0140669, 12, 'Clean 12 session files created since more than 1440 seconds\n'),
(205, 12, 203, '2024-08-15 03:14:32', 2, 0.0209091, 12, 'Action completed, fully processed'),
(206, 18, 0, '2024-08-15 03:20:14', 0, 0, 0, 'Run mode: GLPI'),
(207, 18, 206, '2024-08-15 03:20:14', 2, 0.0347362, 0, 'Action completed, no processing required'),
(208, 19, 0, '2024-08-15 03:26:04', 0, 0, 0, 'Run mode: GLPI'),
(209, 19, 208, '2024-08-15 03:26:04', 2, 0.0966239, 0, 'Action completed, fully processed'),
(210, 17, 0, '2024-08-15 03:31:49', 0, 0, 0, 'Run mode: GLPI'),
(211, 17, 210, '2024-08-15 03:31:49', 2, 0.0166261, 0, 'Action completed, no processing required'),
(212, 23, 0, '2024-08-15 03:36:59', 0, 0, 0, 'Run mode: GLPI'),
(213, 23, 212, '2024-08-15 03:36:59', 2, 0.018136, 0, 'Action completed, no processing required'),
(214, 25, 0, '2024-08-15 03:42:02', 0, 0, 0, 'Run mode: GLPI'),
(215, 25, 214, '2024-08-15 03:42:02', 2, 0.017369, 0, 'Action completed, no processing required'),
(216, 15, 0, '2024-08-15 03:51:25', 0, 0, 0, 'Run mode: GLPI'),
(217, 15, 216, '2024-08-15 03:51:25', 2, 0.030133, 0, 'Action completed, no processing required'),
(218, 31, 0, '2024-08-15 04:08:42', 0, 0, 0, 'Run mode: GLPI'),
(219, 31, 218, '2024-08-15 04:08:42', 2, 0.018193, 0, 'Action completed, no processing required'),
(220, 32, 0, '2024-08-15 04:16:57', 0, 0, 0, 'Run mode: GLPI'),
(221, 32, 220, '2024-08-15 04:16:57', 2, 0.0266519, 0, 'Action completed, no processing required'),
(222, 21, 0, '2024-08-15 04:22:49', 0, 0, 0, 'Run mode: GLPI'),
(223, 21, 222, '2024-08-15 04:22:49', 2, 0.0214069, 0, 'Action completed, no processing required'),
(224, 9, 0, '2024-08-15 19:11:13', 0, 0, 0, 'Run mode: GLPI'),
(225, 9, 224, '2024-08-15 19:11:13', 2, 0.0251632, 0, 'Action completed, no processing required'),
(226, 14, 0, '2024-08-16 17:12:51', 0, 0, 0, 'Run mode: GLPI'),
(227, 14, 226, '2024-08-16 17:12:51', 2, 0.026978, 0, 'Action completed, no processing required'),
(228, 20, 0, '2024-08-18 07:12:30', 0, 0, 0, 'Run mode: GLPI'),
(229, 20, 228, '2024-08-18 07:12:30', 2, 0.019542, 0, 'Action completed, no processing required'),
(230, 17, 0, '2024-08-19 01:35:12', 0, 0, 0, 'Run mode: GLPI'),
(231, 17, 230, '2024-08-19 01:35:12', 2, 0.0175879, 0, 'Action completed, no processing required'),
(232, 24, 0, '2024-08-20 19:35:00', 0, 0, 0, 'Run mode: GLPI'),
(233, 24, 232, '2024-08-20 19:35:00', 2, 0.022249, 0, 'Action completed, no processing required'),
(234, 13, 0, '2024-08-20 19:35:08', 0, 0, 0, 'Run mode: GLPI'),
(235, 13, 234, '2024-08-20 19:35:08', 2, 0.0244968, 0, 'Action completed, no processing required'),
(236, 32, 0, '2024-08-20 19:35:17', 0, 0, 0, 'Run mode: GLPI'),
(237, 32, 236, '2024-08-20 19:35:17', 2, 0.0201731, 0, 'Action completed, no processing required'),
(238, 21, 0, '2024-08-20 20:49:27', 0, 0, 0, 'Run mode: GLPI'),
(239, 21, 238, '2024-08-20 20:49:27', 2, 0.0233529, 0, 'Action completed, no processing required'),
(240, 16, 0, '2024-08-20 20:50:30', 0, 0, 0, 'Run mode: GLPI'),
(241, 16, 240, '2024-08-20 20:50:30', 2, 0.015167, 0, 'Action completed, no processing required'),
(242, 15, 0, '2024-08-20 21:04:55', 0, 0, 0, 'Run mode: GLPI'),
(243, 15, 242, '2024-08-20 21:04:55', 2, 0.0248909, 0, 'Action completed, no processing required'),
(244, 9, 0, '2024-08-20 21:10:38', 0, 0, 0, 'Run mode: GLPI'),
(245, 9, 244, '2024-08-20 21:10:38', 2, 0.0172951, 0, 'Action completed, no processing required'),
(246, 5, 0, '2024-08-20 21:15:48', 0, 0, 0, 'Run mode: GLPI'),
(247, 5, 246, '2024-08-20 21:15:48', 2, 0.0184412, 0, 'Action completed, no processing required'),
(248, 6, 0, '2024-08-20 21:19:45', 0, 0, 0, 'Run mode: GLPI'),
(249, 6, 248, '2024-08-20 21:19:45', 2, 0.0430281, 0, 'Action completed, no processing required'),
(250, 12, 0, '2024-08-20 21:24:37', 0, 0, 0, 'Run mode: GLPI'),
(251, 12, 250, '2024-08-20 21:24:37', 1, 0.0141649, 15, 'Clean 15 session files created since more than 1440 seconds\n'),
(252, 12, 250, '2024-08-20 21:24:37', 2, 0.0220239, 15, 'Action completed, fully processed'),
(253, 18, 0, '2024-08-20 21:30:36', 0, 0, 0, 'Run mode: GLPI'),
(254, 18, 253, '2024-08-20 21:30:36', 2, 0.0432332, 0, 'Action completed, no processing required'),
(255, 19, 0, '2024-08-20 21:40:59', 0, 0, 0, 'Run mode: GLPI'),
(256, 19, 255, '2024-08-20 21:40:59', 2, 0.0942349, 0, 'Action completed, fully processed'),
(257, 23, 0, '2024-08-20 21:47:07', 0, 0, 0, 'Run mode: GLPI'),
(258, 23, 257, '2024-08-20 21:47:07', 2, 0.022851, 0, 'Action completed, no processing required'),
(259, 25, 0, '2024-08-21 00:31:03', 0, 0, 0, 'Run mode: GLPI'),
(260, 25, 259, '2024-08-21 00:31:03', 2, 0.01808, 0, 'Action completed, no processing required'),
(261, 31, 0, '2024-08-21 01:22:12', 0, 0, 0, 'Run mode: GLPI'),
(262, 31, 261, '2024-08-21 01:22:12', 2, 0.0205011, 0, 'Action completed, no processing required'),
(263, 14, 0, '2024-08-21 01:22:13', 0, 0, 0, 'Run mode: GLPI'),
(264, 14, 263, '2024-08-21 01:22:13', 2, 0.0178061, 0, 'Action completed, no processing required'),
(265, 20, 0, '2024-08-21 01:22:59', 0, 0, 0, 'Run mode: GLPI'),
(266, 20, 265, '2024-08-21 01:22:59', 2, 0.0257092, 0, 'Action completed, no processing required'),
(267, 17, 0, '2024-08-21 01:24:01', 0, 0, 0, 'Run mode: GLPI'),
(268, 17, 267, '2024-08-21 01:24:01', 2, 0.016228, 0, 'Action completed, no processing required'),
(269, 32, 0, '2024-08-21 01:59:19', 0, 0, 0, 'Run mode: GLPI'),
(270, 32, 269, '2024-08-21 01:59:19', 2, 0.0183351, 0, 'Action completed, no processing required'),
(271, 13, 0, '2024-08-21 09:44:46', 0, 0, 0, 'Run mode: GLPI'),
(272, 13, 271, '2024-08-21 09:44:46', 2, 0.0159109, 0, 'Action completed, no processing required'),
(273, 24, 0, '2024-08-21 09:50:09', 0, 0, 0, 'Run mode: GLPI'),
(274, 24, 273, '2024-08-21 09:50:09', 2, 0.0157599, 0, 'Action completed, no processing required'),
(275, 21, 0, '2024-08-21 09:55:53', 0, 0, 0, 'Run mode: GLPI'),
(276, 21, 275, '2024-08-21 09:55:53', 2, 0.121852, 2, 'Action completed, fully processed'),
(277, 9, 0, '2024-08-21 10:01:57', 0, 0, 0, 'Run mode: GLPI'),
(278, 9, 277, '2024-08-21 10:01:57', 2, 0.037878, 0, 'Action completed, no processing required'),
(279, 17, 0, '2024-08-21 10:07:08', 0, 0, 0, 'Run mode: GLPI'),
(280, 17, 279, '2024-08-21 10:07:08', 2, 0.0439091, 0, 'Action completed, no processing required'),
(281, 32, 0, '2024-08-21 10:12:50', 0, 0, 0, 'Run mode: GLPI'),
(282, 32, 281, '2024-08-21 10:12:50', 2, 0.0214219, 0, 'Action completed, no processing required'),
(283, 14, 0, '2024-08-21 10:28:43', 0, 0, 0, 'Run mode: GLPI'),
(284, 14, 283, '2024-08-21 10:28:43', 2, 0.0184779, 0, 'Action completed, no processing required'),
(285, 20, 0, '2024-08-21 10:44:14', 0, 0, 0, 'Run mode: GLPI'),
(286, 20, 285, '2024-08-21 10:44:14', 2, 0.0189619, 0, 'Action completed, no processing required'),
(287, 16, 0, '2024-08-21 17:54:16', 0, 0, 0, 'Run mode: GLPI'),
(288, 16, 287, '2024-08-21 17:54:16', 2, 0.0169001, 0, 'Action completed, no processing required'),
(289, 15, 0, '2024-08-21 18:18:44', 0, 0, 0, 'Run mode: GLPI'),
(290, 15, 289, '2024-08-21 18:18:44', 2, 0.019824, 0, 'Action completed, no processing required'),
(291, 21, 0, '2024-08-21 19:12:51', 0, 0, 0, 'Run mode: GLPI'),
(292, 21, 291, '2024-08-21 19:12:51', 2, 0.019922, 0, 'Action completed, no processing required'),
(293, 9, 0, '2024-08-21 21:49:25', 0, 0, 0, 'Run mode: GLPI'),
(294, 9, 293, '2024-08-21 21:49:25', 2, 0.018621, 0, 'Action completed, no processing required'),
(295, 17, 0, '2024-08-21 21:54:35', 0, 0, 0, 'Run mode: GLPI'),
(296, 17, 295, '2024-08-21 21:54:35', 2, 0.0193291, 0, 'Action completed, no processing required'),
(297, 32, 0, '2024-08-21 22:43:16', 0, 0, 0, 'Run mode: GLPI'),
(298, 32, 297, '2024-08-21 22:43:16', 2, 0.0182459, 0, 'Action completed, no processing required'),
(299, 13, 0, '2024-08-21 22:51:00', 0, 0, 0, 'Run mode: GLPI'),
(300, 13, 299, '2024-08-21 22:51:00', 2, 0.0172091, 0, 'Action completed, no processing required'),
(301, 24, 0, '2024-08-21 23:05:53', 0, 0, 0, 'Run mode: GLPI'),
(302, 24, 301, '2024-08-21 23:05:53', 2, 0.0273869, 0, 'Action completed, no processing required'),
(303, 14, 0, '2024-08-21 23:12:16', 0, 0, 0, 'Run mode: GLPI'),
(304, 14, 303, '2024-08-21 23:12:16', 2, 0.0168831, 0, 'Action completed, no processing required'),
(305, 20, 0, '2024-08-21 23:20:18', 0, 0, 0, 'Run mode: GLPI'),
(306, 20, 305, '2024-08-21 23:20:18', 2, 0.0378139, 0, 'Action completed, no processing required'),
(307, 21, 0, '2024-08-21 23:27:30', 0, 0, 0, 'Run mode: GLPI'),
(308, 21, 307, '2024-08-21 23:27:30', 2, 0.024473, 0, 'Action completed, no processing required'),
(309, 5, 0, '2024-08-21 23:37:18', 0, 0, 0, 'Run mode: GLPI'),
(310, 5, 309, '2024-08-21 23:37:18', 2, 0.0182891, 0, 'Action completed, no processing required'),
(311, 6, 0, '2024-08-21 23:52:18', 0, 0, 0, 'Run mode: GLPI'),
(312, 6, 311, '2024-08-21 23:52:18', 2, 0.017591, 0, 'Action completed, no processing required'),
(313, 12, 0, '2024-08-21 23:53:14', 0, 0, 0, 'Run mode: GLPI'),
(314, 12, 313, '2024-08-21 23:53:14', 1, 0.0188649, 5, 'Clean 5 session files created since more than 1440 seconds\n'),
(315, 12, 313, '2024-08-21 23:53:14', 2, 0.0248201, 5, 'Action completed, fully processed'),
(316, 18, 0, '2024-08-22 00:33:40', 0, 0, 0, 'Run mode: GLPI'),
(317, 18, 316, '2024-08-22 00:33:40', 2, 0.0669661, 0, 'Action completed, no processing required'),
(318, 19, 0, '2024-08-22 01:42:21', 0, 0, 0, 'Run mode: GLPI'),
(319, 19, 318, '2024-08-22 01:42:21', 2, 127.506, 0, 'Action completed, fully processed'),
(320, 23, 0, '2024-08-22 16:56:50', 0, 0, 0, 'Run mode: GLPI'),
(321, 23, 320, '2024-08-22 16:56:50', 2, 0.0205462, 0, 'Action completed, no processing required'),
(322, 9, 0, '2024-08-22 18:26:01', 0, 0, 0, 'Run mode: GLPI'),
(323, 9, 322, '2024-08-22 18:26:01', 2, 0.024909, 0, 'Action completed, no processing required'),
(324, 17, 0, '2024-08-22 18:26:10', 0, 0, 0, 'Run mode: GLPI'),
(325, 17, 324, '2024-08-22 18:26:10', 2, 0.0207291, 0, 'Action completed, no processing required'),
(326, 32, 0, '2024-08-22 18:45:02', 0, 0, 0, 'Run mode: GLPI'),
(327, 32, 326, '2024-08-22 18:45:02', 2, 0.0203869, 0, 'Action completed, no processing required'),
(328, 21, 0, '2024-08-22 20:09:18', 0, 0, 0, 'Run mode: GLPI'),
(329, 21, 328, '2024-08-22 20:09:18', 2, 0.0247002, 0, 'Action completed, no processing required'),
(330, 13, 0, '2024-08-22 20:10:00', 0, 0, 0, 'Run mode: GLPI'),
(331, 13, 330, '2024-08-22 20:10:00', 2, 0.0168371, 0, 'Action completed, no processing required'),
(332, 24, 0, '2024-08-22 20:15:23', 0, 0, 0, 'Run mode: GLPI'),
(333, 24, 332, '2024-08-22 20:15:23', 2, 0.0187562, 0, 'Action completed, no processing required'),
(334, 14, 0, '2024-08-22 20:26:08', 0, 0, 0, 'Run mode: GLPI'),
(335, 14, 334, '2024-08-22 20:26:08', 2, 0.0202558, 0, 'Action completed, no processing required'),
(336, 20, 0, '2024-08-22 20:33:42', 0, 0, 0, 'Run mode: GLPI'),
(337, 20, 336, '2024-08-22 20:33:42', 2, 0.0190899, 0, 'Action completed, no processing required'),
(338, 25, 0, '2024-08-22 20:38:45', 0, 0, 0, 'Run mode: GLPI'),
(339, 25, 338, '2024-08-22 20:38:45', 2, 0.0184109, 0, 'Action completed, no processing required'),
(340, 31, 0, '2024-08-22 20:55:54', 0, 0, 0, 'Run mode: GLPI'),
(341, 31, 340, '2024-08-22 20:55:54', 2, 0.0214639, 0, 'Action completed, no processing required'),
(342, 16, 0, '2024-08-22 21:18:08', 0, 0, 0, 'Run mode: GLPI'),
(343, 16, 342, '2024-08-22 21:18:08', 2, 0.023025, 0, 'Action completed, no processing required'),
(344, 15, 0, '2024-08-22 21:39:10', 0, 0, 0, 'Run mode: GLPI'),
(345, 15, 344, '2024-08-22 21:39:10', 2, 0.033191, 0, 'Action completed, no processing required'),
(346, 17, 0, '2024-08-22 22:01:59', 0, 0, 0, 'Run mode: GLPI'),
(347, 17, 346, '2024-08-22 22:01:59', 2, 0.0208449, 0, 'Action completed, no processing required'),
(348, 9, 0, '2024-08-22 22:02:10', 0, 0, 0, 'Run mode: GLPI'),
(349, 9, 348, '2024-08-22 22:02:10', 2, 0.018714, 0, 'Action completed, no processing required'),
(350, 32, 0, '2024-08-22 22:02:20', 0, 0, 0, 'Run mode: GLPI'),
(351, 32, 350, '2024-08-22 22:02:20', 2, 0.0235999, 0, 'Action completed, no processing required'),
(352, 21, 0, '2024-08-22 23:16:25', 0, 0, 0, 'Run mode: GLPI'),
(353, 21, 352, '2024-08-22 23:16:25', 2, 0.022222, 0, 'Action completed, no processing required'),
(354, 13, 0, '2024-08-22 23:24:48', 0, 0, 0, 'Run mode: GLPI'),
(355, 13, 354, '2024-08-22 23:24:48', 2, 0.0156541, 0, 'Action completed, no processing required'),
(356, 24, 0, '2024-08-22 23:37:26', 0, 0, 0, 'Run mode: GLPI'),
(357, 24, 356, '2024-08-22 23:37:26', 2, 0.0184839, 0, 'Action completed, no processing required'),
(358, 14, 0, '2024-08-22 23:38:43', 0, 0, 0, 'Run mode: GLPI'),
(359, 14, 358, '2024-08-22 23:38:43', 2, 0.0233178, 0, 'Action completed, no processing required'),
(360, 20, 0, '2024-08-22 23:44:39', 0, 0, 0, 'Run mode: GLPI'),
(361, 20, 360, '2024-08-22 23:44:39', 2, 0.023644, 0, 'Action completed, no processing required'),
(362, 17, 0, '2024-08-22 23:50:07', 0, 0, 0, 'Run mode: GLPI'),
(363, 17, 362, '2024-08-22 23:50:07', 2, 0.0193498, 0, 'Action completed, no processing required'),
(364, 32, 0, '2024-08-23 00:07:25', 0, 0, 0, 'Run mode: GLPI'),
(365, 32, 364, '2024-08-23 00:07:25', 2, 0.0191171, 0, 'Action completed, no processing required'),
(366, 9, 0, '2024-08-23 00:13:15', 0, 0, 0, 'Run mode: GLPI'),
(367, 9, 366, '2024-08-23 00:13:15', 2, 0.01932, 0, 'Action completed, no processing required'),
(368, 21, 0, '2024-08-23 00:18:33', 0, 0, 0, 'Run mode: GLPI'),
(369, 21, 368, '2024-08-23 00:18:33', 2, 0.0196359, 0, 'Action completed, no processing required'),
(370, 5, 0, '2024-08-23 18:47:03', 0, 0, 0, 'Run mode: GLPI'),
(371, 5, 370, '2024-08-23 18:47:03', 2, 0.0202219, 0, 'Action completed, no processing required'),
(372, 6, 0, '2024-08-23 23:51:08', 0, 0, 0, 'Run mode: GLPI'),
(373, 6, 372, '2024-08-23 23:51:08', 2, 0.017082, 0, 'Action completed, no processing required'),
(374, 12, 0, '2024-08-24 00:06:17', 0, 0, 0, 'Run mode: GLPI'),
(375, 12, 374, '2024-08-24 00:06:17', 1, 0.0146379, 21, 'Clean 21 session files created since more than 1440 seconds\n'),
(376, 12, 374, '2024-08-24 00:06:17', 2, 0.020129, 21, 'Action completed, fully processed'),
(377, 17, 0, '2024-08-24 01:33:39', 0, 0, 0, 'Run mode: GLPI'),
(378, 17, 377, '2024-08-24 01:33:39', 2, 0.02057, 0, 'Action completed, no processing required'),
(379, 32, 0, '2024-08-24 02:09:08', 0, 0, 0, 'Run mode: GLPI'),
(380, 32, 379, '2024-08-24 02:09:08', 2, 0.020854, 0, 'Action completed, no processing required'),
(381, 9, 0, '2024-08-25 21:22:59', 0, 0, 0, 'Run mode: GLPI'),
(382, 9, 381, '2024-08-25 21:22:59', 2, 0.0216489, 0, 'Action completed, no processing required'),
(383, 21, 0, '2024-08-25 22:00:37', 0, 0, 0, 'Run mode: GLPI'),
(384, 21, 383, '2024-08-25 22:00:37', 2, 0.027756, 0, 'Action completed, no processing required'),
(385, 13, 0, '2024-08-25 22:06:09', 0, 0, 0, 'Run mode: GLPI'),
(386, 13, 385, '2024-08-25 22:06:09', 2, 0.013618, 0, 'Action completed, no processing required'),
(387, 18, 0, '2024-08-25 22:25:46', 0, 0, 0, 'Run mode: GLPI'),
(388, 18, 387, '2024-08-25 22:25:46', 2, 0.04404, 0, 'Action completed, no processing required'),
(389, 24, 0, '2024-08-25 22:30:52', 0, 0, 0, 'Run mode: GLPI'),
(390, 24, 389, '2024-08-25 22:30:52', 1, 0.024642, 8, 'Clean 8 temporary files created since more than 3600 seconds\n'),
(391, 24, 389, '2024-08-25 22:30:52', 2, 0.0362389, 8, 'Action completed, fully processed'),
(392, 14, 0, '2024-08-26 18:06:20', 0, 0, 0, 'Run mode: GLPI'),
(393, 14, 392, '2024-08-26 18:06:20', 2, 0.0237138, 0, 'Action completed, no processing required'),
(394, 20, 0, '2024-08-26 19:37:31', 0, 0, 0, 'Run mode: GLPI'),
(395, 20, 394, '2024-08-26 19:37:31', 2, 0.020436, 0, 'Action completed, no processing required'),
(396, 19, 0, '2024-08-27 03:05:29', 0, 0, 0, 'Run mode: GLPI'),
(397, 19, 396, '2024-08-27 03:05:29', 2, 0.0945051, 0, 'Action completed, fully processed'),
(398, 16, 0, '2024-08-27 17:14:07', 0, 0, 0, 'Run mode: GLPI'),
(399, 16, 398, '2024-08-27 17:14:07', 2, 0.0239179, 0, 'Action completed, no processing required'),
(400, 15, 0, '2024-08-27 18:37:51', 0, 0, 0, 'Run mode: GLPI'),
(401, 15, 400, '2024-08-27 18:37:51', 2, 0.022985, 0, 'Action completed, no processing required'),
(402, 23, 0, '2024-08-27 18:43:54', 0, 0, 0, 'Run mode: GLPI'),
(403, 23, 402, '2024-08-27 18:43:54', 2, 0.019707, 0, 'Action completed, no processing required'),
(404, 25, 0, '2024-08-27 18:50:07', 0, 0, 0, 'Run mode: GLPI'),
(405, 25, 404, '2024-08-27 18:50:07', 2, 0.0179551, 0, 'Action completed, no processing required'),
(406, 31, 0, '2024-08-27 18:55:35', 0, 0, 0, 'Run mode: GLPI'),
(407, 31, 406, '2024-08-27 18:55:35', 2, 0.018203, 0, 'Action completed, no processing required'),
(408, 17, 0, '2024-08-28 01:07:36', 0, 0, 0, 'Run mode: GLPI'),
(409, 17, 408, '2024-08-28 01:07:36', 2, 0.0202641, 0, 'Action completed, no processing required'),
(410, 32, 0, '2024-08-28 01:20:43', 0, 0, 0, 'Run mode: GLPI'),
(411, 32, 410, '2024-08-28 01:20:43', 2, 0.0224502, 0, 'Action completed, no processing required'),
(412, 5, 0, '2024-08-28 01:54:16', 0, 0, 0, 'Run mode: GLPI'),
(413, 5, 412, '2024-08-28 01:54:16', 2, 0.0198359, 0, 'Action completed, no processing required'),
(414, 6, 0, '2024-08-28 01:56:19', 0, 0, 0, 'Run mode: GLPI'),
(415, 6, 414, '2024-08-28 01:56:19', 2, 0.0164399, 0, 'Action completed, no processing required'),
(416, 12, 0, '2024-08-28 02:27:34', 0, 0, 0, 'Run mode: GLPI'),
(417, 12, 416, '2024-08-28 02:27:34', 1, 0.017802, 8, 'Clean 8 session files created since more than 1440 seconds\n'),
(418, 12, 416, '2024-08-28 02:27:34', 2, 0.024688, 8, 'Action completed, fully processed'),
(419, 9, 0, '2024-08-28 18:38:12', 0, 0, 0, 'Run mode: GLPI'),
(420, 9, 419, '2024-08-28 18:38:12', 2, 0.0227921, 0, 'Action completed, no processing required'),
(421, 21, 0, '2024-08-29 00:10:31', 0, 0, 0, 'Run mode: GLPI'),
(422, 21, 421, '2024-08-29 00:10:31', 2, 0.021966, 0, 'Action completed, no processing required'),
(423, 13, 0, '2024-08-29 03:00:26', 0, 0, 0, 'Run mode: GLPI'),
(424, 13, 423, '2024-08-29 03:00:26', 2, 0.021873, 0, 'Action completed, no processing required'),
(425, 24, 0, '2024-08-29 03:43:26', 0, 0, 0, 'Run mode: GLPI'),
(426, 24, 425, '2024-08-29 03:43:26', 1, 0.0186479, 8, 'Clean 8 temporary files created since more than 3600 seconds\n'),
(427, 24, 425, '2024-08-29 03:43:26', 2, 0.0238459, 8, 'Action completed, fully processed'),
(428, 14, 0, '2024-08-29 18:55:48', 0, 0, 0, 'Run mode: GLPI'),
(429, 14, 428, '2024-08-29 18:55:48', 2, 0.0196168, 0, 'Action completed, no processing required'),
(430, 20, 0, '2024-08-29 19:09:10', 0, 0, 0, 'Run mode: GLPI'),
(431, 20, 430, '2024-08-29 19:09:10', 2, 0.0230021, 0, 'Action completed, no processing required'),
(432, 18, 0, '2024-08-29 19:15:29', 0, 0, 0, 'Run mode: GLPI'),
(433, 18, 432, '2024-08-29 19:15:29', 2, 0.0482888, 0, 'Action completed, no processing required'),
(434, 17, 0, '2024-08-30 01:36:37', 0, 0, 0, 'Run mode: GLPI'),
(435, 17, 434, '2024-08-30 01:36:37', 2, 0.019243, 0, 'Action completed, no processing required'),
(436, 32, 0, '2024-08-30 18:55:57', 0, 0, 0, 'Run mode: GLPI'),
(437, 32, 436, '2024-08-30 18:55:57', 2, 0.0217559, 0, 'Action completed, no processing required'),
(438, 19, 0, '2024-08-30 23:54:49', 0, 0, 0, 'Run mode: GLPI'),
(439, 19, 438, '2024-08-30 23:54:49', 2, 127.481, 0, 'Action completed, fully processed'),
(440, 16, 0, '2024-08-31 00:02:50', 0, 0, 0, 'Run mode: GLPI'),
(441, 16, 440, '2024-08-31 00:02:50', 2, 0.026746, 0, 'Action completed, no processing required'),
(442, 15, 0, '2024-08-31 19:53:57', 0, 0, 0, 'Run mode: GLPI'),
(443, 15, 442, '2024-08-31 19:53:57', 2, 0.0236142, 0, 'Action completed, no processing required'),
(444, 23, 0, '2024-08-31 20:10:34', 0, 0, 0, 'Run mode: GLPI'),
(445, 23, 444, '2024-08-31 20:10:34', 2, 0.0206568, 0, 'Action completed, no processing required'),
(446, 9, 0, '2024-08-31 22:28:58', 0, 0, 0, 'Run mode: GLPI'),
(447, 9, 446, '2024-08-31 22:28:58', 2, 0.0214591, 0, 'Action completed, no processing required'),
(448, 25, 0, '2024-09-02 08:03:06', 0, 0, 0, 'Run mode: GLPI'),
(449, 25, 448, '2024-09-02 08:03:06', 2, 0.027698, 0, 'Action completed, no processing required'),
(450, 31, 0, '2024-09-02 20:50:58', 0, 0, 0, 'Run mode: GLPI'),
(451, 31, 450, '2024-09-02 20:50:58', 2, 0.0194771, 0, 'Action completed, no processing required'),
(452, 21, 0, '2024-09-02 20:59:23', 0, 0, 0, 'Run mode: GLPI'),
(453, 21, 452, '2024-09-02 20:59:23', 2, 0.027319, 0, 'Action completed, no processing required'),
(454, 5, 0, '2024-09-02 21:05:48', 0, 0, 0, 'Run mode: GLPI'),
(455, 5, 454, '2024-09-02 21:05:48', 2, 0.021498, 0, 'Action completed, no processing required'),
(456, 6, 0, '2024-09-02 21:17:50', 0, 0, 0, 'Run mode: GLPI'),
(457, 6, 456, '2024-09-02 21:17:50', 2, 0.016736, 0, 'Action completed, no processing required'),
(458, 12, 0, '2024-09-03 00:43:37', 0, 0, 0, 'Run mode: GLPI'),
(459, 12, 458, '2024-09-03 00:43:37', 1, 0.030128, 5, 'Clean 5 session files created since more than 1440 seconds\n'),
(460, 12, 458, '2024-09-03 00:43:37', 2, 0.0358949, 5, 'Action completed, fully processed'),
(461, 13, 0, '2024-09-03 01:03:20', 0, 0, 0, 'Run mode: GLPI'),
(462, 13, 461, '2024-09-03 01:03:20', 2, 0.0188842, 0, 'Action completed, no processing required'),
(463, 24, 0, '2024-09-03 01:08:43', 0, 0, 0, 'Run mode: GLPI'),
(464, 24, 463, '2024-09-03 01:08:43', 1, 0.0205019, 4, 'Clean 4 temporary files created since more than 3600 seconds\n'),
(465, 24, 463, '2024-09-03 01:08:43', 2, 0.026623, 4, 'Action completed, fully processed'),
(466, 14, 0, '2024-09-03 01:13:50', 0, 0, 0, 'Run mode: GLPI'),
(467, 14, 466, '2024-09-03 01:13:50', 2, 0.0200539, 0, 'Action completed, no processing required'),
(468, 20, 0, '2024-09-03 01:21:32', 0, 0, 0, 'Run mode: GLPI'),
(469, 20, 468, '2024-09-03 01:21:32', 2, 0.0230899, 0, 'Action completed, no processing required'),
(470, 17, 0, '2024-09-03 01:29:37', 0, 0, 0, 'Run mode: GLPI'),
(471, 17, 470, '2024-09-03 01:29:37', 2, 0.0192358, 0, 'Action completed, no processing required'),
(472, 32, 0, '2024-09-03 01:35:09', 0, 0, 0, 'Run mode: GLPI'),
(473, 32, 472, '2024-09-03 01:35:09', 2, 0.0194249, 0, 'Action completed, no processing required'),
(474, 18, 0, '2024-09-03 05:28:32', 0, 0, 0, 'Run mode: GLPI'),
(475, 18, 474, '2024-09-03 05:28:32', 2, 0.043571, 0, 'Action completed, no processing required'),
(476, 16, 0, '2024-09-03 05:32:44', 0, 0, 0, 'Run mode: GLPI'),
(477, 16, 476, '2024-09-03 05:32:44', 2, 0.0184159, 0, 'Action completed, no processing required'),
(478, 9, 0, '2024-09-03 05:33:01', 0, 0, 0, 'Run mode: GLPI'),
(479, 9, 478, '2024-09-03 05:33:01', 2, 0.0268998, 0, 'Action completed, no processing required'),
(480, 19, 0, '2024-09-03 05:33:17', 0, 0, 0, 'Run mode: GLPI'),
(481, 19, 480, '2024-09-03 05:33:17', 2, 0.0918028, 0, 'Action completed, fully processed'),
(482, 15, 0, '2024-09-03 20:46:28', 0, 0, 0, 'Run mode: GLPI'),
(483, 15, 482, '2024-09-03 20:46:28', 2, 0.030549, 0, 'Action completed, no processing required'),
(484, 23, 0, '2024-09-03 23:56:47', 0, 0, 0, 'Run mode: GLPI'),
(485, 23, 484, '2024-09-03 23:56:47', 2, 0.0212901, 0, 'Action completed, no processing required'),
(486, 21, 0, '2024-09-04 01:30:07', 0, 0, 0, 'Run mode: GLPI'),
(487, 21, 486, '2024-09-04 01:30:07', 2, 0.0289471, 0, 'Action completed, no processing required'),
(488, 17, 0, '2024-09-04 01:36:04', 0, 0, 0, 'Run mode: GLPI'),
(489, 17, 488, '2024-09-04 01:36:04', 2, 0.0197749, 0, 'Action completed, no processing required'),
(490, 32, 0, '2024-09-04 04:27:14', 0, 0, 0, 'Run mode: GLPI'),
(491, 32, 490, '2024-09-04 04:27:14', 2, 0.022052, 0, 'Action completed, no processing required'),
(492, 13, 0, '2024-09-04 04:54:08', 0, 0, 0, 'Run mode: GLPI'),
(493, 13, 492, '2024-09-04 04:54:08', 2, 0.018836, 0, 'Action completed, no processing required'),
(494, 24, 0, '2024-09-04 04:55:03', 0, 0, 0, 'Run mode: GLPI'),
(495, 24, 494, '2024-09-04 04:55:03', 2, 0.0195971, 0, 'Action completed, no processing required'),
(496, 14, 0, '2024-09-04 05:01:46', 0, 0, 0, 'Run mode: GLPI'),
(497, 14, 496, '2024-09-04 05:01:46', 2, 0.0213442, 0, 'Action completed, no processing required'),
(498, 20, 0, '2024-09-04 05:09:09', 0, 0, 0, 'Run mode: GLPI'),
(499, 20, 498, '2024-09-04 05:09:09', 2, 0.0235291, 0, 'Action completed, no processing required'),
(500, 9, 0, '2024-09-04 05:16:16', 0, 0, 0, 'Run mode: GLPI'),
(501, 9, 500, '2024-09-04 05:16:16', 2, 0.0184171, 0, 'Action completed, no processing required'),
(502, 25, 0, '2024-09-04 05:24:04', 0, 0, 0, 'Run mode: GLPI'),
(503, 25, 502, '2024-09-04 05:24:04', 2, 0.020884, 0, 'Action completed, no processing required'),
(504, 16, 0, '2024-09-04 08:15:38', 0, 0, 0, 'Run mode: GLPI'),
(505, 16, 504, '2024-09-04 08:15:38', 2, 0.0192459, 0, 'Action completed, no processing required'),
(506, 31, 0, '2024-09-04 08:20:39', 0, 0, 0, 'Run mode: GLPI'),
(507, 31, 506, '2024-09-04 08:20:39', 2, 0.0186961, 0, 'Action completed, no processing required'),
(508, 5, 0, '2024-09-04 08:30:20', 0, 0, 0, 'Run mode: GLPI'),
(509, 5, 508, '2024-09-04 08:30:20', 2, 0.0237291, 0, 'Action completed, no processing required'),
(510, 6, 0, '2024-09-04 09:46:42', 0, 0, 0, 'Run mode: GLPI'),
(511, 6, 510, '2024-09-04 09:46:42', 2, 0.0159051, 0, 'Action completed, no processing required'),
(512, 12, 0, '2024-09-04 09:54:28', 0, 0, 0, 'Run mode: GLPI'),
(513, 12, 512, '2024-09-04 09:54:28', 1, 0.0169671, 8, 'Clean 8 session files created since more than 1440 seconds\n'),
(514, 12, 512, '2024-09-04 09:54:28', 2, 0.0224681, 8, 'Action completed, fully processed'),
(515, 21, 0, '2024-09-04 09:59:33', 0, 0, 0, 'Run mode: GLPI'),
(516, 21, 515, '2024-09-04 09:59:33', 2, 0.0188839, 0, 'Action completed, no processing required'),
(517, 17, 0, '2024-09-04 10:04:51', 0, 0, 0, 'Run mode: GLPI'),
(518, 17, 517, '2024-09-04 10:04:51', 2, 0.029608, 0, 'Action completed, no processing required'),
(519, 32, 0, '2024-09-04 10:10:37', 0, 0, 0, 'Run mode: GLPI'),
(520, 32, 519, '2024-09-04 10:10:37', 2, 0.0197279, 0, 'Action completed, no processing required'),
(521, 9, 0, '2024-09-04 21:54:20', 0, 0, 0, 'Run mode: GLPI'),
(522, 9, 521, '2024-09-04 21:54:20', 2, 0.0282631, 0, 'Action completed, no processing required'),
(523, 18, 0, '2024-09-04 22:01:32', 0, 0, 0, 'Run mode: GLPI'),
(524, 18, 523, '2024-09-04 22:01:32', 2, 0.043622, 0, 'Action completed, no processing required'),
(525, 19, 0, '2024-09-04 22:07:23', 0, 0, 0, 'Run mode: GLPI'),
(526, 19, 525, '2024-09-04 22:07:23', 2, 0.105269, 0, 'Action completed, fully processed'),
(527, 13, 0, '2024-09-04 22:13:34', 0, 0, 0, 'Run mode: GLPI'),
(528, 13, 527, '2024-09-04 22:13:34', 2, 0.0174291, 0, 'Action completed, no processing required'),
(529, 24, 0, '2024-09-04 22:39:02', 0, 0, 0, 'Run mode: GLPI'),
(530, 24, 529, '2024-09-04 22:39:02', 2, 0.0614409, 0, 'Action completed, no processing required'),
(531, 14, 0, '2024-09-04 22:46:49', 0, 0, 0, 'Run mode: GLPI'),
(532, 14, 531, '2024-09-04 22:46:49', 2, 0.026262, 0, 'Action completed, no processing required'),
(533, 20, 0, '2024-09-04 22:52:41', 0, 0, 0, 'Run mode: GLPI'),
(534, 20, 533, '2024-09-04 22:52:41', 2, 0.0229461, 0, 'Action completed, no processing required'),
(535, 15, 0, '2024-09-04 22:58:13', 0, 0, 0, 'Run mode: GLPI'),
(536, 15, 535, '2024-09-04 22:58:13', 2, 0.0251939, 0, 'Action completed, no processing required'),
(537, 21, 0, '2024-09-04 23:05:24', 0, 0, 0, 'Run mode: GLPI'),
(538, 21, 537, '2024-09-04 23:05:24', 2, 0.023252, 0, 'Action completed, no processing required'),
(539, 17, 0, '2024-09-04 23:11:43', 0, 0, 0, 'Run mode: GLPI'),
(540, 17, 539, '2024-09-04 23:11:43', 2, 0.0194681, 0, 'Action completed, no processing required'),
(541, 32, 0, '2024-09-04 23:21:22', 0, 0, 0, 'Run mode: GLPI'),
(542, 32, 541, '2024-09-04 23:21:22', 2, 0.019213, 0, 'Action completed, no processing required'),
(543, 16, 0, '2024-09-04 23:28:24', 0, 0, 0, 'Run mode: GLPI'),
(544, 16, 543, '2024-09-04 23:28:24', 2, 0.0236671, 0, 'Action completed, no processing required'),
(545, 9, 0, '2024-09-04 23:33:45', 0, 0, 0, 'Run mode: GLPI'),
(546, 9, 545, '2024-09-04 23:33:45', 2, 0.0222552, 0, 'Action completed, no processing required'),
(547, 21, 0, '2024-09-04 23:40:48', 0, 0, 0, 'Run mode: GLPI'),
(548, 21, 547, '2024-09-04 23:40:48', 2, 0.026078, 0, 'Action completed, no processing required'),
(549, 13, 0, '2024-09-04 23:49:28', 0, 0, 0, 'Run mode: GLPI'),
(550, 13, 549, '2024-09-04 23:49:28', 2, 0.0219979, 0, 'Action completed, no processing required'),
(551, 17, 0, '2024-09-04 23:55:02', 0, 0, 0, 'Run mode: GLPI'),
(552, 17, 551, '2024-09-04 23:55:02', 2, 0.0318239, 0, 'Action completed, no processing required'),
(553, 32, 0, '2024-09-05 00:00:34', 0, 0, 0, 'Run mode: GLPI'),
(554, 32, 553, '2024-09-05 00:00:34', 2, 0.0230949, 0, 'Action completed, no processing required'),
(555, 24, 0, '2024-09-05 00:05:52', 0, 0, 0, 'Run mode: GLPI'),
(556, 24, 555, '2024-09-05 00:05:52', 2, 0.0182769, 0, 'Action completed, no processing required'),
(557, 9, 0, '2024-09-05 00:22:06', 0, 0, 0, 'Run mode: GLPI'),
(558, 9, 557, '2024-09-05 00:22:06', 2, 0.0198331, 0, 'Action completed, no processing required'),
(559, 21, 0, '2024-09-05 00:27:40', 0, 0, 0, 'Run mode: GLPI'),
(560, 21, 559, '2024-09-05 00:27:40', 2, 0.0221779, 0, 'Action completed, no processing required'),
(561, 14, 0, '2024-09-05 00:32:43', 0, 0, 0, 'Run mode: GLPI'),
(562, 14, 561, '2024-09-05 00:32:43', 2, 0.0174758, 0, 'Action completed, no processing required'),
(563, 20, 0, '2024-09-05 00:41:00', 0, 0, 0, 'Run mode: GLPI'),
(564, 20, 563, '2024-09-05 00:41:00', 2, 0.0208011, 0, 'Action completed, no processing required'),
(565, 23, 0, '2024-09-05 00:46:20', 0, 0, 0, 'Run mode: GLPI'),
(566, 23, 565, '2024-09-05 00:46:20', 2, 0.0226181, 0, 'Action completed, no processing required'),
(567, 17, 0, '2024-09-05 00:51:37', 0, 0, 0, 'Run mode: GLPI'),
(568, 17, 567, '2024-09-05 00:51:37', 2, 0.0192809, 0, 'Action completed, no processing required'),
(569, 32, 0, '2024-09-05 00:57:17', 0, 0, 0, 'Run mode: GLPI'),
(570, 32, 569, '2024-09-05 00:57:17', 2, 0.0175579, 0, 'Action completed, no processing required'),
(571, 9, 0, '2024-09-05 01:03:58', 0, 0, 0, 'Run mode: GLPI'),
(572, 9, 571, '2024-09-05 01:03:58', 2, 0.0196569, 0, 'Action completed, no processing required'),
(573, 21, 0, '2024-09-05 01:10:07', 0, 0, 0, 'Run mode: GLPI'),
(574, 21, 573, '2024-09-05 01:10:07', 2, 0.0290949, 0, 'Action completed, no processing required'),
(575, 13, 0, '2024-09-05 01:15:50', 0, 0, 0, 'Run mode: GLPI'),
(576, 13, 575, '2024-09-05 01:15:50', 2, 0.0187089, 0, 'Action completed, no processing required'),
(577, 17, 0, '2024-09-05 01:26:26', 0, 0, 0, 'Run mode: GLPI'),
(578, 17, 577, '2024-09-05 01:26:26', 2, 0.0256929, 0, 'Action completed, no processing required'),
(579, 32, 0, '2024-09-05 01:31:41', 0, 0, 0, 'Run mode: GLPI'),
(580, 32, 579, '2024-09-05 01:31:41', 2, 0.0199828, 0, 'Action completed, no processing required'),
(581, 24, 0, '2024-09-05 01:37:09', 0, 0, 0, 'Run mode: GLPI'),
(582, 24, 581, '2024-09-05 01:37:09', 2, 0.019058, 0, 'Action completed, no processing required'),
(583, 9, 0, '2024-09-05 01:45:06', 0, 0, 0, 'Run mode: GLPI'),
(584, 9, 583, '2024-09-05 01:45:06', 2, 0.0239611, 0, 'Action completed, no processing required'),
(585, 21, 0, '2024-09-05 01:50:38', 0, 0, 0, 'Run mode: GLPI'),
(586, 21, 585, '2024-09-05 01:50:38', 2, 0.0267868, 0, 'Action completed, no processing required'),
(587, 17, 0, '2024-09-05 01:55:56', 0, 0, 0, 'Run mode: GLPI'),
(588, 17, 587, '2024-09-05 01:55:56', 2, 0.0258632, 0, 'Action completed, no processing required'),
(589, 14, 0, '2024-09-05 02:01:49', 0, 0, 0, 'Run mode: GLPI'),
(590, 14, 589, '2024-09-05 02:01:49', 2, 0.019428, 0, 'Action completed, no processing required'),
(591, 32, 0, '2024-09-05 02:07:26', 0, 0, 0, 'Run mode: GLPI'),
(592, 32, 591, '2024-09-05 02:07:26', 2, 0.0217559, 0, 'Action completed, no processing required'),
(593, 20, 0, '2024-09-05 02:12:59', 0, 0, 0, 'Run mode: GLPI'),
(594, 20, 593, '2024-09-05 02:12:59', 2, 0.021996, 0, 'Action completed, no processing required'),
(595, 9, 0, '2024-09-05 02:38:05', 0, 0, 0, 'Run mode: GLPI'),
(596, 9, 595, '2024-09-05 02:38:05', 2, 0.0185051, 0, 'Action completed, no processing required'),
(597, 21, 0, '2024-09-05 02:54:59', 0, 0, 0, 'Run mode: GLPI'),
(598, 21, 597, '2024-09-05 02:54:59', 2, 0.0258322, 0, 'Action completed, no processing required'),
(599, 17, 0, '2024-09-05 03:00:03', 0, 0, 0, 'Run mode: GLPI'),
(600, 17, 599, '2024-09-05 03:00:03', 2, 0.048296, 0, 'Action completed, no processing required'),
(601, 32, 0, '2024-09-05 03:05:05', 0, 0, 0, 'Run mode: GLPI'),
(602, 32, 601, '2024-09-05 03:05:05', 2, 0.021703, 0, 'Action completed, no processing required'),
(603, 13, 0, '2024-09-05 03:13:07', 0, 0, 0, 'Run mode: GLPI'),
(604, 13, 603, '2024-09-05 03:13:07', 2, 0.017102, 0, 'Action completed, no processing required'),
(605, 24, 0, '2024-09-05 03:18:40', 0, 0, 0, 'Run mode: GLPI'),
(606, 24, 605, '2024-09-05 03:18:40', 2, 0.0216968, 0, 'Action completed, no processing required'),
(607, 9, 0, '2024-09-05 04:27:23', 0, 0, 0, 'Run mode: GLPI'),
(608, 9, 607, '2024-09-05 04:27:23', 2, 0.0415809, 0, 'Action completed, no processing required'),
(609, 21, 0, '2024-09-05 04:36:21', 0, 0, 0, 'Run mode: GLPI'),
(610, 21, 609, '2024-09-05 04:36:21', 2, 0.025475, 0, 'Action completed, no processing required'),
(611, 14, 0, '2024-09-05 04:50:23', 0, 0, 0, 'Run mode: GLPI'),
(612, 14, 611, '2024-09-05 04:50:23', 2, 0.0199859, 0, 'Action completed, no processing required'),
(613, 17, 0, '2024-09-05 04:56:01', 0, 0, 0, 'Run mode: GLPI'),
(614, 17, 613, '2024-09-05 04:56:01', 2, 0.0240991, 0, 'Action completed, no processing required'),
(615, 32, 0, '2024-09-05 05:01:09', 0, 0, 0, 'Run mode: GLPI'),
(616, 32, 615, '2024-09-05 05:01:09', 2, 0.0252771, 0, 'Action completed, no processing required'),
(617, 20, 0, '2024-09-05 05:10:10', 0, 0, 0, 'Run mode: GLPI'),
(618, 20, 617, '2024-09-05 05:10:10', 2, 0.0210969, 0, 'Action completed, no processing required'),
(619, 13, 0, '2024-09-05 05:18:14', 0, 0, 0, 'Run mode: GLPI'),
(620, 13, 619, '2024-09-05 05:18:14', 2, 0.0193169, 0, 'Action completed, no processing required'),
(621, 24, 0, '2024-09-05 05:23:14', 0, 0, 0, 'Run mode: GLPI'),
(622, 24, 621, '2024-09-05 05:23:14', 2, 0.0167019, 0, 'Action completed, no processing required'),
(623, 9, 0, '2024-09-05 05:28:42', 0, 0, 0, 'Run mode: GLPI'),
(624, 9, 623, '2024-09-05 05:28:42', 2, 0.0200012, 0, 'Action completed, no processing required');
INSERT INTO `glpi_crontasklogs` (`id`, `crontasks_id`, `crontasklogs_id`, `date`, `state`, `elapsed`, `volume`, `content`) VALUES
(625, 21, 0, '2024-09-05 05:34:01', 0, 0, 0, 'Run mode: GLPI'),
(626, 21, 625, '2024-09-05 05:34:01', 2, 0.0201261, 0, 'Action completed, no processing required'),
(627, 17, 0, '2024-09-05 05:39:52', 0, 0, 0, 'Run mode: GLPI'),
(628, 17, 627, '2024-09-05 05:39:52', 2, 0.017736, 0, 'Action completed, no processing required'),
(629, 32, 0, '2024-09-05 05:45:15', 0, 0, 0, 'Run mode: GLPI'),
(630, 32, 629, '2024-09-05 05:45:15', 2, 0.0194569, 0, 'Action completed, no processing required'),
(631, 25, 0, '2024-09-05 05:50:16', 0, 0, 0, 'Run mode: GLPI'),
(632, 25, 631, '2024-09-05 05:50:16', 2, 0.0183561, 0, 'Action completed, no processing required'),
(633, 9, 0, '2024-09-05 05:55:20', 0, 0, 0, 'Run mode: GLPI'),
(634, 9, 633, '2024-09-05 05:55:20', 2, 0.024364, 0, 'Action completed, no processing required'),
(635, 21, 0, '2024-09-05 06:07:51', 0, 0, 0, 'Run mode: GLPI'),
(636, 21, 635, '2024-09-05 06:07:51', 2, 0.0249619, 0, 'Action completed, no processing required'),
(637, 17, 0, '2024-09-05 06:28:07', 0, 0, 0, 'Run mode: GLPI'),
(638, 17, 637, '2024-09-05 06:28:07', 2, 0.021976, 0, 'Action completed, no processing required'),
(639, 14, 0, '2024-09-05 06:34:13', 0, 0, 0, 'Run mode: GLPI'),
(640, 14, 639, '2024-09-05 06:34:13', 2, 0.0249019, 0, 'Action completed, no processing required'),
(641, 32, 0, '2024-09-05 06:46:49', 0, 0, 0, 'Run mode: GLPI'),
(642, 32, 641, '2024-09-05 06:46:49', 2, 0.020617, 0, 'Action completed, no processing required'),
(643, 9, 0, '2024-09-05 07:03:34', 0, 0, 0, 'Run mode: GLPI'),
(644, 9, 643, '2024-09-05 07:03:34', 2, 0.021277, 0, 'Action completed, no processing required'),
(645, 20, 0, '2024-09-05 07:12:32', 0, 0, 0, 'Run mode: GLPI'),
(646, 20, 645, '2024-09-05 07:12:32', 2, 0.0238209, 0, 'Action completed, no processing required'),
(647, 21, 0, '2024-09-05 07:18:21', 0, 0, 0, 'Run mode: GLPI'),
(648, 21, 647, '2024-09-05 07:18:21', 2, 0.0207779, 0, 'Action completed, no processing required'),
(649, 13, 0, '2024-09-05 07:23:24', 0, 0, 0, 'Run mode: GLPI'),
(650, 13, 649, '2024-09-05 07:23:24', 2, 0.016691, 0, 'Action completed, no processing required'),
(651, 24, 0, '2024-09-05 07:28:30', 0, 0, 0, 'Run mode: GLPI'),
(652, 24, 651, '2024-09-05 07:28:30', 2, 0.0198851, 0, 'Action completed, no processing required'),
(653, 17, 0, '2024-09-05 07:33:45', 0, 0, 0, 'Run mode: GLPI'),
(654, 17, 653, '2024-09-05 07:33:45', 2, 0.0195131, 0, 'Action completed, no processing required'),
(655, 32, 0, '2024-09-05 07:39:25', 0, 0, 0, 'Run mode: GLPI'),
(656, 32, 655, '2024-09-05 07:39:25', 2, 0.0186429, 0, 'Action completed, no processing required'),
(657, 9, 0, '2024-09-05 07:44:34', 0, 0, 0, 'Run mode: GLPI'),
(658, 9, 657, '2024-09-05 07:44:34', 2, 0.020566, 0, 'Action completed, no processing required'),
(659, 21, 0, '2024-09-05 07:49:41', 0, 0, 0, 'Run mode: GLPI'),
(660, 21, 659, '2024-09-05 07:49:41', 2, 0.027379, 0, 'Action completed, no processing required'),
(661, 14, 0, '2024-09-05 07:54:55', 0, 0, 0, 'Run mode: GLPI'),
(662, 14, 661, '2024-09-05 07:54:55', 2, 0.0261419, 0, 'Action completed, no processing required'),
(663, 17, 0, '2024-09-05 07:59:56', 0, 0, 0, 'Run mode: GLPI'),
(664, 17, 663, '2024-09-05 07:59:56', 2, 0.0224249, 0, 'Action completed, no processing required'),
(665, 32, 0, '2024-09-05 08:05:13', 0, 0, 0, 'Run mode: GLPI'),
(666, 32, 665, '2024-09-05 08:05:13', 2, 0.0189528, 0, 'Action completed, no processing required'),
(667, 9, 0, '2024-09-05 08:10:13', 0, 0, 0, 'Run mode: GLPI'),
(668, 9, 667, '2024-09-05 08:10:13', 2, 0.0220709, 0, 'Action completed, no processing required'),
(669, 21, 0, '2024-09-05 08:16:03', 0, 0, 0, 'Run mode: GLPI'),
(670, 21, 669, '2024-09-05 08:16:03', 2, 0.0381711, 0, 'Action completed, no processing required'),
(671, 17, 0, '2024-09-05 08:23:03', 0, 0, 0, 'Run mode: GLPI'),
(672, 17, 671, '2024-09-05 08:23:03', 2, 0.0198059, 0, 'Action completed, no processing required'),
(673, 32, 0, '2024-09-05 08:28:14', 0, 0, 0, 'Run mode: GLPI'),
(674, 32, 673, '2024-09-05 08:28:14', 2, 0.0240769, 0, 'Action completed, no processing required'),
(675, 20, 0, '2024-09-05 08:34:30', 0, 0, 0, 'Run mode: GLPI'),
(676, 20, 675, '2024-09-05 08:34:30', 2, 0.0222962, 0, 'Action completed, no processing required'),
(677, 9, 0, '2024-09-05 08:39:34', 0, 0, 0, 'Run mode: GLPI'),
(678, 9, 677, '2024-09-05 08:39:34', 2, 0.020962, 0, 'Action completed, no processing required'),
(679, 31, 0, '2024-09-05 08:45:08', 0, 0, 0, 'Run mode: GLPI'),
(680, 31, 679, '2024-09-05 08:45:08', 2, 0.0202198, 0, 'Action completed, no processing required'),
(681, 21, 0, '2024-09-05 08:52:51', 0, 0, 0, 'Run mode: GLPI'),
(682, 21, 681, '2024-09-05 08:52:51', 2, 0.0280511, 0, 'Action completed, no processing required'),
(683, 13, 0, '2024-09-05 08:59:43', 0, 0, 0, 'Run mode: GLPI'),
(684, 13, 683, '2024-09-05 08:59:43', 2, 0.0229101, 0, 'Action completed, no processing required'),
(685, 17, 0, '2024-09-05 21:39:32', 0, 0, 0, 'Run mode: GLPI'),
(686, 17, 685, '2024-09-05 21:39:32', 2, 0.0206442, 0, 'Action completed, no processing required'),
(687, 24, 0, '2024-09-05 21:46:13', 0, 0, 0, 'Run mode: GLPI'),
(688, 24, 687, '2024-09-05 21:46:13', 2, 0.0196528, 0, 'Action completed, no processing required'),
(689, 5, 0, '2024-09-05 21:47:37', 0, 0, 0, 'Run mode: GLPI'),
(690, 5, 689, '2024-09-05 21:47:37', 2, 0.0166929, 0, 'Action completed, no processing required'),
(691, 32, 0, '2024-09-05 21:53:09', 0, 0, 0, 'Run mode: GLPI'),
(692, 32, 691, '2024-09-05 21:53:09', 2, 0.020921, 0, 'Action completed, no processing required'),
(693, 9, 0, '2024-09-05 21:58:11', 0, 0, 0, 'Run mode: GLPI'),
(694, 9, 693, '2024-09-05 21:58:11', 2, 0.0173512, 0, 'Action completed, no processing required'),
(695, 14, 0, '2024-09-05 22:03:22', 0, 0, 0, 'Run mode: GLPI'),
(696, 14, 695, '2024-09-05 22:03:22', 2, 0.0168619, 0, 'Action completed, no processing required'),
(697, 21, 0, '2024-09-05 22:07:23', 0, 0, 0, 'Run mode: GLPI'),
(698, 21, 697, '2024-09-05 22:07:23', 2, 0.0248561, 0, 'Action completed, no processing required'),
(699, 20, 0, '2024-09-05 23:56:41', 0, 0, 0, 'Run mode: GLPI'),
(700, 20, 699, '2024-09-05 23:56:41', 2, 0.020839, 0, 'Action completed, no processing required'),
(701, 6, 0, '2024-09-06 00:04:16', 0, 0, 0, 'Run mode: GLPI'),
(702, 6, 701, '2024-09-06 00:04:16', 2, 0.0161421, 0, 'Action completed, no processing required');

-- --------------------------------------------------------

--
-- Estructura de tabla para la tabla `glpi_crontasks`
--

CREATE TABLE `glpi_crontasks` (
  `id` int(10) UNSIGNED NOT NULL,
  `itemtype` varchar(100) COLLATE utf8mb4_unicode_ci NOT NULL,
  `name` varchar(150) COLLATE utf8mb4_unicode_ci NOT NULL COMMENT 'task name',
  `frequency` int(11) NOT NULL COMMENT 'second between launch',
  `param` int(11) DEFAULT NULL COMMENT 'task specify parameter',
  `state` int(11) NOT NULL DEFAULT '1' COMMENT '0:disabled, 1:waiting, 2:running',
  `mode` int(11) NOT NULL DEFAULT '1' COMMENT '1:internal, 2:external',
  `allowmode` int(11) NOT NULL DEFAULT '3' COMMENT '1:internal, 2:external, 3:both',
  `hourmin` int(11) NOT NULL DEFAULT '0',
  `hourmax` int(11) NOT NULL DEFAULT '24',
  `logs_lifetime` int(11) NOT NULL DEFAULT '30' COMMENT 'number of days',
  `lastrun` timestamp NULL DEFAULT NULL COMMENT 'last run date',
  `lastcode` int(11) DEFAULT NULL COMMENT 'last run return code',
  `comment` text COLLATE utf8mb4_unicode_ci,
  `date_mod` timestamp NULL DEFAULT NULL,
  `date_creation` timestamp NULL DEFAULT NULL
) ENGINE=InnoDB DEFAULT CHARSET=utf8mb4 COLLATE=utf8mb4_unicode_ci COMMENT='Task run by internal / external cron.' ROW_FORMAT=DYNAMIC;

--
-- Volcado de datos para la tabla `glpi_crontasks`
--

INSERT INTO `glpi_crontasks` (`id`, `itemtype`, `name`, `frequency`, `param`, `state`, `mode`, `allowmode`, `hourmin`, `hourmax`, `logs_lifetime`, `lastrun`, `lastcode`, `comment`, `date_mod`, `date_creation`) VALUES
(2, 'CartridgeItem', 'cartridge', 86400, 10, 0, 1, 3, 0, 24, 30, NULL, NULL, NULL, NULL, NULL),
(3, 'ConsumableItem', 'consumable', 86400, 10, 0, 1, 3, 0, 24, 30, NULL, NULL, NULL, NULL, NULL),
(4, 'SoftwareLicense', 'software', 86400, NULL, 0, 1, 3, 0, 24, 30, NULL, NULL, NULL, NULL, NULL),
(5, 'Contract', 'contract', 86400, NULL, 1, 1, 3, 0, 24, 30, '2024-09-05 16:47:00', NULL, NULL, NULL, NULL),
(6, 'Infocom', 'infocom', 86400, NULL, 1, 1, 3, 0, 24, 30, '2024-09-05 19:04:00', NULL, NULL, NULL, NULL),
(7, 'CronTask', 'logs', 86400, 30, 0, 1, 3, 0, 24, 30, NULL, NULL, NULL, NULL, NULL),
(9, 'MailCollector', 'mailgate', 600, 10, 1, 1, 3, 0, 24, 30, '2024-09-05 16:58:00', NULL, NULL, NULL, NULL),
(10, 'DBconnection', 'checkdbreplicate', 300, NULL, 0, 1, 3, 0, 24, 30, NULL, NULL, NULL, NULL, NULL),
(11, 'CronTask', 'checkupdate', 604800, NULL, 0, 1, 3, 0, 24, 30, NULL, NULL, NULL, NULL, NULL),
(12, 'CronTask', 'session', 86400, NULL, 1, 1, 3, 0, 24, 30, '2024-09-04 04:54:00', NULL, NULL, NULL, NULL),
(13, 'CronTask', 'graph', 3600, NULL, 1, 1, 3, 0, 24, 30, '2024-09-05 03:59:00', NULL, NULL, NULL, NULL),
(14, 'ReservationItem', 'reservation', 3600, NULL, 1, 1, 3, 0, 24, 30, '2024-09-05 17:03:00', NULL, NULL, NULL, NULL),
(15, 'Ticket', 'closeticket', 43200, NULL, 1, 1, 3, 0, 24, 30, '2024-09-04 17:58:00', NULL, NULL, NULL, NULL),
(16, 'Ticket', 'alertnotclosed', 43200, NULL, 1, 1, 3, 0, 24, 30, '2024-09-04 18:28:00', NULL, NULL, NULL, NULL),
(17, 'SlaLevel_Ticket', 'slaticket', 300, NULL, 1, 1, 3, 0, 24, 30, '2024-09-05 16:39:00', NULL, NULL, NULL, NULL),
(18, 'Ticket', 'createinquest', 86400, NULL, 1, 1, 3, 0, 24, 30, '2024-09-04 17:01:00', NULL, NULL, NULL, NULL),
(19, 'CronTask', 'watcher', 86400, NULL, 1, 1, 3, 0, 24, 30, '2024-09-04 17:07:00', NULL, NULL, NULL, NULL),
(20, 'CommonITILRecurrentCron', 'RecurrentItems', 3600, NULL, 1, 1, 3, 0, 24, 30, '2024-09-05 18:56:00', NULL, NULL, NULL, NULL),
(21, 'PlanningRecall', 'planningrecall', 300, NULL, 1, 1, 3, 0, 24, 30, '2024-09-05 17:07:00', NULL, NULL, NULL, NULL),
(22, 'QueuedNotification', 'queuednotification', 60, 50, 2, 1, 3, 0, 24, 30, '2024-08-10 02:58:00', NULL, NULL, NULL, NULL),
(23, 'QueuedNotification', 'queuednotificationclean', 86400, 30, 1, 1, 3, 0, 24, 30, '2024-09-04 19:46:00', NULL, NULL, NULL, NULL),
(24, 'CronTask', 'temp', 3600, NULL, 1, 1, 3, 0, 24, 30, '2024-09-05 16:46:00', NULL, NULL, NULL, NULL),
(25, 'MailCollector', 'mailgateerror', 86400, NULL, 1, 1, 3, 0, 24, 30, '2024-09-05 00:50:00', NULL, NULL, NULL, NULL),
(26, 'CronTask', 'circularlogs', 86400, 4, 0, 1, 3, 0, 24, 30, NULL, NULL, NULL, NULL, NULL),
(27, 'ObjectLock', 'unlockobject', 86400, 4, 0, 1, 3, 0, 24, 30, NULL, NULL, NULL, NULL, NULL),
(28, 'SavedSearch', 'countAll', 604800, NULL, 0, 1, 3, 0, 24, 30, NULL, NULL, NULL, NULL, NULL),
(29, 'SavedSearch_Alert', 'savedsearchesalerts', 86400, NULL, 0, 1, 3, 0, 24, 30, NULL, NULL, NULL, NULL, NULL),
(30, 'Telemetry', 'telemetry', 2592000, NULL, 0, 1, 3, 0, 24, 30, NULL, NULL, NULL, NULL, NULL),
(31, 'Certificate', 'certificate', 86400, NULL, 1, 1, 3, 0, 24, 30, '2024-09-05 03:45:00', NULL, NULL, NULL, NULL),
(32, 'OlaLevel_Ticket', 'olaticket', 300, NULL, 1, 1, 3, 0, 24, 30, '2024-09-05 16:53:00', NULL, NULL, NULL, NULL),
(33, 'PurgeLogs', 'PurgeLogs', 604800, 24, 1, 2, 3, 0, 24, 30, NULL, NULL, NULL, NULL, NULL),
(34, 'Ticket', 'purgeticket', 604800, NULL, 0, 2, 3, 0, 24, 30, NULL, NULL, NULL, NULL, NULL),
(35, 'Document', 'cleanorphans', 604800, NULL, 0, 2, 3, 0, 24, 30, NULL, NULL, NULL, NULL, NULL),
(36, 'User', 'passwordexpiration', 86400, 100, 0, 2, 3, 0, 24, 30, NULL, NULL, NULL, NULL, NULL),
(37, 'Glpi\\Marketplace\\Controller', 'checkAllUpdates', 86400, NULL, 1, 2, 3, 0, 24, 30, NULL, NULL, NULL, NULL, NULL),
(38, 'CleanSoftwareCron', 'cleansoftware', 2592000, 1000, 0, 2, 3, 0, 24, 300, NULL, NULL, NULL, NULL, NULL),
(39, 'Domain', 'DomainsAlert', 86400, NULL, 1, 2, 3, 0, 24, 30, NULL, NULL, NULL, NULL, NULL),
(40, 'Glpi\\Inventory\\Inventory', 'cleantemp', 86400, NULL, 0, 2, 3, 0, 24, 30, NULL, NULL, NULL, NULL, NULL),
(41, 'Glpi\\Inventory\\Inventory', 'cleanorphans', 604800, NULL, 1, 2, 3, 0, 24, 30, NULL, NULL, NULL, NULL, NULL),
(42, 'PendingReasonCron', 'pendingreason_autobump_autosolve', 1800, NULL, 1, 2, 3, 0, 24, 60, NULL, NULL, NULL, NULL, NULL),
(43, 'Agent', 'Cleanoldagents', 86400, NULL, 1, 2, 3, 0, 24, 30, NULL, NULL, NULL, NULL, NULL),
(44, 'PluginFusioninventoryTask', 'taskscheduler', 60, NULL, 1, 2, 3, 0, 24, 30, NULL, NULL, NULL, '2024-08-09 21:32:24', '2024-08-09 21:32:24'),
(45, 'PluginFusioninventoryTaskjobstate', 'cleantaskjob', 86400, NULL, 1, 2, 3, 0, 24, 30, NULL, NULL, NULL, '2024-08-09 21:32:24', '2024-08-09 21:32:24'),
(46, 'PluginFusioninventoryNetworkPortLog', 'cleannetworkportlogs', 86400, NULL, 1, 2, 3, 0, 24, 30, NULL, NULL, NULL, '2024-08-09 21:32:24', '2024-08-09 21:32:24'),
(47, 'PluginFusioninventoryAgent', 'cleanoldagents', 86400, NULL, 1, 2, 3, 0, 24, 30, NULL, NULL, 'Delete agents that have not contacted the server since \"xxx\" days.', '2024-08-09 21:32:24', '2024-08-09 21:32:24'),
(48, 'PluginFusioninventoryAgentWakeup', 'wakeupAgents', 120, NULL, 1, 2, 3, 0, 24, 30, NULL, NULL, 'Wake agents ups', '2024-08-09 21:32:24', '2024-08-09 21:32:24'),
(49, 'PluginFusioninventoryTask', 'cleanondemand', 86400, NULL, 1, 2, 3, 0, 24, 30, NULL, NULL, 'Clean on demand deployment tasks', '2024-08-09 21:32:24', '2024-08-09 21:32:24');

-- --------------------------------------------------------

--
-- Estructura de tabla para la tabla `glpi_dashboards_dashboards`
--

CREATE TABLE `glpi_dashboards_dashboards` (
  `id` int(10) UNSIGNED NOT NULL,
  `key` varchar(100) COLLATE utf8mb4_unicode_ci NOT NULL,
  `name` varchar(100) COLLATE utf8mb4_unicode_ci NOT NULL,
  `context` varchar(100) COLLATE utf8mb4_unicode_ci NOT NULL DEFAULT 'core',
  `users_id` int(10) UNSIGNED NOT NULL DEFAULT '0'
) ENGINE=InnoDB DEFAULT CHARSET=utf8mb4 COLLATE=utf8mb4_unicode_ci ROW_FORMAT=DYNAMIC;

--
-- Volcado de datos para la tabla `glpi_dashboards_dashboards`
--

INSERT INTO `glpi_dashboards_dashboards` (`id`, `key`, `name`, `context`, `users_id`) VALUES
(1, 'central', 'Central', 'core', 0),
(2, 'assets', 'Inventario', 'core', 0),
(3, 'assistance', 'Soporte', 'core', 0),
(4, 'mini_tickets', 'Mini resumen de casos', 'mini_core', 0);

-- --------------------------------------------------------

--
-- Estructura de tabla para la tabla `glpi_dashboards_filters`
--

CREATE TABLE `glpi_dashboards_filters` (
  `id` int(10) UNSIGNED NOT NULL,
  `dashboards_dashboards_id` int(10) UNSIGNED NOT NULL DEFAULT '0',
  `users_id` int(10) UNSIGNED NOT NULL DEFAULT '0',
  `filter` longtext COLLATE utf8mb4_unicode_ci
) ENGINE=InnoDB DEFAULT CHARSET=utf8mb4 COLLATE=utf8mb4_unicode_ci ROW_FORMAT=DYNAMIC;

-- --------------------------------------------------------

--
-- Estructura de tabla para la tabla `glpi_dashboards_items`
--

CREATE TABLE `glpi_dashboards_items` (
  `id` int(10) UNSIGNED NOT NULL,
  `dashboards_dashboards_id` int(10) UNSIGNED NOT NULL,
  `gridstack_id` varchar(255) COLLATE utf8mb4_unicode_ci NOT NULL,
  `card_id` varchar(255) COLLATE utf8mb4_unicode_ci NOT NULL,
  `x` int(11) DEFAULT NULL,
  `y` int(11) DEFAULT NULL,
  `width` int(11) DEFAULT NULL,
  `height` int(11) DEFAULT NULL,
  `card_options` text COLLATE utf8mb4_unicode_ci
) ENGINE=InnoDB DEFAULT CHARSET=utf8mb4 COLLATE=utf8mb4_unicode_ci ROW_FORMAT=DYNAMIC;

--
-- Volcado de datos para la tabla `glpi_dashboards_items`
--

INSERT INTO `glpi_dashboards_items` (`id`, `dashboards_dashboards_id`, `gridstack_id`, `card_id`, `x`, `y`, `width`, `height`, `card_options`) VALUES
(1, 1, 'bn_count_Computer_4a315743-151c-40cb-a20b-762250668dac', 'bn_count_Computer', 3, 0, 3, 2, '{\"color\":\"#e69393\",\"widgettype\":\"bigNumber\",\"use_gradient\":\"0\",\"limit\":\"7\"}'),
(2, 1, 'bn_count_Software_0690f524-e826-47a9-b50a-906451196b83', 'bn_count_Software', 0, 0, 3, 2, '{\"color\":\"#aaddac\",\"widgettype\":\"bigNumber\",\"use_gradient\":\"0\",\"limit\":\"7\"}'),
(3, 1, 'bn_count_Rack_c6502e0a-5991-46b4-a771-7f355137306b', 'bn_count_Rack', 6, 2, 3, 2, '{\"color\":\"#0e87a0\",\"widgettype\":\"bigNumber\",\"use_gradient\":\"0\",\"limit\":\"7\"}'),
(4, 1, 'bn_count_SoftwareLicense_e755fd06-283e-4479-ba35-2d548f8f8a90', 'bn_count_SoftwareLicense', 0, 2, 3, 2, '{\"color\":\"#27ab3c\",\"widgettype\":\"bigNumber\",\"use_gradient\":\"0\",\"limit\":\"7\"}'),
(5, 1, 'bn_count_Monitor_7059b94c-583c-4ba7-b100-d40461165318', 'bn_count_Monitor', 3, 2, 3, 2, '{\"color\":\"#b52d30\",\"widgettype\":\"bigNumber\",\"use_gradient\":\"0\",\"limit\":\"7\"}'),
(6, 1, 'bn_count_Ticket_a74c0903-3387-4a07-9111-b0938af8f1e7', 'bn_count_Ticket', 14, 7, 3, 2, '{\"color\":\"#ffdc64\",\"widgettype\":\"bigNumber\",\"use_gradient\":\"0\",\"limit\":\"7\"}'),
(7, 1, 'bn_count_Problem_c1cf5cfb-f626-472e-82a1-49c3e200e746', 'bn_count_Problem', 20, 7, 3, 2, '{\"color\":\"#f08d7b\",\"widgettype\":\"bigNumber\",\"use_gradient\":\"0\",\"limit\":\"7\"}'),
(8, 1, 'count_Computer_Manufacturer_6129c451-42b5-489d-b693-c362adf32d49', 'count_Computer_Manufacturer', 0, 4, 5, 4, '{\"color\":\"#f8faf9\",\"widgettype\":\"donut\",\"use_gradient\":\"1\",\"limit\":\"5\"}'),
(9, 1, 'top_ticket_user_requester_c74f52a8-046a-4077-b1a6-c9f840d34b82', 'top_ticket_user_requester', 14, 9, 6, 5, '{\"color\":\"#f9fafb\",\"widgettype\":\"hbar\",\"use_gradient\":\"1\",\"limit\":\"5\"}'),
(10, 1, 'bn_count_tickets_late_04c47208-d7e5-4aca-9566-d46e68c45c67', 'bn_count_tickets_late', 17, 7, 3, 2, '{\"color\":\"#f8911f\",\"widgettype\":\"bigNumber\",\"use_gradient\":\"0\",\"limit\":\"7\"}'),
(11, 1, 'ticket_status_2e4e968b-d4e6-4e33-9ce9-a1aaff53dfde', 'ticket_status', 14, 0, 12, 7, '{\"color\":\"#fafafa\",\"widgettype\":\"stackedbars\",\"use_gradient\":\"0\",\"limit\":\"12\"}'),
(12, 1, 'top_ticket_ITILCategory_37736ba9-d429-4cb3-9058-ef4d111d9269', 'top_ticket_ITILCategory', 20, 9, 6, 5, '{\"color\":\"#fbf9f9\",\"widgettype\":\"hbar\",\"use_gradient\":\"1\",\"limit\":\"5\"}'),
(13, 1, 'bn_count_Printer_517684b0-b064-49dd-943e-fcb6f915e453', 'bn_count_Printer', 9, 2, 3, 2, '{\"color\":\"#365a8f\",\"widgettype\":\"bigNumber\",\"use_gradient\":\"0\",\"limit\":\"7\"}'),
(14, 1, 'bn_count_Phone_f70c489f-02c1-46e5-978b-94a95b5038ee', 'bn_count_Phone', 9, 0, 3, 2, '{\"color\":\"#d5e1ec\",\"widgettype\":\"bigNumber\",\"use_gradient\":\"0\",\"limit\":\"7\"}'),
(15, 1, 'bn_count_Change_ab950dbd-cd25-466d-8dff-7dcaca386564', 'bn_count_Change', 23, 7, 3, 2, '{\"color\":\"#cae3c4\",\"widgettype\":\"bigNumber\",\"use_gradient\":\"0\",\"limit\":\"7\"}'),
(16, 1, 'bn_count_Group_b84a93f2-a26c-49d7-82a4-5446697cc5b0', 'bn_count_Group', 4, 8, 4, 2, '{\"color\":\"#e0e0e0\",\"widgettype\":\"bigNumber\",\"use_gradient\":\"0\",\"limit\":\"7\"}'),
(17, 1, 'bn_count_Profile_770b35e8-68e9-4b4f-9e09-5a11058f069f', 'bn_count_Profile', 4, 10, 4, 2, '{\"color\":\"#e0e0e0\",\"widgettype\":\"bigNumber\",\"use_gradient\":\"0\",\"limit\":\"7\"}'),
(18, 1, 'bn_count_Supplier_36ff9011-e4cf-4d89-b9ab-346b9857d734', 'bn_count_Supplier', 8, 8, 3, 2, '{\"color\":\"#c9c9c9\",\"widgettype\":\"bigNumber\",\"use_gradient\":\"0\",\"limit\":\"7\"}'),
(19, 1, 'bn_count_KnowbaseItem_a3785a56-bed4-4a30-8387-f251f5365b3b', 'bn_count_KnowbaseItem', 8, 10, 3, 2, '{\"color\":\"#c9c9c9\",\"widgettype\":\"bigNumber\",\"use_gradient\":\"0\",\"limit\":\"7\"}'),
(20, 1, 'bn_count_Entity_9b82951a-ba52-45cc-a2d3-1d238ec37adf', 'bn_count_Entity', 0, 10, 4, 2, '{\"color\":\"#f9f9f9\",\"widgettype\":\"bigNumber\",\"use_gradient\":\"0\",\"limit\":\"7\"}'),
(21, 1, 'bn_count_Document_7dc7f4b8-61ff-4147-b994-5541bddd7b66', 'bn_count_Document', 11, 8, 3, 2, '{\"color\":\"#b4b4b4\",\"widgettype\":\"bigNumber\",\"use_gradient\":\"0\",\"limit\":\"7\"}'),
(22, 1, 'bn_count_Project_4d412ee2-8b79-469b-995f-4c0a05ab849d', 'bn_count_Project', 11, 10, 3, 2, '{\"color\":\"#b3b3b3\",\"widgettype\":\"bigNumber\",\"use_gradient\":\"0\",\"limit\":\"7\"}'),
(23, 1, 'bn_count_NetworkEquipment_c537e334-d584-43bc-b6de-b4a939143e89', 'bn_count_NetworkEquipment', 6, 0, 3, 2, '{\"color\":\"#bfe7ea\",\"widgettype\":\"bigNumber\",\"use_gradient\":\"0\",\"limit\":\"7\"}'),
(24, 1, 'bn_count_User_ac0cbe52-3593-43c1-8ecc-0eb115de494d', 'bn_count_User', 0, 8, 4, 2, '{\"color\":\"#fafafa\",\"widgettype\":\"bigNumber\",\"use_gradient\":\"0\",\"limit\":\"7\"}'),
(25, 1, 'count_Monitor_MonitorModel_5a476ff9-116e-4270-858b-c003c20841a9', 'count_Monitor_MonitorModel', 5, 4, 5, 4, '{\"color\":\"#f5fafa\",\"widgettype\":\"donut\",\"use_gradient\":\"1\",\"limit\":\"5\"}'),
(26, 1, 'count_NetworkEquipment_State_81f2ae35-b366-4065-ac26-02ea4e3704a6', 'count_NetworkEquipment_State', 10, 4, 4, 4, '{\"color\":\"#f5f3ef\",\"widgettype\":\"donut\",\"use_gradient\":\"1\",\"limit\":\"5\"}'),
(27, 2, 'bn_count_Computer_34cfbaf9-a471-4852-b48c-0dadea7644de', 'bn_count_Computer', 0, 0, 4, 3, '{\"color\":\"#f3d0d0\",\"widgettype\":\"bigNumber\"}'),
(28, 2, 'bn_count_Software_60091467-2137-49f4-8834-f6602a482079', 'bn_count_Software', 4, 0, 4, 3, '{\"color\":\"#d1f1a8\",\"widgettype\":\"bigNumber\"}'),
(29, 2, 'bn_count_Printer_c9a385d4-76a3-4971-ad0e-1470efeafacc', 'bn_count_Printer', 8, 3, 4, 3, '{\"color\":\"#5da8d6\",\"widgettype\":\"bigNumber\"}'),
(30, 2, 'bn_count_PDU_60053eb6-8dda-4416-9a4b-afd51889bd09', 'bn_count_PDU', 12, 3, 4, 3, '{\"color\":\"#ffb62f\",\"widgettype\":\"bigNumber\"}'),
(31, 2, 'bn_count_Rack_0fdc196f-20d2-4f63-9ddb-b75c165cc664', 'bn_count_Rack', 12, 0, 4, 3, '{\"color\":\"#f7d79a\",\"widgettype\":\"bigNumber\"}'),
(32, 2, 'bn_count_Phone_c31fde2d-510a-4482-b17d-2f65b61eae08', 'bn_count_Phone', 16, 3, 4, 3, '{\"color\":\"#a0cec2\",\"widgettype\":\"bigNumber\"}'),
(33, 2, 'bn_count_Enclosure_c21ce30a-58c3-456a-81ec-3c5f01527a8f', 'bn_count_Enclosure', 16, 0, 4, 3, '{\"color\":\"#d7e8e4\",\"widgettype\":\"bigNumber\"}'),
(34, 2, 'bn_count_NetworkEquipment_76f1e239-777b-4552-b053-ae5c64190347', 'bn_count_NetworkEquipment', 8, 0, 4, 3, '{\"color\":\"#c8dae4\",\"widgettype\":\"bigNumber\"}'),
(35, 2, 'bn_count_SoftwareLicense_576e58fe-a386-480f-b405-1c2315b8ab47', 'bn_count_SoftwareLicense', 4, 3, 4, 3, '{\"color\":\"#9bc06b\",\"widgettype\":\"bigNumber\",\"use_gradient\":\"0\",\"limit\":\"7\"}'),
(36, 2, 'bn_count_Monitor_890e16d3-b121-48c6-9713-d9c239d9a970', 'bn_count_Monitor', 0, 3, 4, 3, '{\"color\":\"#dc6f6f\",\"widgettype\":\"bigNumber\",\"use_gradient\":\"0\",\"limit\":\"7\"}'),
(37, 2, 'count_Computer_Manufacturer_986e92e8-32e8-4a6f-806f-6f5383acbb3f', 'count_Computer_Manufacturer', 4, 6, 4, 4, '{\"color\":\"#f3f5f1\",\"widgettype\":\"hbar\",\"use_gradient\":\"1\",\"limit\":\"5\"}'),
(38, 2, 'count_Computer_State_290c5920-9eab-4db8-8753-46108e60f1d8', 'count_Computer_State', 0, 6, 4, 4, '{\"color\":\"#fbf7f7\",\"widgettype\":\"donut\",\"use_gradient\":\"1\",\"limit\":\"5\"}'),
(39, 2, 'count_Computer_ComputerType_c58f9c7e-22d5-478b-8226-d2a752bcbb09', 'count_Computer_ComputerType', 8, 6, 4, 4, '{\"color\":\"#f5f9fa\",\"widgettype\":\"donut\",\"use_gradient\":\"1\",\"limit\":\"5\"}'),
(40, 2, 'count_NetworkEquipment_Manufacturer_8132b21c-6f7f-4dc1-af54-bea794cb96e9', 'count_NetworkEquipment_Manufacturer', 12, 6, 4, 4, '{\"color\":\"#fcf8ed\",\"widgettype\":\"hbar\",\"use_gradient\":\"0\",\"limit\":\"5\"}'),
(41, 2, 'count_Monitor_Manufacturer_43b0c16b-af82-418e-aac1-f32b39705c0d', 'count_Monitor_Manufacturer', 16, 6, 4, 4, '{\"color\":\"#f9fbfb\",\"widgettype\":\"donut\",\"use_gradient\":\"1\",\"limit\":\"5\"}'),
(42, 3, 'bn_count_Ticket_344e761b-f7e8-4617-8c90-154b266b4d67', 'bn_count_Ticket', 0, 0, 3, 2, '{\"color\":\"#ffdc64\",\"widgettype\":\"bigNumber\",\"use_gradient\":\"0\",\"limit\":\"7\"}'),
(43, 3, 'bn_count_Problem_bdb4002b-a674-4493-820f-af85bed44d2a', 'bn_count_Problem', 0, 4, 3, 2, '{\"color\":\"#f0967b\",\"widgettype\":\"bigNumber\",\"use_gradient\":\"0\",\"limit\":\"7\"}'),
(44, 3, 'bn_count_Change_b9b87513-4f40-41e6-8621-f51f9a30fb19', 'bn_count_Change', 0, 6, 3, 2, '{\"color\":\"#cae3c4\",\"widgettype\":\"bigNumber\",\"use_gradient\":\"0\",\"limit\":\"7\"}'),
(45, 3, 'bn_count_tickets_late_1e9ae481-21b4-4463-a830-dec1b68ec5e7', 'bn_count_tickets_late', 0, 2, 3, 2, '{\"color\":\"#f8911f\",\"widgettype\":\"bigNumber\",\"use_gradient\":\"0\",\"limit\":\"7\"}'),
(46, 3, 'bn_count_tickets_incoming_336a36d9-67fe-4475-880e-447bd766b8fe', 'bn_count_tickets_incoming', 3, 6, 3, 2, '{\"color\":\"#a0e19d\",\"widgettype\":\"bigNumber\",\"use_gradient\":\"0\",\"limit\":\"7\"}'),
(47, 3, 'bn_count_tickets_closed_e004bab5-f2b6-4060-a401-a2a8b9885245', 'bn_count_tickets_closed', 9, 8, 3, 2, '{\"color\":\"#515151\",\"widgettype\":\"bigNumber\",\"use_gradient\":\"0\",\"limit\":\"7\"}'),
(48, 3, 'bn_count_tickets_assigned_7455c855-6df8-4514-a3d9-8b0fce52bd63', 'bn_count_tickets_assigned', 6, 6, 3, 2, '{\"color\":\"#eaf5f7\",\"widgettype\":\"bigNumber\",\"use_gradient\":\"0\",\"limit\":\"7\"}'),
(49, 3, 'bn_count_tickets_solved_5e9759b3-ee7e-4a14-b68f-1ac024ef55ee', 'bn_count_tickets_solved', 9, 6, 3, 2, '{\"color\":\"#d8d8d8\",\"widgettype\":\"bigNumber\",\"use_gradient\":\"0\",\"limit\":\"7\"}'),
(50, 3, 'bn_count_tickets_waiting_102b2c2a-6ac6-4d73-ba47-8b09382fe00e', 'bn_count_tickets_waiting', 3, 8, 3, 2, '{\"color\":\"#ffcb7d\",\"widgettype\":\"bigNumber\",\"use_gradient\":\"0\",\"limit\":\"7\"}'),
(51, 3, 'bn_count_TicketRecurrent_13f79539-61f6-45f7-8dde-045706e652f2', 'bn_count_TicketRecurrent', 0, 8, 3, 2, '{\"color\":\"#fafafa\",\"widgettype\":\"bigNumber\",\"use_gradient\":\"0\",\"limit\":\"7\"}'),
(52, 3, 'bn_count_tickets_planned_267bf627-9d5e-4b6c-b53d-b8623d793ccf', 'bn_count_tickets_planned', 6, 8, 3, 2, '{\"color\":\"#6298d5\",\"widgettype\":\"bigNumber\",\"use_gradient\":\"0\",\"limit\":\"7\"}'),
(53, 3, 'top_ticket_ITILCategory_0cba0c84-6c62-4cd8-8564-18614498d8e4', 'top_ticket_ITILCategory', 12, 6, 4, 4, '{\"color\":\"#f1f5ef\",\"widgettype\":\"donut\",\"use_gradient\":\"1\",\"limit\":\"7\"}'),
(54, 3, 'top_ticket_RequestType_b9e43f34-8e94-4a6e-9023-c5d1e2ce7859', 'top_ticket_RequestType', 16, 6, 4, 4, '{\"color\":\"#f9fafb\",\"widgettype\":\"hbar\",\"use_gradient\":\"1\",\"limit\":\"4\"}'),
(55, 3, 'top_ticket_Entity_a8e65812-519c-488e-9892-9adbe22fbd5c', 'top_ticket_Entity', 20, 6, 4, 4, '{\"color\":\"#f7f1f0\",\"widgettype\":\"donut\",\"use_gradient\":\"1\",\"limit\":\"7\"}'),
(56, 3, 'ticket_evolution_76fd4926-ee5e-48db-b6d6-e2947c190c5e', 'ticket_evolution', 3, 0, 12, 6, '{\"color\":\"#f3f7f8\",\"widgettype\":\"areas\",\"use_gradient\":\"0\",\"limit\":\"12\"}'),
(57, 3, 'ticket_status_5b256a35-b36b-4db5-ba11-ea7c125f126e', 'ticket_status', 15, 0, 11, 6, '{\"color\":\"#f7f3f2\",\"widgettype\":\"stackedbars\",\"use_gradient\":\"0\",\"limit\":\"12\"}'),
(58, 4, 'bn_count_tickets_closed_ccf7246b-645a-40d2-8206-fa33c769e3f5', 'bn_count_tickets_closed', 24, 0, 4, 2, '{\"color\":\"#fafafa\",\"widgettype\":\"bigNumber\",\"use_gradient\":\"0\",\"limit\":\"7\"}'),
(59, 4, 'bn_count_Ticket_d5bf3576-5033-40fb-bbdb-292294a7698e', 'bn_count_Ticket', 0, 0, 4, 2, '{\"color\":\"#ffd957\",\"widgettype\":\"bigNumber\",\"use_gradient\":\"0\",\"limit\":\"7\"}'),
(60, 4, 'bn_count_tickets_incoming_055e813c-b0ce-4687-91ef-559249e8ddd8', 'bn_count_tickets_incoming', 4, 0, 4, 2, '{\"color\":\"#6fd169\",\"widgettype\":\"bigNumber\",\"use_gradient\":\"0\",\"limit\":\"7\"}'),
(61, 4, 'bn_count_tickets_waiting_793c665b-b620-4b3a-a5a8-cf502defc008', 'bn_count_tickets_waiting', 8, 0, 4, 2, '{\"color\":\"#ffcb7d\",\"widgettype\":\"bigNumber\",\"use_gradient\":\"0\",\"limit\":\"7\"}'),
(62, 4, 'bn_count_tickets_assigned_d3d2f697-52b4-435e-9030-a760dd649085', 'bn_count_tickets_assigned', 12, 0, 4, 2, '{\"color\":\"#eaf4f7\",\"widgettype\":\"bigNumber\",\"use_gradient\":\"0\",\"limit\":\"7\"}'),
(63, 4, 'bn_count_tickets_planned_0c7f3569-c23b-4ee3-8e85-279229b23e70', 'bn_count_tickets_planned', 16, 0, 4, 2, '{\"color\":\"#6298d5\",\"widgettype\":\"bigNumber\",\"use_gradient\":\"0\",\"limit\":\"7\"}'),
(64, 4, 'bn_count_tickets_solved_ae2406cf-e8e8-410b-b355-46e3f5705ee8', 'bn_count_tickets_solved', 20, 0, 4, 2, '{\"color\":\"#d7d7d7\",\"widgettype\":\"bigNumber\",\"use_gradient\":\"0\",\"limit\":\"7\"}');

-- --------------------------------------------------------

--
-- Estructura de tabla para la tabla `glpi_dashboards_rights`
--

CREATE TABLE `glpi_dashboards_rights` (
  `id` int(10) UNSIGNED NOT NULL,
  `dashboards_dashboards_id` int(10) UNSIGNED NOT NULL,
  `itemtype` varchar(100) COLLATE utf8mb4_unicode_ci NOT NULL,
  `items_id` int(10) UNSIGNED NOT NULL
) ENGINE=InnoDB DEFAULT CHARSET=utf8mb4 COLLATE=utf8mb4_unicode_ci ROW_FORMAT=DYNAMIC;

-- --------------------------------------------------------

--
-- Estructura de tabla para la tabla `glpi_databaseinstancecategories`
--

CREATE TABLE `glpi_databaseinstancecategories` (
  `id` int(10) UNSIGNED NOT NULL,
  `name` varchar(255) COLLATE utf8mb4_unicode_ci DEFAULT NULL,
  `comment` text COLLATE utf8mb4_unicode_ci,
  `date_mod` timestamp NULL DEFAULT NULL,
  `date_creation` timestamp NULL DEFAULT NULL
) ENGINE=InnoDB DEFAULT CHARSET=utf8mb4 COLLATE=utf8mb4_unicode_ci ROW_FORMAT=DYNAMIC;

-- --------------------------------------------------------

--
-- Estructura de tabla para la tabla `glpi_databaseinstances`
--

CREATE TABLE `glpi_databaseinstances` (
  `id` int(10) UNSIGNED NOT NULL,
  `entities_id` int(10) UNSIGNED NOT NULL DEFAULT '0',
  `is_recursive` tinyint(4) NOT NULL DEFAULT '0',
  `name` varchar(255) COLLATE utf8mb4_unicode_ci NOT NULL DEFAULT '',
  `version` varchar(255) COLLATE utf8mb4_unicode_ci NOT NULL DEFAULT '',
  `port` varchar(10) COLLATE utf8mb4_unicode_ci NOT NULL DEFAULT '',
  `path` varchar(255) COLLATE utf8mb4_unicode_ci NOT NULL DEFAULT '',
  `size` int(11) NOT NULL DEFAULT '0',
  `databaseinstancetypes_id` int(10) UNSIGNED NOT NULL DEFAULT '0',
  `databaseinstancecategories_id` int(10) UNSIGNED NOT NULL DEFAULT '0',
  `locations_id` int(10) UNSIGNED NOT NULL DEFAULT '0',
  `manufacturers_id` int(10) UNSIGNED NOT NULL DEFAULT '0',
  `users_id_tech` int(10) UNSIGNED NOT NULL DEFAULT '0',
  `groups_id_tech` int(10) UNSIGNED NOT NULL DEFAULT '0',
  `states_id` int(10) UNSIGNED NOT NULL DEFAULT '0',
  `itemtype` varchar(100) COLLATE utf8mb4_unicode_ci NOT NULL DEFAULT '',
  `items_id` int(10) UNSIGNED NOT NULL DEFAULT '0',
  `is_onbackup` tinyint(4) NOT NULL DEFAULT '0',
  `is_active` tinyint(4) NOT NULL DEFAULT '0',
  `is_deleted` tinyint(4) NOT NULL DEFAULT '0',
  `is_helpdesk_visible` tinyint(4) NOT NULL DEFAULT '1',
  `is_dynamic` tinyint(4) NOT NULL DEFAULT '0',
  `autoupdatesystems_id` int(10) UNSIGNED NOT NULL DEFAULT '0',
  `date_creation` timestamp NULL DEFAULT NULL,
  `date_mod` timestamp NULL DEFAULT NULL,
  `date_lastboot` timestamp NULL DEFAULT NULL,
  `date_lastbackup` timestamp NULL DEFAULT NULL,
  `comment` text COLLATE utf8mb4_unicode_ci
) ENGINE=InnoDB DEFAULT CHARSET=utf8mb4 COLLATE=utf8mb4_unicode_ci ROW_FORMAT=DYNAMIC;

-- --------------------------------------------------------

--
-- Estructura de tabla para la tabla `glpi_databaseinstancetypes`
--

CREATE TABLE `glpi_databaseinstancetypes` (
  `id` int(10) UNSIGNED NOT NULL,
  `name` varchar(255) COLLATE utf8mb4_unicode_ci DEFAULT NULL,
  `comment` text COLLATE utf8mb4_unicode_ci,
  `date_mod` timestamp NULL DEFAULT NULL,
  `date_creation` timestamp NULL DEFAULT NULL
) ENGINE=InnoDB DEFAULT CHARSET=utf8mb4 COLLATE=utf8mb4_unicode_ci ROW_FORMAT=DYNAMIC;

-- --------------------------------------------------------

--
-- Estructura de tabla para la tabla `glpi_databases`
--

CREATE TABLE `glpi_databases` (
  `id` int(10) UNSIGNED NOT NULL,
  `entities_id` int(10) UNSIGNED NOT NULL DEFAULT '0',
  `is_recursive` tinyint(4) NOT NULL DEFAULT '0',
  `name` varchar(255) COLLATE utf8mb4_unicode_ci NOT NULL DEFAULT '',
  `size` int(11) NOT NULL DEFAULT '0',
  `databaseinstances_id` int(10) UNSIGNED NOT NULL DEFAULT '0',
  `is_onbackup` tinyint(4) NOT NULL DEFAULT '0',
  `is_active` tinyint(4) NOT NULL DEFAULT '0',
  `is_deleted` tinyint(4) NOT NULL DEFAULT '0',
  `is_dynamic` tinyint(4) NOT NULL DEFAULT '0',
  `date_creation` timestamp NULL DEFAULT NULL,
  `date_mod` timestamp NULL DEFAULT NULL,
  `date_update` timestamp NULL DEFAULT NULL,
  `date_lastbackup` timestamp NULL DEFAULT NULL
) ENGINE=InnoDB DEFAULT CHARSET=utf8mb4 COLLATE=utf8mb4_unicode_ci ROW_FORMAT=DYNAMIC;

-- --------------------------------------------------------

--
-- Estructura de tabla para la tabla `glpi_datacenters`
--

CREATE TABLE `glpi_datacenters` (
  `id` int(10) UNSIGNED NOT NULL,
  `name` varchar(255) COLLATE utf8mb4_unicode_ci DEFAULT NULL,
  `entities_id` int(10) UNSIGNED NOT NULL DEFAULT '0',
  `is_recursive` tinyint(4) NOT NULL DEFAULT '0',
  `locations_id` int(10) UNSIGNED NOT NULL DEFAULT '0',
  `is_deleted` tinyint(4) NOT NULL DEFAULT '0',
  `date_mod` timestamp NULL DEFAULT NULL,
  `date_creation` timestamp NULL DEFAULT NULL,
  `pictures` text COLLATE utf8mb4_unicode_ci
) ENGINE=InnoDB DEFAULT CHARSET=utf8mb4 COLLATE=utf8mb4_unicode_ci ROW_FORMAT=DYNAMIC;

-- --------------------------------------------------------

--
-- Estructura de tabla para la tabla `glpi_dcrooms`
--

CREATE TABLE `glpi_dcrooms` (
  `id` int(10) UNSIGNED NOT NULL,
  `name` varchar(255) COLLATE utf8mb4_unicode_ci DEFAULT NULL,
  `entities_id` int(10) UNSIGNED NOT NULL DEFAULT '0',
  `is_recursive` tinyint(4) NOT NULL DEFAULT '0',
  `locations_id` int(10) UNSIGNED NOT NULL DEFAULT '0',
  `vis_cols` int(11) DEFAULT NULL,
  `vis_rows` int(11) DEFAULT NULL,
  `blueprint` text COLLATE utf8mb4_unicode_ci,
  `datacenters_id` int(10) UNSIGNED NOT NULL DEFAULT '0',
  `is_deleted` tinyint(4) NOT NULL DEFAULT '0',
  `date_mod` timestamp NULL DEFAULT NULL,
  `date_creation` timestamp NULL DEFAULT NULL
) ENGINE=InnoDB DEFAULT CHARSET=utf8mb4 COLLATE=utf8mb4_unicode_ci ROW_FORMAT=DYNAMIC;

-- --------------------------------------------------------

--
-- Estructura de tabla para la tabla `glpi_devicebatteries`
--

CREATE TABLE `glpi_devicebatteries` (
  `id` int(10) UNSIGNED NOT NULL,
  `designation` varchar(255) COLLATE utf8mb4_unicode_ci DEFAULT NULL,
  `comment` text COLLATE utf8mb4_unicode_ci,
  `manufacturers_id` int(10) UNSIGNED NOT NULL DEFAULT '0',
  `voltage` int(11) DEFAULT NULL,
  `capacity` int(11) DEFAULT NULL,
  `devicebatterytypes_id` int(10) UNSIGNED NOT NULL DEFAULT '0',
  `entities_id` int(10) UNSIGNED NOT NULL DEFAULT '0',
  `is_recursive` tinyint(4) NOT NULL DEFAULT '0',
  `devicebatterymodels_id` int(10) UNSIGNED DEFAULT NULL,
  `date_mod` timestamp NULL DEFAULT NULL,
  `date_creation` timestamp NULL DEFAULT NULL
) ENGINE=InnoDB DEFAULT CHARSET=utf8mb4 COLLATE=utf8mb4_unicode_ci ROW_FORMAT=DYNAMIC;

--
-- Volcado de datos para la tabla `glpi_devicebatteries`
--

INSERT INTO `glpi_devicebatteries` (`id`, `designation`, `comment`, `manufacturers_id`, `voltage`, `capacity`, `devicebatterytypes_id`, `entities_id`, `is_recursive`, `devicebatterymodels_id`, `date_mod`, `date_creation`) VALUES
(1, 'bq20z451', NULL, 65, 0, 6578, 0, 0, 0, NULL, '2024-08-22 01:47:12', '2024-08-22 01:47:12');

-- --------------------------------------------------------

--
-- Estructura de tabla para la tabla `glpi_devicebatterymodels`
--

CREATE TABLE `glpi_devicebatterymodels` (
  `id` int(10) UNSIGNED NOT NULL,
  `name` varchar(255) COLLATE utf8mb4_unicode_ci DEFAULT NULL,
  `comment` text COLLATE utf8mb4_unicode_ci,
  `product_number` varchar(255) COLLATE utf8mb4_unicode_ci DEFAULT NULL
) ENGINE=InnoDB DEFAULT CHARSET=utf8mb4 COLLATE=utf8mb4_unicode_ci ROW_FORMAT=DYNAMIC;

-- --------------------------------------------------------

--
-- Estructura de tabla para la tabla `glpi_devicebatterytypes`
--

CREATE TABLE `glpi_devicebatterytypes` (
  `id` int(10) UNSIGNED NOT NULL,
  `name` varchar(255) COLLATE utf8mb4_unicode_ci DEFAULT NULL,
  `comment` text COLLATE utf8mb4_unicode_ci,
  `date_mod` timestamp NULL DEFAULT NULL,
  `date_creation` timestamp NULL DEFAULT NULL
) ENGINE=InnoDB DEFAULT CHARSET=utf8mb4 COLLATE=utf8mb4_unicode_ci ROW_FORMAT=DYNAMIC;

-- --------------------------------------------------------

--
-- Estructura de tabla para la tabla `glpi_devicecameramodels`
--

CREATE TABLE `glpi_devicecameramodels` (
  `id` int(10) UNSIGNED NOT NULL,
  `name` varchar(255) COLLATE utf8mb4_unicode_ci DEFAULT NULL,
  `comment` text COLLATE utf8mb4_unicode_ci,
  `product_number` varchar(255) COLLATE utf8mb4_unicode_ci DEFAULT NULL
) ENGINE=InnoDB DEFAULT CHARSET=utf8mb4 COLLATE=utf8mb4_unicode_ci ROW_FORMAT=DYNAMIC;

-- --------------------------------------------------------

--
-- Estructura de tabla para la tabla `glpi_devicecameras`
--

CREATE TABLE `glpi_devicecameras` (
  `id` int(10) UNSIGNED NOT NULL,
  `designation` varchar(255) COLLATE utf8mb4_unicode_ci DEFAULT NULL,
  `flashunit` tinyint(4) NOT NULL DEFAULT '0',
  `lensfacing` varchar(255) COLLATE utf8mb4_unicode_ci DEFAULT NULL,
  `orientation` varchar(255) COLLATE utf8mb4_unicode_ci DEFAULT NULL,
  `focallength` varchar(255) COLLATE utf8mb4_unicode_ci DEFAULT NULL,
  `sensorsize` varchar(255) COLLATE utf8mb4_unicode_ci DEFAULT NULL,
  `comment` text COLLATE utf8mb4_unicode_ci,
  `manufacturers_id` int(10) UNSIGNED NOT NULL DEFAULT '0',
  `entities_id` int(10) UNSIGNED NOT NULL DEFAULT '0',
  `is_recursive` tinyint(4) NOT NULL DEFAULT '0',
  `devicecameramodels_id` int(10) UNSIGNED DEFAULT NULL,
  `support` varchar(255) COLLATE utf8mb4_unicode_ci DEFAULT NULL,
  `date_mod` timestamp NULL DEFAULT NULL,
  `date_creation` timestamp NULL DEFAULT NULL
) ENGINE=InnoDB DEFAULT CHARSET=utf8mb4 COLLATE=utf8mb4_unicode_ci ROW_FORMAT=DYNAMIC;

-- --------------------------------------------------------

--
-- Estructura de tabla para la tabla `glpi_devicecasemodels`
--

CREATE TABLE `glpi_devicecasemodels` (
  `id` int(10) UNSIGNED NOT NULL,
  `name` varchar(255) COLLATE utf8mb4_unicode_ci DEFAULT NULL,
  `comment` text COLLATE utf8mb4_unicode_ci,
  `product_number` varchar(255) COLLATE utf8mb4_unicode_ci DEFAULT NULL
) ENGINE=InnoDB DEFAULT CHARSET=utf8mb4 COLLATE=utf8mb4_unicode_ci ROW_FORMAT=DYNAMIC;

-- --------------------------------------------------------

--
-- Estructura de tabla para la tabla `glpi_devicecases`
--

CREATE TABLE `glpi_devicecases` (
  `id` int(10) UNSIGNED NOT NULL,
  `designation` varchar(255) COLLATE utf8mb4_unicode_ci DEFAULT NULL,
  `devicecasetypes_id` int(10) UNSIGNED NOT NULL DEFAULT '0',
  `comment` text COLLATE utf8mb4_unicode_ci,
  `manufacturers_id` int(10) UNSIGNED NOT NULL DEFAULT '0',
  `entities_id` int(10) UNSIGNED NOT NULL DEFAULT '0',
  `is_recursive` tinyint(4) NOT NULL DEFAULT '0',
  `devicecasemodels_id` int(10) UNSIGNED DEFAULT NULL,
  `date_mod` timestamp NULL DEFAULT NULL,
  `date_creation` timestamp NULL DEFAULT NULL
) ENGINE=InnoDB DEFAULT CHARSET=utf8mb4 COLLATE=utf8mb4_unicode_ci ROW_FORMAT=DYNAMIC;

-- --------------------------------------------------------

--
-- Estructura de tabla para la tabla `glpi_devicecasetypes`
--

CREATE TABLE `glpi_devicecasetypes` (
  `id` int(10) UNSIGNED NOT NULL,
  `name` varchar(255) COLLATE utf8mb4_unicode_ci DEFAULT NULL,
  `comment` text COLLATE utf8mb4_unicode_ci,
  `date_mod` timestamp NULL DEFAULT NULL,
  `date_creation` timestamp NULL DEFAULT NULL
) ENGINE=InnoDB DEFAULT CHARSET=utf8mb4 COLLATE=utf8mb4_unicode_ci ROW_FORMAT=DYNAMIC;

-- --------------------------------------------------------

--
-- Estructura de tabla para la tabla `glpi_devicecontrolmodels`
--

CREATE TABLE `glpi_devicecontrolmodels` (
  `id` int(10) UNSIGNED NOT NULL,
  `name` varchar(255) COLLATE utf8mb4_unicode_ci DEFAULT NULL,
  `comment` text COLLATE utf8mb4_unicode_ci,
  `product_number` varchar(255) COLLATE utf8mb4_unicode_ci DEFAULT NULL
) ENGINE=InnoDB DEFAULT CHARSET=utf8mb4 COLLATE=utf8mb4_unicode_ci ROW_FORMAT=DYNAMIC;

-- --------------------------------------------------------

--
-- Estructura de tabla para la tabla `glpi_devicecontrols`
--

CREATE TABLE `glpi_devicecontrols` (
  `id` int(10) UNSIGNED NOT NULL,
  `designation` varchar(255) COLLATE utf8mb4_unicode_ci DEFAULT NULL,
  `is_raid` tinyint(4) NOT NULL DEFAULT '0',
  `comment` text COLLATE utf8mb4_unicode_ci,
  `manufacturers_id` int(10) UNSIGNED NOT NULL DEFAULT '0',
  `interfacetypes_id` int(10) UNSIGNED NOT NULL DEFAULT '0',
  `entities_id` int(10) UNSIGNED NOT NULL DEFAULT '0',
  `is_recursive` tinyint(4) NOT NULL DEFAULT '0',
  `devicecontrolmodels_id` int(10) UNSIGNED DEFAULT NULL,
  `date_mod` timestamp NULL DEFAULT NULL,
  `date_creation` timestamp NULL DEFAULT NULL
) ENGINE=InnoDB DEFAULT CHARSET=utf8mb4 COLLATE=utf8mb4_unicode_ci ROW_FORMAT=DYNAMIC;

--
-- Volcado de datos para la tabla `glpi_devicecontrols`
--

INSERT INTO `glpi_devicecontrols` (`id`, `designation`, `is_raid`, `comment`, `manufacturers_id`, `interfacetypes_id`, `entities_id`, `is_recursive`, `devicecontrolmodels_id`, `date_mod`, `date_creation`) VALUES
(1, '200 Series PCH SATA controller [AHCI mode]', 0, NULL, 9, 0, 0, 0, NULL, '2024-08-09 21:56:29', '2024-08-09 21:56:29'),
(2, 'Standard NVM Express Controller', 0, NULL, 10, 0, 0, 0, NULL, '2024-08-09 21:56:29', '2024-08-09 21:56:29'),
(3, '200 Series/Z370 Chipset Family USB 3.0 xHCI Controller', 0, NULL, 9, 0, 0, 0, NULL, '2024-08-09 21:56:29', '2024-08-09 21:56:29'),
(4, '200 Series/Z370 Chipset Family Power Management Controller', 0, NULL, 9, 0, 0, 0, NULL, '2024-08-09 21:56:29', '2024-08-09 21:56:29'),
(5, '200 Series PCH PCI Express Root Port #5', 0, NULL, 9, 0, 0, 0, NULL, '2024-08-09 21:56:29', '2024-08-09 21:56:29'),
(6, '6th-9th Gen Core Processor PCIe Controller (x16)', 0, NULL, 9, 0, 0, 0, NULL, '2024-08-09 21:56:29', '2024-08-09 21:56:29'),
(7, '200 Series/Z370 Chipset Family SMBus Controller', 0, NULL, 9, 0, 0, 0, NULL, '2024-08-09 21:56:29', '2024-08-09 21:56:29'),
(8, '200 Series PCH Thermal Subsystem', 0, NULL, 9, 0, 0, 0, NULL, '2024-08-09 21:56:29', '2024-08-09 21:56:29'),
(9, '200 Series PCH HD Audio', 0, NULL, 9, 0, 0, 0, NULL, '2024-08-09 21:56:29', '2024-08-09 21:56:29'),
(10, '200 Series PCH CSME HECI #1', 0, NULL, 9, 0, 0, 0, NULL, '2024-08-09 21:56:29', '2024-08-09 21:56:29'),
(11, 'Xeon E3-1200 v6/7th Gen Core Processor Host Bridge/DRAM Registers', 0, NULL, 9, 0, 0, 0, NULL, '2024-08-09 21:56:29', '2024-08-09 21:56:29'),
(12, '200 Series PCH LPC Controller (H270)', 0, NULL, 9, 0, 0, 0, NULL, '2024-08-09 21:56:29', '2024-08-09 21:56:29'),
(13, 'HD Graphics 630', 0, NULL, 9, 0, 0, 0, NULL, '2024-08-09 21:56:29', '2024-08-09 21:56:29'),
(14, 'RTL8111/8168/8411 PCI Express Gigabit Ethernet Controller', 0, NULL, 5, 0, 0, 0, NULL, '2024-08-27 20:44:52', '2024-08-27 20:44:52');

-- --------------------------------------------------------

--
-- Estructura de tabla para la tabla `glpi_devicedrivemodels`
--

CREATE TABLE `glpi_devicedrivemodels` (
  `id` int(10) UNSIGNED NOT NULL,
  `name` varchar(255) COLLATE utf8mb4_unicode_ci DEFAULT NULL,
  `comment` text COLLATE utf8mb4_unicode_ci,
  `product_number` varchar(255) COLLATE utf8mb4_unicode_ci DEFAULT NULL
) ENGINE=InnoDB DEFAULT CHARSET=utf8mb4 COLLATE=utf8mb4_unicode_ci ROW_FORMAT=DYNAMIC;

-- --------------------------------------------------------

--
-- Estructura de tabla para la tabla `glpi_devicedrives`
--

CREATE TABLE `glpi_devicedrives` (
  `id` int(10) UNSIGNED NOT NULL,
  `designation` varchar(255) COLLATE utf8mb4_unicode_ci DEFAULT NULL,
  `is_writer` tinyint(4) NOT NULL DEFAULT '1',
  `speed` varchar(255) COLLATE utf8mb4_unicode_ci DEFAULT NULL,
  `comment` text COLLATE utf8mb4_unicode_ci,
  `manufacturers_id` int(10) UNSIGNED NOT NULL DEFAULT '0',
  `interfacetypes_id` int(10) UNSIGNED NOT NULL DEFAULT '0',
  `entities_id` int(10) UNSIGNED NOT NULL DEFAULT '0',
  `is_recursive` tinyint(4) NOT NULL DEFAULT '0',
  `devicedrivemodels_id` int(10) UNSIGNED DEFAULT NULL,
  `date_mod` timestamp NULL DEFAULT NULL,
  `date_creation` timestamp NULL DEFAULT NULL
) ENGINE=InnoDB DEFAULT CHARSET=utf8mb4 COLLATE=utf8mb4_unicode_ci ROW_FORMAT=DYNAMIC;

--
-- Volcado de datos para la tabla `glpi_devicedrives`
--

INSERT INTO `glpi_devicedrives` (`id`, `designation`, `is_writer`, `speed`, `comment`, `manufacturers_id`, `interfacetypes_id`, `entities_id`, `is_recursive`, `devicedrivemodels_id`, `date_mod`, `date_creation`) VALUES
(1, 'hp PLDS DVDRW  DU8AESH', 1, NULL, NULL, 4, 9, 0, 0, NULL, '2024-08-09 21:56:29', '2024-08-09 21:56:29'),
(2, 'spcardreader', 1, NULL, NULL, 64, 10, 0, 0, NULL, '2024-08-22 01:47:12', '2024-08-22 01:47:12');

-- --------------------------------------------------------

--
-- Estructura de tabla para la tabla `glpi_devicefirmwaremodels`
--

CREATE TABLE `glpi_devicefirmwaremodels` (
  `id` int(10) UNSIGNED NOT NULL,
  `name` varchar(255) COLLATE utf8mb4_unicode_ci DEFAULT NULL,
  `comment` text COLLATE utf8mb4_unicode_ci,
  `product_number` varchar(255) COLLATE utf8mb4_unicode_ci DEFAULT NULL
) ENGINE=InnoDB DEFAULT CHARSET=utf8mb4 COLLATE=utf8mb4_unicode_ci ROW_FORMAT=DYNAMIC;

-- --------------------------------------------------------

--
-- Estructura de tabla para la tabla `glpi_devicefirmwares`
--

CREATE TABLE `glpi_devicefirmwares` (
  `id` int(10) UNSIGNED NOT NULL,
  `designation` varchar(255) COLLATE utf8mb4_unicode_ci DEFAULT NULL,
  `comment` text COLLATE utf8mb4_unicode_ci,
  `manufacturers_id` int(10) UNSIGNED NOT NULL DEFAULT '0',
  `date` date DEFAULT NULL,
  `version` varchar(255) COLLATE utf8mb4_unicode_ci DEFAULT NULL,
  `devicefirmwaretypes_id` int(10) UNSIGNED NOT NULL DEFAULT '0',
  `entities_id` int(10) UNSIGNED NOT NULL DEFAULT '0',
  `is_recursive` tinyint(4) NOT NULL DEFAULT '0',
  `devicefirmwaremodels_id` int(10) UNSIGNED DEFAULT NULL,
  `date_mod` timestamp NULL DEFAULT NULL,
  `date_creation` timestamp NULL DEFAULT NULL
) ENGINE=InnoDB DEFAULT CHARSET=utf8mb4 COLLATE=utf8mb4_unicode_ci ROW_FORMAT=DYNAMIC;

--
-- Volcado de datos para la tabla `glpi_devicefirmwares`
--

INSERT INTO `glpi_devicefirmwares` (`id`, `designation`, `comment`, `manufacturers_id`, `date`, `version`, `devicefirmwaretypes_id`, `entities_id`, `is_recursive`, `devicefirmwaremodels_id`, `date_mod`, `date_creation`) VALUES
(1, 'HP BIOS', NULL, 1, '2018-01-30', 'P08 Ver. 02.15', 1, 0, 0, NULL, '2024-08-09 21:56:29', '2024-08-09 21:56:29'),
(2, ' BIOS', NULL, 0, NULL, '', 1, 0, 0, NULL, '2024-08-22 01:47:12', '2024-08-22 01:47:12');

-- --------------------------------------------------------

--
-- Estructura de tabla para la tabla `glpi_devicefirmwaretypes`
--

CREATE TABLE `glpi_devicefirmwaretypes` (
  `id` int(10) UNSIGNED NOT NULL,
  `name` varchar(255) COLLATE utf8mb4_unicode_ci DEFAULT NULL,
  `comment` text COLLATE utf8mb4_unicode_ci,
  `date_mod` timestamp NULL DEFAULT NULL,
  `date_creation` timestamp NULL DEFAULT NULL
) ENGINE=InnoDB DEFAULT CHARSET=utf8mb4 COLLATE=utf8mb4_unicode_ci ROW_FORMAT=DYNAMIC;

--
-- Volcado de datos para la tabla `glpi_devicefirmwaretypes`
--

INSERT INTO `glpi_devicefirmwaretypes` (`id`, `name`, `comment`, `date_mod`, `date_creation`) VALUES
(1, 'BIOS', NULL, NULL, NULL),
(2, 'UEFI', NULL, NULL, NULL),
(3, 'Firmware', NULL, NULL, NULL);

-- --------------------------------------------------------

--
-- Estructura de tabla para la tabla `glpi_devicegenericmodels`
--

CREATE TABLE `glpi_devicegenericmodels` (
  `id` int(10) UNSIGNED NOT NULL,
  `name` varchar(255) COLLATE utf8mb4_unicode_ci DEFAULT NULL,
  `comment` text COLLATE utf8mb4_unicode_ci,
  `product_number` varchar(255) COLLATE utf8mb4_unicode_ci DEFAULT NULL
) ENGINE=InnoDB DEFAULT CHARSET=utf8mb4 COLLATE=utf8mb4_unicode_ci ROW_FORMAT=DYNAMIC;

-- --------------------------------------------------------

--
-- Estructura de tabla para la tabla `glpi_devicegenerics`
--

CREATE TABLE `glpi_devicegenerics` (
  `id` int(10) UNSIGNED NOT NULL,
  `designation` varchar(255) COLLATE utf8mb4_unicode_ci DEFAULT NULL,
  `devicegenerictypes_id` int(10) UNSIGNED NOT NULL DEFAULT '0',
  `comment` text COLLATE utf8mb4_unicode_ci,
  `manufacturers_id` int(10) UNSIGNED NOT NULL DEFAULT '0',
  `entities_id` int(10) UNSIGNED NOT NULL DEFAULT '0',
  `is_recursive` tinyint(4) NOT NULL DEFAULT '0',
  `locations_id` int(10) UNSIGNED NOT NULL DEFAULT '0',
  `states_id` int(10) UNSIGNED NOT NULL DEFAULT '0',
  `devicegenericmodels_id` int(10) UNSIGNED DEFAULT NULL,
  `date_mod` timestamp NULL DEFAULT NULL,
  `date_creation` timestamp NULL DEFAULT NULL
) ENGINE=InnoDB DEFAULT CHARSET=utf8mb4 COLLATE=utf8mb4_unicode_ci ROW_FORMAT=DYNAMIC;

-- --------------------------------------------------------

--
-- Estructura de tabla para la tabla `glpi_devicegenerictypes`
--

CREATE TABLE `glpi_devicegenerictypes` (
  `id` int(10) UNSIGNED NOT NULL,
  `name` varchar(255) COLLATE utf8mb4_unicode_ci DEFAULT NULL,
  `comment` text COLLATE utf8mb4_unicode_ci
) ENGINE=InnoDB DEFAULT CHARSET=utf8mb4 COLLATE=utf8mb4_unicode_ci ROW_FORMAT=DYNAMIC;

-- --------------------------------------------------------

--
-- Estructura de tabla para la tabla `glpi_devicegraphiccardmodels`
--

CREATE TABLE `glpi_devicegraphiccardmodels` (
  `id` int(10) UNSIGNED NOT NULL,
  `name` varchar(255) COLLATE utf8mb4_unicode_ci DEFAULT NULL,
  `comment` text COLLATE utf8mb4_unicode_ci,
  `product_number` varchar(255) COLLATE utf8mb4_unicode_ci DEFAULT NULL
) ENGINE=InnoDB DEFAULT CHARSET=utf8mb4 COLLATE=utf8mb4_unicode_ci ROW_FORMAT=DYNAMIC;

-- --------------------------------------------------------

--
-- Estructura de tabla para la tabla `glpi_devicegraphiccards`
--

CREATE TABLE `glpi_devicegraphiccards` (
  `id` int(10) UNSIGNED NOT NULL,
  `designation` varchar(255) COLLATE utf8mb4_unicode_ci DEFAULT NULL,
  `interfacetypes_id` int(10) UNSIGNED NOT NULL DEFAULT '0',
  `comment` text COLLATE utf8mb4_unicode_ci,
  `manufacturers_id` int(10) UNSIGNED NOT NULL DEFAULT '0',
  `memory_default` int(11) NOT NULL DEFAULT '0',
  `entities_id` int(10) UNSIGNED NOT NULL DEFAULT '0',
  `is_recursive` tinyint(4) NOT NULL DEFAULT '0',
  `devicegraphiccardmodels_id` int(10) UNSIGNED DEFAULT NULL,
  `chipset` varchar(255) COLLATE utf8mb4_unicode_ci DEFAULT NULL,
  `date_mod` timestamp NULL DEFAULT NULL,
  `date_creation` timestamp NULL DEFAULT NULL
) ENGINE=InnoDB DEFAULT CHARSET=utf8mb4 COLLATE=utf8mb4_unicode_ci ROW_FORMAT=DYNAMIC;

--
-- Volcado de datos para la tabla `glpi_devicegraphiccards`
--

INSERT INTO `glpi_devicegraphiccards` (`id`, `designation`, `interfacetypes_id`, `comment`, `manufacturers_id`, `memory_default`, `entities_id`, `is_recursive`, `devicegraphiccardmodels_id`, `chipset`, `date_mod`, `date_creation`) VALUES
(1, 'Intel(R) HD Graphics 630', 0, NULL, 0, 0, 0, 0, NULL, NULL, '2024-08-09 21:56:29', '2024-08-09 21:56:29'),
(2, 'Intel HD Graphics 6000', 0, NULL, 0, 0, 0, 0, NULL, NULL, '2024-08-22 01:47:12', '2024-08-22 01:47:12');

-- --------------------------------------------------------

--
-- Estructura de tabla para la tabla `glpi_deviceharddrivemodels`
--

CREATE TABLE `glpi_deviceharddrivemodels` (
  `id` int(10) UNSIGNED NOT NULL,
  `name` varchar(255) COLLATE utf8mb4_unicode_ci DEFAULT NULL,
  `comment` text COLLATE utf8mb4_unicode_ci,
  `product_number` varchar(255) COLLATE utf8mb4_unicode_ci DEFAULT NULL
) ENGINE=InnoDB DEFAULT CHARSET=utf8mb4 COLLATE=utf8mb4_unicode_ci ROW_FORMAT=DYNAMIC;

-- --------------------------------------------------------

--
-- Estructura de tabla para la tabla `glpi_deviceharddrives`
--

CREATE TABLE `glpi_deviceharddrives` (
  `id` int(10) UNSIGNED NOT NULL,
  `designation` varchar(255) COLLATE utf8mb4_unicode_ci DEFAULT NULL,
  `rpm` varchar(255) COLLATE utf8mb4_unicode_ci DEFAULT NULL,
  `interfacetypes_id` int(10) UNSIGNED NOT NULL DEFAULT '0',
  `cache` varchar(255) COLLATE utf8mb4_unicode_ci DEFAULT NULL,
  `comment` text COLLATE utf8mb4_unicode_ci,
  `manufacturers_id` int(10) UNSIGNED NOT NULL DEFAULT '0',
  `capacity_default` int(11) NOT NULL DEFAULT '0',
  `entities_id` int(10) UNSIGNED NOT NULL DEFAULT '0',
  `is_recursive` tinyint(4) NOT NULL DEFAULT '0',
  `deviceharddrivemodels_id` int(10) UNSIGNED DEFAULT NULL,
  `date_mod` timestamp NULL DEFAULT NULL,
  `date_creation` timestamp NULL DEFAULT NULL
) ENGINE=InnoDB DEFAULT CHARSET=utf8mb4 COLLATE=utf8mb4_unicode_ci ROW_FORMAT=DYNAMIC;

--
-- Volcado de datos para la tabla `glpi_deviceharddrives`
--

INSERT INTO `glpi_deviceharddrives` (`id`, `designation`, `rpm`, `interfacetypes_id`, `cache`, `comment`, `manufacturers_id`, `capacity_default`, `entities_id`, `is_recursive`, `deviceharddrivemodels_id`, `date_mod`, `date_creation`) VALUES
(1, 'KINGSTON SNV2S2000G', NULL, 3, NULL, NULL, 3, 0, 0, 0, NULL, '2024-08-09 21:56:29', '2024-08-09 21:56:29'),
(2, 'Logitech USB Headset', NULL, 4, NULL, NULL, 63, 0, 0, 0, NULL, '2024-08-22 01:47:12', '2024-08-22 01:47:12'),
(3, 'iPhone', NULL, 4, NULL, NULL, 145, 0, 0, 0, NULL, '2024-08-28 23:07:11', '2024-08-28 23:07:11'),
(4, 'Generic Flash Disk USB Device', NULL, 4, NULL, NULL, 3, 0, 0, 0, NULL, '2024-09-03 01:44:32', '2024-09-03 01:44:32'),
(5, 'ADATA HV620S SCSI Disk Device', NULL, 3, NULL, NULL, 3, 0, 0, 0, NULL, '2024-09-05 18:44:57', '2024-09-05 18:44:57'),
(6, 'ADATA HD710 PRO USB Device', NULL, 4, NULL, NULL, 3, 0, 0, 0, NULL, '2024-09-05 21:44:09', '2024-09-05 21:44:09');

-- --------------------------------------------------------

--
-- Estructura de tabla para la tabla `glpi_devicememories`
--

CREATE TABLE `glpi_devicememories` (
  `id` int(10) UNSIGNED NOT NULL,
  `designation` varchar(255) COLLATE utf8mb4_unicode_ci DEFAULT NULL,
  `frequence` varchar(255) COLLATE utf8mb4_unicode_ci DEFAULT NULL,
  `comment` text COLLATE utf8mb4_unicode_ci,
  `manufacturers_id` int(10) UNSIGNED NOT NULL DEFAULT '0',
  `size_default` int(11) NOT NULL DEFAULT '0',
  `devicememorytypes_id` int(10) UNSIGNED NOT NULL DEFAULT '0',
  `entities_id` int(10) UNSIGNED NOT NULL DEFAULT '0',
  `is_recursive` tinyint(4) NOT NULL DEFAULT '0',
  `devicememorymodels_id` int(10) UNSIGNED DEFAULT NULL,
  `date_mod` timestamp NULL DEFAULT NULL,
  `date_creation` timestamp NULL DEFAULT NULL
) ENGINE=InnoDB DEFAULT CHARSET=utf8mb4 COLLATE=utf8mb4_unicode_ci ROW_FORMAT=DYNAMIC;

--
-- Volcado de datos para la tabla `glpi_devicememories`
--

INSERT INTO `glpi_devicememories` (`id`, `designation`, `frequence`, `comment`, `manufacturers_id`, `size_default`, `devicememorytypes_id`, `entities_id`, `is_recursive`, `devicememorymodels_id`, `date_mod`, `date_creation`) VALUES
(1, 'DDR4 - DIMM', '2400', NULL, 0, 0, 5, 0, 0, NULL, '2024-08-09 21:56:29', '2024-08-09 21:56:29'),
(2, 'DDR3 - H9CCNNNBJTMLAR-NUD', '1600', NULL, 0, 0, 6, 0, 0, NULL, '2024-08-22 01:47:12', '2024-08-22 01:47:12');

-- --------------------------------------------------------

--
-- Estructura de tabla para la tabla `glpi_devicememorymodels`
--

CREATE TABLE `glpi_devicememorymodels` (
  `id` int(10) UNSIGNED NOT NULL,
  `name` varchar(255) COLLATE utf8mb4_unicode_ci DEFAULT NULL,
  `comment` text COLLATE utf8mb4_unicode_ci,
  `product_number` varchar(255) COLLATE utf8mb4_unicode_ci DEFAULT NULL
) ENGINE=InnoDB DEFAULT CHARSET=utf8mb4 COLLATE=utf8mb4_unicode_ci ROW_FORMAT=DYNAMIC;

-- --------------------------------------------------------

--
-- Estructura de tabla para la tabla `glpi_devicememorytypes`
--

CREATE TABLE `glpi_devicememorytypes` (
  `id` int(10) UNSIGNED NOT NULL,
  `name` varchar(255) COLLATE utf8mb4_unicode_ci DEFAULT NULL,
  `comment` text COLLATE utf8mb4_unicode_ci,
  `date_mod` timestamp NULL DEFAULT NULL,
  `date_creation` timestamp NULL DEFAULT NULL
) ENGINE=InnoDB DEFAULT CHARSET=utf8mb4 COLLATE=utf8mb4_unicode_ci ROW_FORMAT=DYNAMIC;

--
-- Volcado de datos para la tabla `glpi_devicememorytypes`
--

INSERT INTO `glpi_devicememorytypes` (`id`, `name`, `comment`, `date_mod`, `date_creation`) VALUES
(1, 'EDO', NULL, NULL, NULL),
(2, 'DDR', NULL, NULL, NULL),
(3, 'SDRAM', NULL, NULL, NULL),
(4, 'SDRAM-2', NULL, NULL, NULL),
(5, 'DDR4', '', '2024-08-09 21:56:29', '2024-08-09 21:56:29'),
(6, 'DDR3', '', '2024-08-22 01:47:12', '2024-08-22 01:47:12');

-- --------------------------------------------------------

--
-- Estructura de tabla para la tabla `glpi_devicemotherboardmodels`
--

CREATE TABLE `glpi_devicemotherboardmodels` (
  `id` int(10) UNSIGNED NOT NULL,
  `name` varchar(255) COLLATE utf8mb4_unicode_ci DEFAULT NULL,
  `comment` text COLLATE utf8mb4_unicode_ci,
  `product_number` varchar(255) COLLATE utf8mb4_unicode_ci DEFAULT NULL
) ENGINE=InnoDB DEFAULT CHARSET=utf8mb4 COLLATE=utf8mb4_unicode_ci ROW_FORMAT=DYNAMIC;

-- --------------------------------------------------------

--
-- Estructura de tabla para la tabla `glpi_devicemotherboards`
--

CREATE TABLE `glpi_devicemotherboards` (
  `id` int(10) UNSIGNED NOT NULL,
  `designation` varchar(255) COLLATE utf8mb4_unicode_ci DEFAULT NULL,
  `chipset` varchar(255) COLLATE utf8mb4_unicode_ci DEFAULT NULL,
  `comment` text COLLATE utf8mb4_unicode_ci,
  `manufacturers_id` int(10) UNSIGNED NOT NULL DEFAULT '0',
  `entities_id` int(10) UNSIGNED NOT NULL DEFAULT '0',
  `is_recursive` tinyint(4) NOT NULL DEFAULT '0',
  `devicemotherboardmodels_id` int(10) UNSIGNED DEFAULT NULL,
  `date_mod` timestamp NULL DEFAULT NULL,
  `date_creation` timestamp NULL DEFAULT NULL
) ENGINE=InnoDB DEFAULT CHARSET=utf8mb4 COLLATE=utf8mb4_unicode_ci ROW_FORMAT=DYNAMIC;

-- --------------------------------------------------------

--
-- Estructura de tabla para la tabla `glpi_devicenetworkcardmodels`
--

CREATE TABLE `glpi_devicenetworkcardmodels` (
  `id` int(10) UNSIGNED NOT NULL,
  `name` varchar(255) COLLATE utf8mb4_unicode_ci DEFAULT NULL,
  `comment` text COLLATE utf8mb4_unicode_ci,
  `product_number` varchar(255) COLLATE utf8mb4_unicode_ci DEFAULT NULL
) ENGINE=InnoDB DEFAULT CHARSET=utf8mb4 COLLATE=utf8mb4_unicode_ci ROW_FORMAT=DYNAMIC;

-- --------------------------------------------------------

--
-- Estructura de tabla para la tabla `glpi_devicenetworkcards`
--

CREATE TABLE `glpi_devicenetworkcards` (
  `id` int(10) UNSIGNED NOT NULL,
  `designation` varchar(255) COLLATE utf8mb4_unicode_ci DEFAULT NULL,
  `bandwidth` varchar(255) COLLATE utf8mb4_unicode_ci DEFAULT NULL,
  `comment` text COLLATE utf8mb4_unicode_ci,
  `manufacturers_id` int(10) UNSIGNED NOT NULL DEFAULT '0',
  `mac_default` varchar(255) COLLATE utf8mb4_unicode_ci DEFAULT NULL,
  `entities_id` int(10) UNSIGNED NOT NULL DEFAULT '0',
  `is_recursive` tinyint(4) NOT NULL DEFAULT '0',
  `devicenetworkcardmodels_id` int(10) UNSIGNED DEFAULT NULL,
  `date_mod` timestamp NULL DEFAULT NULL,
  `date_creation` timestamp NULL DEFAULT NULL
) ENGINE=InnoDB DEFAULT CHARSET=utf8mb4 COLLATE=utf8mb4_unicode_ci ROW_FORMAT=DYNAMIC;

--
-- Volcado de datos para la tabla `glpi_devicenetworkcards`
--

INSERT INTO `glpi_devicenetworkcards` (`id`, `designation`, `bandwidth`, `comment`, `manufacturers_id`, `mac_default`, `entities_id`, `is_recursive`, `devicenetworkcardmodels_id`, `date_mod`, `date_creation`) VALUES
(1, 'RTL8111/8168/8411 PCI Express Gigabit Ethernet Controller', NULL, NULL, 5, NULL, 0, 0, NULL, '2024-08-09 21:56:29', '2024-08-09 21:56:29'),
(2, 'RTL8111/8168/8411 PCI Express Gigabit Ethernet Controller', NULL, NULL, 5, NULL, 0, 0, NULL, '2024-08-25 03:44:13', '2024-08-25 03:44:13'),
(3, 'RTL8111/8168/8411 PCI Express Gigabit Ethernet Controller', NULL, NULL, 5, NULL, 0, 0, NULL, '2024-08-27 21:45:00', '2024-08-27 21:45:00');

-- --------------------------------------------------------

--
-- Estructura de tabla para la tabla `glpi_devicepcimodels`
--

CREATE TABLE `glpi_devicepcimodels` (
  `id` int(10) UNSIGNED NOT NULL,
  `name` varchar(255) COLLATE utf8mb4_unicode_ci DEFAULT NULL,
  `comment` text COLLATE utf8mb4_unicode_ci,
  `product_number` varchar(255) COLLATE utf8mb4_unicode_ci DEFAULT NULL
) ENGINE=InnoDB DEFAULT CHARSET=utf8mb4 COLLATE=utf8mb4_unicode_ci ROW_FORMAT=DYNAMIC;

-- --------------------------------------------------------

--
-- Estructura de tabla para la tabla `glpi_devicepcis`
--

CREATE TABLE `glpi_devicepcis` (
  `id` int(10) UNSIGNED NOT NULL,
  `designation` varchar(255) COLLATE utf8mb4_unicode_ci DEFAULT NULL,
  `comment` text COLLATE utf8mb4_unicode_ci,
  `manufacturers_id` int(10) UNSIGNED NOT NULL DEFAULT '0',
  `devicenetworkcardmodels_id` int(10) UNSIGNED NOT NULL DEFAULT '0',
  `entities_id` int(10) UNSIGNED NOT NULL DEFAULT '0',
  `is_recursive` tinyint(4) NOT NULL DEFAULT '0',
  `devicepcimodels_id` int(10) UNSIGNED DEFAULT NULL,
  `date_mod` timestamp NULL DEFAULT NULL,
  `date_creation` timestamp NULL DEFAULT NULL
) ENGINE=InnoDB DEFAULT CHARSET=utf8mb4 COLLATE=utf8mb4_unicode_ci ROW_FORMAT=DYNAMIC;

-- --------------------------------------------------------

--
-- Estructura de tabla para la tabla `glpi_devicepowersupplies`
--

CREATE TABLE `glpi_devicepowersupplies` (
  `id` int(10) UNSIGNED NOT NULL,
  `designation` varchar(255) COLLATE utf8mb4_unicode_ci DEFAULT NULL,
  `power` varchar(255) COLLATE utf8mb4_unicode_ci DEFAULT NULL,
  `is_atx` tinyint(4) NOT NULL DEFAULT '1',
  `comment` text COLLATE utf8mb4_unicode_ci,
  `manufacturers_id` int(10) UNSIGNED NOT NULL DEFAULT '0',
  `entities_id` int(10) UNSIGNED NOT NULL DEFAULT '0',
  `is_recursive` tinyint(4) NOT NULL DEFAULT '0',
  `devicepowersupplymodels_id` int(10) UNSIGNED DEFAULT NULL,
  `date_mod` timestamp NULL DEFAULT NULL,
  `date_creation` timestamp NULL DEFAULT NULL
) ENGINE=InnoDB DEFAULT CHARSET=utf8mb4 COLLATE=utf8mb4_unicode_ci ROW_FORMAT=DYNAMIC;

-- --------------------------------------------------------

--
-- Estructura de tabla para la tabla `glpi_devicepowersupplymodels`
--

CREATE TABLE `glpi_devicepowersupplymodels` (
  `id` int(10) UNSIGNED NOT NULL,
  `name` varchar(255) COLLATE utf8mb4_unicode_ci DEFAULT NULL,
  `comment` text COLLATE utf8mb4_unicode_ci,
  `product_number` varchar(255) COLLATE utf8mb4_unicode_ci DEFAULT NULL
) ENGINE=InnoDB DEFAULT CHARSET=utf8mb4 COLLATE=utf8mb4_unicode_ci ROW_FORMAT=DYNAMIC;

-- --------------------------------------------------------

--
-- Estructura de tabla para la tabla `glpi_deviceprocessormodels`
--

CREATE TABLE `glpi_deviceprocessormodels` (
  `id` int(10) UNSIGNED NOT NULL,
  `name` varchar(255) COLLATE utf8mb4_unicode_ci DEFAULT NULL,
  `comment` text COLLATE utf8mb4_unicode_ci,
  `product_number` varchar(255) COLLATE utf8mb4_unicode_ci DEFAULT NULL
) ENGINE=InnoDB DEFAULT CHARSET=utf8mb4 COLLATE=utf8mb4_unicode_ci ROW_FORMAT=DYNAMIC;

-- --------------------------------------------------------

--
-- Estructura de tabla para la tabla `glpi_deviceprocessors`
--

CREATE TABLE `glpi_deviceprocessors` (
  `id` int(10) UNSIGNED NOT NULL,
  `designation` varchar(255) COLLATE utf8mb4_unicode_ci DEFAULT NULL,
  `frequence` int(11) NOT NULL DEFAULT '0',
  `comment` text COLLATE utf8mb4_unicode_ci,
  `manufacturers_id` int(10) UNSIGNED NOT NULL DEFAULT '0',
  `frequency_default` int(11) NOT NULL DEFAULT '0',
  `nbcores_default` int(11) DEFAULT NULL,
  `nbthreads_default` int(11) DEFAULT NULL,
  `entities_id` int(10) UNSIGNED NOT NULL DEFAULT '0',
  `is_recursive` tinyint(4) NOT NULL DEFAULT '0',
  `deviceprocessormodels_id` int(10) UNSIGNED DEFAULT NULL,
  `date_mod` timestamp NULL DEFAULT NULL,
  `date_creation` timestamp NULL DEFAULT NULL
) ENGINE=InnoDB DEFAULT CHARSET=utf8mb4 COLLATE=utf8mb4_unicode_ci ROW_FORMAT=DYNAMIC;

--
-- Volcado de datos para la tabla `glpi_deviceprocessors`
--

INSERT INTO `glpi_deviceprocessors` (`id`, `designation`, `frequence`, `comment`, `manufacturers_id`, `frequency_default`, `nbcores_default`, `nbthreads_default`, `entities_id`, `is_recursive`, `deviceprocessormodels_id`, `date_mod`, `date_creation`) VALUES
(1, 'Intel(R) Core(TM) i7-7700 CPU @ 3.60GHz', 3600, NULL, 2, 3600, NULL, NULL, 0, 0, NULL, '2024-08-09 21:56:29', '2024-08-09 21:56:29'),
(2, 'Intel(R) Core(TM) i5-5350U CPU @ 1.80GHz', 1800, NULL, 2, 1800, NULL, NULL, 0, 0, NULL, '2024-08-22 01:47:12', '2024-08-22 01:47:12');

-- --------------------------------------------------------

--
-- Estructura de tabla para la tabla `glpi_devicesensormodels`
--

CREATE TABLE `glpi_devicesensormodels` (
  `id` int(10) UNSIGNED NOT NULL,
  `name` varchar(255) COLLATE utf8mb4_unicode_ci DEFAULT NULL,
  `comment` text COLLATE utf8mb4_unicode_ci,
  `product_number` varchar(255) COLLATE utf8mb4_unicode_ci DEFAULT NULL
) ENGINE=InnoDB DEFAULT CHARSET=utf8mb4 COLLATE=utf8mb4_unicode_ci ROW_FORMAT=DYNAMIC;

-- --------------------------------------------------------

--
-- Estructura de tabla para la tabla `glpi_devicesensors`
--

CREATE TABLE `glpi_devicesensors` (
  `id` int(10) UNSIGNED NOT NULL,
  `designation` varchar(255) COLLATE utf8mb4_unicode_ci DEFAULT NULL,
  `devicesensortypes_id` int(10) UNSIGNED NOT NULL DEFAULT '0',
  `devicesensormodels_id` int(10) UNSIGNED NOT NULL DEFAULT '0',
  `comment` text COLLATE utf8mb4_unicode_ci,
  `manufacturers_id` int(10) UNSIGNED NOT NULL DEFAULT '0',
  `entities_id` int(10) UNSIGNED NOT NULL DEFAULT '0',
  `is_recursive` tinyint(4) NOT NULL DEFAULT '0',
  `locations_id` int(10) UNSIGNED NOT NULL DEFAULT '0',
  `states_id` int(10) UNSIGNED NOT NULL DEFAULT '0',
  `date_mod` timestamp NULL DEFAULT NULL,
  `date_creation` timestamp NULL DEFAULT NULL
) ENGINE=InnoDB DEFAULT CHARSET=utf8mb4 COLLATE=utf8mb4_unicode_ci ROW_FORMAT=DYNAMIC;

-- --------------------------------------------------------

--
-- Estructura de tabla para la tabla `glpi_devicesensortypes`
--

CREATE TABLE `glpi_devicesensortypes` (
  `id` int(10) UNSIGNED NOT NULL,
  `name` varchar(255) COLLATE utf8mb4_unicode_ci DEFAULT NULL,
  `comment` text COLLATE utf8mb4_unicode_ci
) ENGINE=InnoDB DEFAULT CHARSET=utf8mb4 COLLATE=utf8mb4_unicode_ci ROW_FORMAT=DYNAMIC;

-- --------------------------------------------------------

--
-- Estructura de tabla para la tabla `glpi_devicesimcards`
--

CREATE TABLE `glpi_devicesimcards` (
  `id` int(10) UNSIGNED NOT NULL,
  `designation` varchar(255) COLLATE utf8mb4_unicode_ci DEFAULT NULL,
  `comment` text COLLATE utf8mb4_unicode_ci,
  `entities_id` int(10) UNSIGNED NOT NULL DEFAULT '0',
  `is_recursive` tinyint(4) NOT NULL DEFAULT '0',
  `manufacturers_id` int(10) UNSIGNED NOT NULL DEFAULT '0',
  `voltage` int(11) DEFAULT NULL,
  `devicesimcardtypes_id` int(10) UNSIGNED NOT NULL DEFAULT '0',
  `date_mod` timestamp NULL DEFAULT NULL,
  `date_creation` timestamp NULL DEFAULT NULL,
  `allow_voip` tinyint(4) NOT NULL DEFAULT '0'
) ENGINE=InnoDB DEFAULT CHARSET=utf8mb4 COLLATE=utf8mb4_unicode_ci ROW_FORMAT=DYNAMIC;

-- --------------------------------------------------------

--
-- Estructura de tabla para la tabla `glpi_devicesimcardtypes`
--

CREATE TABLE `glpi_devicesimcardtypes` (
  `id` int(10) UNSIGNED NOT NULL,
  `name` varchar(255) COLLATE utf8mb4_unicode_ci NOT NULL DEFAULT '',
  `comment` text COLLATE utf8mb4_unicode_ci,
  `date_mod` timestamp NULL DEFAULT NULL,
  `date_creation` timestamp NULL DEFAULT NULL
) ENGINE=InnoDB DEFAULT CHARSET=utf8mb4 COLLATE=utf8mb4_unicode_ci ROW_FORMAT=DYNAMIC;

--
-- Volcado de datos para la tabla `glpi_devicesimcardtypes`
--

INSERT INTO `glpi_devicesimcardtypes` (`id`, `name`, `comment`, `date_mod`, `date_creation`) VALUES
(1, 'Full SIM', NULL, NULL, NULL),
(2, 'Mini SIM', NULL, NULL, NULL),
(3, 'Micro SIM', NULL, NULL, NULL),
(4, 'Nano SIM', NULL, NULL, NULL);

-- --------------------------------------------------------

--
-- Estructura de tabla para la tabla `glpi_devicesoundcardmodels`
--

CREATE TABLE `glpi_devicesoundcardmodels` (
  `id` int(10) UNSIGNED NOT NULL,
  `name` varchar(255) COLLATE utf8mb4_unicode_ci DEFAULT NULL,
  `comment` text COLLATE utf8mb4_unicode_ci,
  `product_number` varchar(255) COLLATE utf8mb4_unicode_ci DEFAULT NULL
) ENGINE=InnoDB DEFAULT CHARSET=utf8mb4 COLLATE=utf8mb4_unicode_ci ROW_FORMAT=DYNAMIC;

-- --------------------------------------------------------

--
-- Estructura de tabla para la tabla `glpi_devicesoundcards`
--

CREATE TABLE `glpi_devicesoundcards` (
  `id` int(10) UNSIGNED NOT NULL,
  `designation` varchar(255) COLLATE utf8mb4_unicode_ci DEFAULT NULL,
  `type` varchar(255) COLLATE utf8mb4_unicode_ci DEFAULT NULL,
  `comment` text COLLATE utf8mb4_unicode_ci,
  `manufacturers_id` int(10) UNSIGNED NOT NULL DEFAULT '0',
  `entities_id` int(10) UNSIGNED NOT NULL DEFAULT '0',
  `is_recursive` tinyint(4) NOT NULL DEFAULT '0',
  `devicesoundcardmodels_id` int(10) UNSIGNED DEFAULT NULL,
  `date_mod` timestamp NULL DEFAULT NULL,
  `date_creation` timestamp NULL DEFAULT NULL
) ENGINE=InnoDB DEFAULT CHARSET=utf8mb4 COLLATE=utf8mb4_unicode_ci ROW_FORMAT=DYNAMIC;

--
-- Volcado de datos para la tabla `glpi_devicesoundcards`
--

INSERT INTO `glpi_devicesoundcards` (`id`, `designation`, `type`, `comment`, `manufacturers_id`, `entities_id`, `is_recursive`, `devicesoundcardmodels_id`, `date_mod`, `date_creation`) VALUES
(1, 'Sonido Intel(R) para pantallas', NULL, 'Sonido Intel(R) para pantallas', 6, 0, 0, NULL, '2024-08-09 21:56:29', '2024-08-09 21:56:29'),
(2, 'Synaptics HD Audio', NULL, 'Synaptics HD Audio', 7, 0, 0, NULL, '2024-08-09 21:56:29', '2024-08-09 21:56:29'),
(3, 'USB Audio Device', NULL, 'USB Audio Device', 8, 0, 0, NULL, '2024-08-09 21:56:29', '2024-08-09 21:56:29');

-- --------------------------------------------------------

--
-- Estructura de tabla para la tabla `glpi_displaypreferences`
--

CREATE TABLE `glpi_displaypreferences` (
  `id` int(10) UNSIGNED NOT NULL,
  `itemtype` varchar(100) COLLATE utf8mb4_unicode_ci NOT NULL,
  `num` int(11) NOT NULL DEFAULT '0',
  `rank` int(11) NOT NULL DEFAULT '0',
  `users_id` int(10) UNSIGNED NOT NULL DEFAULT '0'
) ENGINE=InnoDB DEFAULT CHARSET=utf8mb4 COLLATE=utf8mb4_unicode_ci ROW_FORMAT=DYNAMIC;

--
-- Volcado de datos para la tabla `glpi_displaypreferences`
--

INSERT INTO `glpi_displaypreferences` (`id`, `itemtype`, `num`, `rank`, `users_id`) VALUES
(1, 'Computer', 4, 4, 0),
(2, 'Computer', 45, 6, 0),
(3, 'Computer', 40, 5, 0),
(4, 'Computer', 5, 3, 0),
(5, 'Computer', 23, 2, 0),
(6, 'DocumentType', 3, 1, 0),
(7, 'Monitor', 31, 1, 0),
(8, 'Monitor', 23, 2, 0),
(9, 'Monitor', 3, 3, 0),
(10, 'Monitor', 4, 4, 0),
(11, 'Printer', 31, 1, 0),
(12, 'NetworkEquipment', 31, 1, 0),
(13, 'NetworkEquipment', 23, 2, 0),
(14, 'Printer', 23, 2, 0),
(15, 'Printer', 3, 3, 0),
(16, 'Software', 4, 3, 0),
(17, 'Software', 5, 2, 0),
(18, 'Software', 23, 1, 0),
(19, 'CartridgeItem', 4, 2, 0),
(20, 'CartridgeItem', 34, 1, 0),
(21, 'Peripheral', 3, 3, 0),
(22, 'Peripheral', 23, 2, 0),
(23, 'Peripheral', 31, 1, 0),
(24, 'Computer', 31, 1, 0),
(25, 'Computer', 3, 7, 0),
(26, 'Computer', 19, 8, 0),
(27, 'Computer', 17, 9, 0),
(28, 'NetworkEquipment', 3, 3, 0),
(29, 'NetworkEquipment', 4, 4, 0),
(30, 'NetworkEquipment', 11, 6, 0),
(31, 'NetworkEquipment', 19, 7, 0),
(32, 'Printer', 4, 4, 0),
(33, 'Printer', 19, 6, 0),
(34, 'Monitor', 19, 6, 0),
(35, 'Monitor', 7, 7, 0),
(36, 'Peripheral', 4, 4, 0),
(37, 'Peripheral', 19, 6, 0),
(38, 'Peripheral', 7, 7, 0),
(39, 'Contact', 3, 1, 0),
(40, 'Contact', 4, 2, 0),
(41, 'Contact', 5, 3, 0),
(42, 'Contact', 6, 4, 0),
(43, 'Contact', 9, 5, 0),
(44, 'Supplier', 9, 1, 0),
(45, 'Supplier', 3, 2, 0),
(46, 'Supplier', 4, 3, 0),
(47, 'Supplier', 5, 4, 0),
(48, 'Supplier', 10, 5, 0),
(49, 'Supplier', 6, 6, 0),
(50, 'Contract', 4, 1, 0),
(51, 'Contract', 3, 2, 0),
(52, 'Contract', 5, 3, 0),
(53, 'Contract', 6, 4, 0),
(54, 'Contract', 7, 5, 0),
(55, 'Contract', 11, 6, 0),
(56, 'CartridgeItem', 23, 3, 0),
(57, 'CartridgeItem', 3, 4, 0),
(58, 'DocumentType', 6, 2, 0),
(59, 'DocumentType', 4, 3, 0),
(60, 'DocumentType', 5, 4, 0),
(61, 'Document', 3, 1, 0),
(62, 'Document', 4, 2, 0),
(63, 'Document', 7, 3, 0),
(64, 'Document', 5, 4, 0),
(65, 'Document', 16, 5, 0),
(66, 'User', 34, 1, 0),
(67, 'User', 5, 3, 0),
(68, 'User', 6, 4, 0),
(69, 'User', 3, 5, 0),
(70, 'ConsumableItem', 34, 1, 0),
(71, 'ConsumableItem', 4, 2, 0),
(72, 'ConsumableItem', 23, 3, 0),
(73, 'ConsumableItem', 3, 4, 0),
(74, 'NetworkEquipment', 40, 5, 0),
(75, 'Printer', 40, 5, 0),
(76, 'Monitor', 40, 5, 0),
(77, 'Peripheral', 40, 5, 0),
(78, 'User', 8, 6, 0),
(79, 'Phone', 31, 1, 0),
(80, 'Phone', 23, 2, 0),
(81, 'Phone', 3, 3, 0),
(82, 'Phone', 4, 4, 0),
(83, 'Phone', 40, 5, 0),
(84, 'Phone', 19, 6, 0),
(85, 'Phone', 7, 7, 0),
(86, 'Group', 16, 1, 0),
(87, 'AllAssets', 31, 1, 0),
(88, 'ReservationItem', 4, 1, 0),
(89, 'ReservationItem', 3, 2, 0),
(90, 'Budget', 3, 2, 0),
(91, 'Software', 72, 4, 0),
(92, 'Software', 163, 5, 0),
(93, 'Budget', 5, 1, 0),
(94, 'Budget', 4, 3, 0),
(95, 'Budget', 19, 4, 0),
(96, 'CronTask', 8, 1, 0),
(97, 'CronTask', 3, 2, 0),
(98, 'CronTask', 4, 3, 0),
(99, 'CronTask', 7, 4, 0),
(100, 'RequestType', 14, 1, 0),
(101, 'RequestType', 15, 2, 0),
(102, 'NotificationTemplate', 4, 1, 0),
(103, 'NotificationTemplate', 16, 2, 0),
(104, 'Notification', 5, 1, 0),
(105, 'Notification', 6, 2, 0),
(106, 'Notification', 2, 3, 0),
(107, 'Notification', 4, 4, 0),
(108, 'Notification', 80, 5, 0),
(109, 'Notification', 86, 6, 0),
(110, 'MailCollector', 2, 1, 0),
(111, 'MailCollector', 19, 2, 0),
(112, 'AuthLDAP', 3, 1, 0),
(113, 'AuthLDAP', 19, 2, 0),
(114, 'AuthMail', 3, 1, 0),
(115, 'AuthMail', 19, 2, 0),
(116, 'IPNetwork', 18, 1, 0),
(117, 'WifiNetwork', 10, 1, 0),
(118, 'Profile', 2, 1, 0),
(119, 'Profile', 3, 2, 0),
(120, 'Profile', 19, 3, 0),
(121, 'Transfer', 19, 1, 0),
(122, 'TicketValidation', 3, 1, 0),
(123, 'TicketValidation', 2, 2, 0),
(124, 'TicketValidation', 8, 3, 0),
(125, 'TicketValidation', 4, 4, 0),
(126, 'TicketValidation', 9, 5, 0),
(127, 'TicketValidation', 7, 6, 0),
(128, 'NotImportedEmail', 2, 1, 0),
(129, 'NotImportedEmail', 5, 2, 0),
(130, 'NotImportedEmail', 4, 3, 0),
(131, 'NotImportedEmail', 6, 4, 0),
(132, 'NotImportedEmail', 16, 5, 0),
(133, 'NotImportedEmail', 19, 6, 0),
(134, 'RuleRightParameter', 11, 1, 0),
(135, 'Ticket', 12, 1, 0),
(136, 'Ticket', 19, 2, 0),
(137, 'Ticket', 15, 3, 0),
(138, 'Ticket', 3, 4, 0),
(139, 'Ticket', 4, 5, 0),
(140, 'Ticket', 5, 6, 0),
(141, 'Ticket', 7, 7, 0),
(142, 'Calendar', 19, 1, 0),
(143, 'Holiday', 11, 1, 0),
(144, 'Holiday', 12, 2, 0),
(145, 'Holiday', 13, 3, 0),
(146, 'SLA', 4, 1, 0),
(147, 'Ticket', 18, 8, 0),
(148, 'AuthLDAP', 30, 3, 0),
(149, 'AuthMail', 6, 3, 0),
(150, 'FQDN', 11, 1, 0),
(151, 'FieldUnicity', 1, 1, 0),
(152, 'FieldUnicity', 80, 2, 0),
(153, 'FieldUnicity', 4, 3, 0),
(154, 'FieldUnicity', 3, 4, 0),
(155, 'FieldUnicity', 86, 5, 0),
(156, 'FieldUnicity', 30, 6, 0),
(157, 'Problem', 21, 1, 0),
(158, 'Problem', 12, 2, 0),
(159, 'Problem', 19, 3, 0),
(160, 'Problem', 15, 4, 0),
(161, 'Problem', 3, 5, 0),
(162, 'Problem', 7, 6, 0),
(163, 'Problem', 18, 7, 0),
(164, 'Vlan', 11, 1, 0),
(165, 'TicketRecurrent', 11, 1, 0),
(166, 'TicketRecurrent', 12, 2, 0),
(167, 'TicketRecurrent', 13, 3, 0),
(168, 'TicketRecurrent', 15, 4, 0),
(169, 'TicketRecurrent', 14, 5, 0),
(170, 'Reminder', 2, 1, 0),
(171, 'Reminder', 3, 2, 0),
(172, 'Reminder', 4, 3, 0),
(173, 'Reminder', 5, 4, 0),
(174, 'Reminder', 6, 5, 0),
(175, 'Reminder', 7, 6, 0),
(176, 'IPNetwork', 10, 2, 0),
(177, 'IPNetwork', 11, 3, 0),
(178, 'IPNetwork', 12, 4, 0),
(179, 'IPNetwork', 17, 5, 0),
(180, 'NetworkName', 12, 1, 0),
(181, 'NetworkName', 13, 2, 0),
(182, 'RSSFeed', 2, 1, 0),
(183, 'RSSFeed', 4, 2, 0),
(184, 'RSSFeed', 5, 3, 0),
(185, 'RSSFeed', 19, 4, 0),
(186, 'RSSFeed', 6, 5, 0),
(187, 'RSSFeed', 7, 6, 0),
(188, 'Blacklist', 12, 1, 0),
(189, 'Blacklist', 11, 2, 0),
(190, 'ReservationItem', 5, 3, 0),
(191, 'QueuedNotification', 16, 1, 0),
(192, 'QueuedNotification', 7, 2, 0),
(193, 'QueuedNotification', 20, 3, 0),
(194, 'QueuedNotification', 21, 4, 0),
(195, 'QueuedNotification', 22, 5, 0),
(196, 'QueuedNotification', 15, 6, 0),
(197, 'Change', 12, 1, 0),
(198, 'Change', 19, 2, 0),
(199, 'Change', 15, 3, 0),
(200, 'Change', 7, 4, 0),
(201, 'Change', 18, 5, 0),
(202, 'Project', 3, 1, 0),
(203, 'Project', 4, 2, 0),
(204, 'Project', 12, 3, 0),
(205, 'Project', 5, 4, 0),
(206, 'Project', 15, 5, 0),
(207, 'Project', 21, 6, 0),
(208, 'ProjectState', 12, 1, 0),
(209, 'ProjectState', 11, 2, 0),
(210, 'ProjectTask', 2, 1, 0),
(211, 'ProjectTask', 12, 2, 0),
(212, 'ProjectTask', 14, 3, 0),
(213, 'ProjectTask', 5, 4, 0),
(214, 'ProjectTask', 7, 5, 0),
(215, 'ProjectTask', 8, 6, 0),
(216, 'ProjectTask', 13, 7, 0),
(217, 'CartridgeItem', 9, 5, 0),
(218, 'ConsumableItem', 9, 5, 0),
(219, 'ReservationItem', 9, 4, 0),
(220, 'SoftwareLicense', 1, 1, 0),
(221, 'SoftwareLicense', 3, 2, 0),
(222, 'SoftwareLicense', 10, 3, 0),
(223, 'SoftwareLicense', 162, 4, 0),
(224, 'SoftwareLicense', 5, 5, 0),
(225, 'SavedSearch', 8, 1, 0),
(226, 'SavedSearch', 9, 1, 0),
(227, 'SavedSearch', 3, 1, 0),
(228, 'SavedSearch', 10, 1, 0),
(229, 'SavedSearch', 11, 1, 0),
(230, 'Plugin', 2, 1, 0),
(231, 'Plugin', 3, 2, 0),
(232, 'Plugin', 4, 3, 0),
(233, 'Plugin', 5, 4, 0),
(234, 'Plugin', 6, 5, 0),
(235, 'Plugin', 7, 6, 0),
(236, 'Plugin', 8, 7, 0),
(237, 'Cluster', 31, 1, 0),
(238, 'Cluster', 19, 2, 0),
(239, 'Domain', 3, 1, 0),
(240, 'Domain', 4, 2, 0),
(241, 'Domain', 2, 3, 0),
(242, 'Domain', 6, 4, 0),
(243, 'Domain', 7, 5, 0),
(244, 'DomainRecord', 2, 1, 0),
(245, 'DomainRecord', 3, 2, 0),
(246, 'Appliance', 2, 1, 0),
(247, 'Appliance', 3, 2, 0),
(248, 'Appliance', 4, 3, 0),
(249, 'Appliance', 5, 4, 0),
(250, 'Lockedfield', 3, 1, 0),
(251, 'Lockedfield', 13, 2, 0),
(252, 'Lockedfield', 5, 3, 0),
(253, 'Unmanaged', 2, 1, 0),
(254, 'Unmanaged', 4, 2, 0),
(255, 'Unmanaged', 3, 3, 0),
(256, 'Unmanaged', 5, 4, 0),
(257, 'Unmanaged', 7, 5, 0),
(258, 'Unmanaged', 10, 6, 0),
(259, 'Unmanaged', 18, 7, 0),
(260, 'Unmanaged', 14, 8, 0),
(261, 'Unmanaged', 15, 9, 0),
(262, 'Unmanaged', 9, 10, 0),
(263, 'NetworkPortType', 10, 1, 0),
(264, 'NetworkPortType', 11, 2, 0),
(265, 'NetworkPortType', 12, 3, 0),
(266, 'NetworkPort', 3, 1, 0),
(267, 'NetworkPort', 30, 2, 0),
(268, 'NetworkPort', 31, 3, 0),
(269, 'NetworkPort', 32, 4, 0),
(270, 'NetworkPort', 33, 5, 0),
(271, 'NetworkPort', 34, 6, 0),
(272, 'NetworkPort', 35, 7, 0),
(273, 'NetworkPort', 36, 8, 0),
(274, 'NetworkPort', 38, 9, 0),
(275, 'NetworkPort', 39, 10, 0),
(276, 'NetworkPort', 40, 11, 0),
(277, 'NetworkPort', 6, 12, 0),
(278, 'USBVendor', 10, 1, 0),
(279, 'USBVendor', 11, 2, 0),
(280, 'PCIVendor', 10, 1, 0),
(281, 'PCIVendor', 11, 2, 0),
(282, 'Agent', 2, 1, 0),
(283, 'Agent', 4, 2, 0),
(284, 'Agent', 10, 3, 0),
(285, 'Agent', 8, 4, 0),
(286, 'Agent', 11, 5, 0),
(287, 'Agent', 6, 6, 0),
(288, 'Agent', 15, 7, 0),
(289, 'Database', 2, 1, 0),
(290, 'Database', 3, 2, 0),
(291, 'Database', 6, 3, 0),
(292, 'Database', 9, 4, 0),
(293, 'Database', 10, 5, 0),
(294, 'Glpi\\Socket', 5, 1, 0),
(295, 'Glpi\\Socket', 6, 2, 0),
(296, 'Glpi\\Socket', 9, 3, 0),
(297, 'Glpi\\Socket', 8, 4, 0),
(298, 'Glpi\\Socket', 7, 5, 0),
(299, 'Cable', 4, 1, 0),
(300, 'Cable', 31, 2, 0),
(301, 'Cable', 6, 3, 0),
(302, 'Cable', 15, 4, 0),
(303, 'Cable', 24, 5, 0),
(304, 'Cable', 8, 6, 0),
(305, 'Cable', 10, 7, 0),
(306, 'Cable', 13, 8, 0),
(307, 'Cable', 14, 9, 0),
(308, 'PluginFusioninventoryAgent', 2, 1, 0),
(309, 'PluginFusioninventoryAgent', 4, 2, 0),
(310, 'PluginFusioninventoryAgent', 5, 3, 0),
(311, 'PluginFusioninventoryAgent', 6, 4, 0),
(312, 'PluginFusioninventoryAgent', 7, 5, 0),
(313, 'PluginFusioninventoryAgent', 8, 6, 0),
(314, 'PluginFusioninventoryAgent', 9, 7, 0),
(315, 'PluginFusioninventoryUnmanaged', 2, 1, 0),
(316, 'PluginFusioninventoryUnmanaged', 4, 2, 0),
(317, 'PluginFusioninventoryUnmanaged', 3, 3, 0),
(318, 'PluginFusioninventoryUnmanaged', 5, 4, 0),
(319, 'PluginFusioninventoryUnmanaged', 7, 5, 0),
(320, 'PluginFusioninventoryUnmanaged', 10, 6, 0),
(321, 'PluginFusioninventoryUnmanaged', 18, 8, 0),
(322, 'PluginFusioninventoryUnmanaged', 14, 9, 0),
(323, 'PluginFusioninventoryUnmanaged', 15, 10, 0),
(324, 'PluginFusioninventoryUnmanaged', 9, 11, 0),
(325, 'PluginFusioninventoryTask', 2, 1, 0),
(326, 'PluginFusioninventoryTask', 3, 2, 0),
(327, 'PluginFusioninventoryTask', 4, 3, 0),
(328, 'PluginFusioninventoryTask', 5, 4, 0),
(329, 'PluginFusioninventoryTask', 6, 5, 0),
(330, 'PluginFusioninventoryTask', 7, 6, 0),
(331, 'PluginFusioninventoryTask', 30, 7, 0),
(332, 'PluginFusioninventoryIPRange', 2, 1, 0),
(333, 'PluginFusioninventoryIPRange', 3, 2, 0),
(334, 'PluginFusioninventoryIPRange', 4, 3, 0),
(335, 'PluginFusioninventoryTaskjob', 1, 1, 0),
(336, 'PluginFusioninventoryTaskjob', 2, 2, 0),
(337, 'PluginFusioninventoryTaskjob', 3, 3, 0),
(338, 'PluginFusioninventoryTaskjob', 4, 4, 0),
(339, 'PluginFusioninventoryTaskjob', 5, 5, 0),
(340, 'PluginFusioninventoryInventoryComputerBlacklist', 2, 1, 0),
(341, 'PluginFusioninventoryTaskjoblog', 2, 1, 0),
(342, 'PluginFusioninventoryTaskjoblog', 3, 2, 0),
(343, 'PluginFusioninventoryTaskjoblog', 4, 3, 0),
(344, 'PluginFusioninventoryTaskjoblog', 5, 4, 0),
(345, 'PluginFusioninventoryTaskjoblog', 6, 5, 0),
(346, 'PluginFusioninventoryTaskjoblog', 7, 6, 0),
(347, 'PluginFusioninventoryTaskjoblog', 8, 7, 0),
(348, 'PluginFusioninventoryConfigSecurity', 3, 1, 0),
(349, 'PluginFusioninventoryConfigSecurity', 4, 2, 0),
(350, 'PluginFusioninventoryConfigSecurity', 5, 3, 0),
(351, 'PluginFusioninventoryConfigSecurity', 7, 4, 0),
(352, 'PluginFusioninventoryConfigSecurity', 8, 5, 0),
(353, 'PluginFusioninventoryConfigSecurity', 9, 6, 0),
(354, 'PluginFusioninventoryConfigSecurity', 10, 7, 0),
(355, 'PluginFusioninventoryNetworkEquipment', 2, 1, 0),
(356, 'PluginFusioninventoryNetworkEquipment', 3, 2, 0),
(357, 'PluginFusioninventoryNetworkEquipment', 4, 3, 0),
(358, 'PluginFusioninventoryNetworkEquipment', 5, 4, 0),
(359, 'PluginFusioninventoryNetworkEquipment', 6, 5, 0),
(360, 'PluginFusioninventoryNetworkEquipment', 7, 6, 0),
(361, 'PluginFusioninventoryNetworkEquipment', 8, 7, 0),
(362, 'PluginFusioninventoryNetworkEquipment', 9, 8, 0),
(363, 'PluginFusioninventoryNetworkEquipment', 10, 9, 0),
(364, 'PluginFusioninventoryNetworkEquipment', 11, 10, 0),
(365, 'PluginFusioninventoryNetworkEquipment', 14, 11, 0),
(366, 'PluginFusioninventoryNetworkEquipment', 12, 12, 0),
(367, 'PluginFusioninventoryNetworkEquipment', 13, 13, 0),
(368, 'PluginFusioninventoryNetworkPortLog', 2, 1, 0),
(369, 'PluginFusioninventoryNetworkPortLog', 3, 2, 0),
(370, 'PluginFusioninventoryNetworkPortLog', 4, 3, 0),
(371, 'PluginFusioninventoryNetworkPortLog', 5, 4, 0),
(372, 'PluginFusioninventoryNetworkPortLog', 6, 5, 0),
(373, 'PluginFusioninventoryNetworkPort', 3, 1, 0),
(374, 'PluginFusioninventoryNetworkPort', 5, 2, 0),
(375, 'PluginFusioninventoryNetworkPort', 6, 3, 0),
(376, 'PluginFusioninventoryNetworkPort', 7, 4, 0),
(377, 'PluginFusioninventoryNetworkPort', 8, 5, 0),
(378, 'PluginFusioninventoryNetworkPort', 9, 6, 0),
(379, 'PluginFusioninventoryNetworkPort', 10, 7, 0),
(380, 'PluginFusioninventoryNetworkPort', 11, 8, 0),
(381, 'PluginFusioninventoryNetworkPort', 12, 9, 0),
(382, 'PluginFusioninventoryNetworkPort', 13, 10, 0),
(383, 'PluginFusioninventoryNetworkPort', 14, 11, 0),
(384, 'PluginFusioninventoryStateDiscovery', 2, 1, 0),
(385, 'PluginFusioninventoryStateDiscovery', 4, 2, 0),
(386, 'PluginFusioninventoryStateDiscovery', 5, 3, 0),
(387, 'PluginFusioninventoryStateDiscovery', 6, 4, 0),
(388, 'PluginFusioninventoryStateDiscovery', 7, 5, 0),
(389, 'PluginFusioninventoryStateDiscovery', 8, 6, 0),
(390, 'PluginFusioninventoryStateDiscovery', 9, 7, 0),
(391, 'PluginFusioninventoryStateDiscovery', 10, 8, 0),
(392, 'PluginFusioninventoryStateDiscovery', 11, 9, 0),
(393, 'PluginFusioninventoryStateDiscovery', 12, 10, 0),
(394, 'PluginFusioninventoryCronTask', 2, 1, 0),
(395, 'PluginFusioninventoryCronTask', 3, 2, 0),
(396, 'PluginFusioninventoryCronTask', 4, 3, 0),
(397, 'PluginFusioninventoryCronTask', 5, 4, 0),
(398, 'PluginFusioninventoryCronTask', 6, 5, 0),
(399, 'PluginFusioninventoryCronTask', 7, 6, 0),
(400, 'PluginFusioninventoryCronTask', 8, 7, 0),
(401, 'PluginFusioninventoryCronTask', 9, 8, 0),
(402, 'PluginFusioninventoryCronTask', 10, 9, 0),
(403, 'PluginFusioninventoryCronTask', 11, 10, 0),
(404, 'PluginFusioninventoryCronTask', 12, 11, 0),
(405, 'PluginFusioninventoryCronTask', 13, 12, 0),
(406, 'PluginFusioninventoryCronTask', 14, 13, 0);

-- --------------------------------------------------------

--
-- Estructura de tabla para la tabla `glpi_documentcategories`
--

CREATE TABLE `glpi_documentcategories` (
  `id` int(10) UNSIGNED NOT NULL,
  `name` varchar(255) COLLATE utf8mb4_unicode_ci DEFAULT NULL,
  `comment` text COLLATE utf8mb4_unicode_ci,
  `documentcategories_id` int(10) UNSIGNED NOT NULL DEFAULT '0',
  `completename` text COLLATE utf8mb4_unicode_ci,
  `level` int(11) NOT NULL DEFAULT '0',
  `ancestors_cache` longtext COLLATE utf8mb4_unicode_ci,
  `sons_cache` longtext COLLATE utf8mb4_unicode_ci,
  `date_mod` timestamp NULL DEFAULT NULL,
  `date_creation` timestamp NULL DEFAULT NULL
) ENGINE=InnoDB DEFAULT CHARSET=utf8mb4 COLLATE=utf8mb4_unicode_ci ROW_FORMAT=DYNAMIC;

-- --------------------------------------------------------

--
-- Estructura de tabla para la tabla `glpi_documents`
--

CREATE TABLE `glpi_documents` (
  `id` int(10) UNSIGNED NOT NULL,
  `entities_id` int(10) UNSIGNED NOT NULL DEFAULT '0',
  `is_recursive` tinyint(4) NOT NULL DEFAULT '0',
  `name` varchar(255) COLLATE utf8mb4_unicode_ci DEFAULT NULL,
  `filename` varchar(255) COLLATE utf8mb4_unicode_ci DEFAULT NULL COMMENT 'for display and transfert',
  `filepath` varchar(255) COLLATE utf8mb4_unicode_ci DEFAULT NULL COMMENT 'file storage path',
  `documentcategories_id` int(10) UNSIGNED NOT NULL DEFAULT '0',
  `mime` varchar(255) COLLATE utf8mb4_unicode_ci DEFAULT NULL,
  `date_mod` timestamp NULL DEFAULT NULL,
  `comment` text COLLATE utf8mb4_unicode_ci,
  `is_deleted` tinyint(4) NOT NULL DEFAULT '0',
  `link` varchar(255) COLLATE utf8mb4_unicode_ci DEFAULT NULL,
  `users_id` int(10) UNSIGNED NOT NULL DEFAULT '0',
  `tickets_id` int(10) UNSIGNED NOT NULL DEFAULT '0',
  `sha1sum` char(40) COLLATE utf8mb4_unicode_ci DEFAULT NULL,
  `is_blacklisted` tinyint(4) NOT NULL DEFAULT '0',
  `tag` varchar(255) COLLATE utf8mb4_unicode_ci DEFAULT NULL,
  `date_creation` timestamp NULL DEFAULT NULL
) ENGINE=InnoDB DEFAULT CHARSET=utf8mb4 COLLATE=utf8mb4_unicode_ci ROW_FORMAT=DYNAMIC;

--
-- Volcado de datos para la tabla `glpi_documents`
--

INSERT INTO `glpi_documents` (`id`, `entities_id`, `is_recursive`, `name`, `filename`, `filepath`, `documentcategories_id`, `mime`, `date_mod`, `comment`, `is_deleted`, `link`, `users_id`, `tickets_id`, `sha1sum`, `is_blacklisted`, `tag`, `date_creation`) VALUES
(1, 0, 0, 'Captura de Pantalla 2024-08-20 a la(s) 12.56.36 p.m..png', 'Captura de Pantalla 2024-08-20 a la(s) 12.56.36 p.m..png', 'PNG/28/b20bf7aa0d60c39ab9ef881f7798d5555e3b45.PNG', 0, 'image/png', '2024-08-21 10:01:56', NULL, 0, NULL, 11, 0, '28b20bf7aa0d60c39ab9ef881f7798d5555e3b45', 0, 'f073713c-8f4644df-66c574bae09639.35175460', '2024-08-21 10:01:56'),
(2, 0, 0, 'Captura de Pantalla 2024-08-20 a la(s) 12.55.17 p.m..png', 'Captura de Pantalla 2024-08-20 a la(s) 12.55.17 p.m..png', 'PNG/85/d6e40c62f719eb7c102a0fb7dc3263a68a0356.PNG', 0, 'image/png', '2024-08-21 10:01:56', NULL, 0, NULL, 11, 0, '85d6e40c62f719eb7c102a0fb7dc3263a68a0356', 0, 'f073713c-8f4644df-66c574bb96e1f5.56162383', '2024-08-21 10:01:56'),
(3, 0, 0, 'Captura de Pantalla 2024-08-20 a la(s) 12.53.30 p.m..png', 'Captura de Pantalla 2024-08-20 a la(s) 12.53.30 p.m..png', 'PNG/d6/4dee06b73ec0994d87eb36acc5e2a41255e92d.PNG', 0, 'image/png', '2024-08-21 10:01:56', NULL, 0, NULL, 11, 0, 'd64dee06b73ec0994d87eb36acc5e2a41255e92d', 0, 'f073713c-8f4644df-66c574bbbdcd67.74322147', '2024-08-21 10:01:56'),
(4, 7, 0, 'Documento de caso 5', 'Captura de Pantalla 2024-08-20 a la(s) 4.52.46 p.m..png', 'PNG/22/761c27030864f217ce492a2d9db27d0091856b.PNG', 0, 'image/png', '2024-08-21 10:07:06', NULL, 0, NULL, 11, 5, '22761c27030864f217ce492a2d9db27d0091856b', 0, 'f073713c-8f4644df-66c575ed938156.98369700', '2024-08-21 10:07:06'),
(5, 7, 0, 'Documento de caso 5', 'Captura de Pantalla 2024-08-20 a la(s) 4.52.41 p.m..png', 'PNG/30/f1b504c2019d9893ccb30809fd09f90052eb4b.PNG', 0, 'image/png', '2024-08-21 10:07:06', NULL, 0, NULL, 11, 5, '30f1b504c2019d9893ccb30809fd09f90052eb4b', 0, 'f073713c-8f4644df-66c575eda5f5f7.76013590', '2024-08-21 10:07:06'),
(6, 7, 0, 'Documento de caso 5', 'Captura de Pantalla 2024-08-20 a la(s) 4.51.14 p.m..png', 'PNG/e8/97ad8f8305f1eb8f1c569d885a4f3c367b3280.PNG', 0, 'image/png', '2024-08-21 10:07:06', NULL, 0, NULL, 11, 5, 'e897ad8f8305f1eb8f1c569d885a4f3c367b3280', 0, 'f073713c-8f4644df-66c575edb9f5a0.09368439', '2024-08-21 10:07:06'),
(7, 7, 0, 'Documento de caso 5', 'Captura de Pantalla 2024-08-20 a la(s) 5.00.08 p.m..png', 'PNG/a0/0d4e0300c8017b9e2f852733647870b23d49f5.PNG', 0, 'image/png', '2024-08-21 10:07:06', NULL, 0, NULL, 11, 5, 'a00d4e0300c8017b9e2f852733647870b23d49f5', 0, 'f073713c-8f4644df-66c575edcd7c32.44733535', '2024-08-21 10:07:06'),
(8, 0, 0, 'Documento de caso 6', 'Captura de Pantalla 2024-08-15 a la(s) 9.06.21 a.m..png', 'PNG/06/a248041d420507291081a9bb40c549b1d1a7e3.PNG', 0, 'image/png', '2024-08-21 10:45:50', NULL, 0, NULL, 11, 6, '06a248041d420507291081a9bb40c549b1d1a7e3', 0, 'f073713c-8f4644df-66c57db297c266.80269672', '2024-08-21 10:45:50'),
(9, 0, 0, 'Documento de caso 6', 'Captura de Pantalla 2024-08-16 a la(s) 11.13.21 p.m..png', 'PNG/66/bbd947e77238bb718a67c7ecefdacfb604f6eb.PNG', 0, 'image/png', '2024-08-21 10:45:50', NULL, 0, NULL, 11, 6, '66bbd947e77238bb718a67c7ecefdacfb604f6eb', 0, 'f073713c-8f4644df-66c57db2afe194.86933480', '2024-08-21 10:45:50'),
(10, 0, 0, 'Documento de caso 6', 'Captura de Pantalla 2024-08-16 a la(s) 11.15.53 p.m..png', 'PNG/bb/0359011f14cd06357e1886c3ca4a2ccad74f2f.PNG', 0, 'image/png', '2024-08-21 10:45:50', NULL, 0, NULL, 11, 6, 'bb0359011f14cd06357e1886c3ca4a2ccad74f2f', 0, 'f073713c-8f4644df-66c57db2c797e1.08733264', '2024-08-21 10:45:50'),
(11, 0, 0, 'Documento de caso 6', '2D53F333-CA5D-42B1-BFEF-8F106AC7D5E9.JPG', 'JPG/49/d33a10a568f2e14a9ff3f0ea880736d23737d3.JPG', 0, 'image/jpeg', '2024-08-21 10:45:50', NULL, 0, NULL, 11, 6, '49d33a10a568f2e14a9ff3f0ea880736d23737d3', 0, 'f073713c-8f4644df-66c57db3051553.19284912', '2024-08-21 10:45:50'),
(12, 0, 0, 'Documento de caso 6', 'Captura de Pantalla 2024-08-16 a la(s) 11.27.08 p.m..png', 'PNG/3c/7c7c218df74e03220611dcfc189dad9640a197.PNG', 0, 'image/png', '2024-08-21 10:45:50', NULL, 0, NULL, 11, 6, '3c7c7c218df74e03220611dcfc189dad9640a197', 0, 'f073713c-8f4644df-66c57db32608e4.68024920', '2024-08-21 10:45:50'),
(13, 0, 0, 'Documento de caso 6', 'Captura de Pantalla 2024-08-16 a la(s) 11.16.49 p.m..png', 'PNG/ad/0bbfb18969d3b1dad3d7cf2847e822e518f26a.PNG', 0, 'image/png', '2024-08-21 10:45:50', NULL, 0, NULL, 11, 6, 'ad0bbfb18969d3b1dad3d7cf2847e822e518f26a', 0, 'f073713c-8f4644df-66c57db3393282.93572675', '2024-08-21 10:45:50'),
(14, 0, 0, 'Documento de caso 6', '8AFF7786-5CAE-4DD6-98B9-FBFFDFE4CCDA.JPG', 'JPG/8a/2a57adcbab00bdbc65deb87e803a57f8f5ca0c.JPG', 0, 'image/jpeg', '2024-08-21 10:45:50', NULL, 0, NULL, 11, 6, '8a2a57adcbab00bdbc65deb87e803a57f8f5ca0c', 0, 'f073713c-8f4644df-66c57db35e5d85.44922260', '2024-08-21 10:45:50'),
(15, 0, 0, 'Documento de caso 6', 'E3255EDE-4E47-4970-B0B5-E97019E1B8A2.JPG', 'JPG/0a/1f1ab37187cd2ac4aaa170f523a26e7dd35045.JPG', 0, 'image/jpeg', '2024-08-21 10:45:50', NULL, 0, NULL, 11, 6, '0a1f1ab37187cd2ac4aaa170f523a26e7dd35045', 0, 'f073713c-8f4644df-66c57db44ef621.86924617', '2024-08-21 10:45:50'),
(16, 0, 0, 'Documento de caso 6', 'ABB3536B-4D05-4959-A490-44B398F4F0C2.JPG', 'JPG/a0/dfd3f09421fa83fdc83cb17d13b3f43ecb0022.JPG', 0, 'image/jpeg', '2024-08-21 10:45:50', NULL, 0, NULL, 11, 6, 'a0dfd3f09421fa83fdc83cb17d13b3f43ecb0022', 0, 'f073713c-8f4644df-66c57db8331529.16390521', '2024-08-21 10:45:50'),
(17, 0, 0, 'Documento de caso 6', 'IMG_3996.MOV', 'MOV/0b/7f0313e203c1ce3af5ae961357d52f16954093.MOV', 0, 'video/quicktime', '2024-08-21 10:45:50', NULL, 0, NULL, 11, 6, '0b7f0313e203c1ce3af5ae961357d52f16954093', 0, 'f073713c-8f4644df-66c57dbe274fa5.27221692', '2024-08-21 10:45:50'),
(18, 7, 0, 'Documento de caso 7', 'image_paste9045043.png', 'PNG/d1/f34bc674474abec6ea1945bf7517f92dac8038.PNG', 0, 'image/png', '2024-08-21 21:55:13', NULL, 0, NULL, 11, 7, 'd1f34bc674474abec6ea1945bf7517f92dac8038', 0, 'f073713c-8f4644df-66c61bb9062ae8.53012707', '2024-08-21 21:55:13'),
(19, 7, 0, 'Documento de caso 7', 'image_paste2756600.png', 'PNG/5d/ca60abe6407c812ab723f4a452db80d3ef565b.PNG', 0, 'image/png', '2024-08-21 21:55:13', NULL, 0, NULL, 11, 7, '5dca60abe6407c812ab723f4a452db80d3ef565b', 0, 'f073713c-8f4644df-66c61bb9ae0355.83278628', '2024-08-21 21:55:13'),
(20, 7, 0, 'Documento de caso 7', 'image_paste1874683.png', 'PNG/38/c1368be99b97a723a6c7e81af2b33575232fb2.PNG', 0, 'image/png', '2024-08-21 21:55:13', NULL, 0, NULL, 11, 7, '38c1368be99b97a723a6c7e81af2b33575232fb2', 0, 'f073713c-8f4644df-66c61bba9da6a3.70031854', '2024-08-21 21:55:13'),
(21, 13, 0, 'Documento de caso 8', 'image_paste388617.png', 'PNG/b0/1a32f15c3fdfa72559953937b9b1ebac9d836e.PNG', 0, 'image/png', '2024-08-21 22:53:11', NULL, 0, NULL, 11, 8, 'b01a32f15c3fdfa72559953937b9b1ebac9d836e', 0, 'f073713c-8f4644df-66c628dded04a8.80066746', '2024-08-21 22:53:11'),
(22, 13, 0, 'Documento de caso 8', 'image_paste1366703.png', 'PNG/53/c6e8d0e76c03b07bd19ef938004ea26eb5d2bd.PNG', 0, 'image/png', '2024-08-21 22:53:11', NULL, 0, NULL, 11, 8, '53c6e8d0e76c03b07bd19ef938004ea26eb5d2bd', 0, 'f073713c-8f4644df-66c628de1ff2a5.33883303', '2024-08-21 22:53:11'),
(23, 13, 0, 'Documento de caso 8', 'image_paste3193615.png', 'PNG/8a/c9d7dbffcf41274e54f5cdacbb6d9e9432758a.PNG', 0, 'image/png', '2024-08-21 22:53:11', NULL, 0, NULL, 11, 8, '8ac9d7dbffcf41274e54f5cdacbb6d9e9432758a', 0, 'f073713c-8f4644df-66c628de324f94.91711730', '2024-08-21 22:53:11'),
(24, 13, 0, 'Documento de caso 8', 'image_paste5661398.png', 'PNG/9a/e95f933e0f7fe5791a5019cc194b8822b53084.PNG', 0, 'image/png', '2024-08-21 22:53:11', NULL, 0, NULL, 11, 8, '9ae95f933e0f7fe5791a5019cc194b8822b53084', 0, 'f073713c-8f4644df-66c628e70563c0.44838474', '2024-08-21 22:53:11'),
(25, 13, 0, 'Documento de caso 8', 'image_paste6476384.png', 'PNG/65/371b30d453089487a5d7894476e379236c2ee8.PNG', 0, 'image/png', '2024-08-21 22:53:11', NULL, 0, NULL, 11, 8, '65371b30d453089487a5d7894476e379236c2ee8', 0, 'f073713c-8f4644df-66c628e740de75.03120916', '2024-08-21 22:53:11'),
(26, 3, 0, 'Documento de caso 10', 'image_paste7446154.png', 'PNG/c0/23be8236220d94801190045d3ea4f461039340.PNG', 0, 'image/png', '2024-08-22 21:42:40', NULL, 0, NULL, 11, 10, 'c023be8236220d94801190045d3ea4f461039340', 0, 'f073713c-8f4644df-66c76a3cb673c4.95177522', '2024-08-22 21:42:40'),
(27, 3, 0, 'image_paste7754655.png', 'image_paste7754655.png', 'PNG/14/e8089eaba38f561dd77f6afdd5900c3b9e090e.PNG', 0, 'image/png', '2024-08-22 23:26:14', NULL, 0, NULL, 11, 0, '14e8089eaba38f561dd77f6afdd5900c3b9e090e', 0, 'f073713c-8f4644df-66c782be148bc5.07743854', '2024-08-22 23:26:14'),
(28, 3, 0, 'image_paste4238931.png', 'image_paste4238931.png', 'PNG/dc/dc35bfb6d55ae32a565d082376437a2364444c.PNG', 0, 'image/png', '2024-08-22 23:26:14', NULL, 0, NULL, 11, 0, 'dcdc35bfb6d55ae32a565d082376437a2364444c', 0, 'f073713c-8f4644df-66c782be4fe527.63223877', '2024-08-22 23:26:14'),
(29, 3, 0, 'image_paste9149805.png', 'image_paste9149805.png', 'PNG/b3/6593630557d3badc5251e704ea1b8272665161.PNG', 0, 'image/png', '2024-08-22 23:26:14', NULL, 0, NULL, 11, 0, 'b36593630557d3badc5251e704ea1b8272665161', 0, 'f073713c-8f4644df-66c782be627242.28607890', '2024-08-22 23:26:14'),
(30, 3, 0, 'image_paste3048787.png', 'image_paste3048787.png', 'PNG/af/1c4f7889a84901052e57b4f24b3d9233d608bc.PNG', 0, 'image/png', '2024-08-22 23:26:14', NULL, 0, NULL, 11, 0, 'af1c4f7889a84901052e57b4f24b3d9233d608bc', 0, 'f073713c-8f4644df-66c782be892dc0.53987340', '2024-08-22 23:26:14'),
(31, 3, 0, 'image_paste6636952.png', 'image_paste6636952.png', 'PNG/ee/8cdbfb37407ef9216a93ab25568a8450873dcd.PNG', 0, 'image/png', '2024-08-22 23:26:14', NULL, 0, NULL, 11, 0, 'ee8cdbfb37407ef9216a93ab25568a8450873dcd', 0, 'f073713c-8f4644df-66c782be9a52f9.54146325', '2024-08-22 23:26:14'),
(32, 3, 0, 'image_paste7789294.png', 'image_paste7789294.png', 'PNG/62/cccc1af4ba0e3d5d7cd883413acb8380cafae3.PNG', 0, 'image/png', '2024-08-22 23:26:14', NULL, 0, NULL, 11, 0, '62cccc1af4ba0e3d5d7cd883413acb8380cafae3', 0, 'f073713c-8f4644df-66c782bebdd524.43617394', '2024-08-22 23:26:14'),
(33, 3, 0, 'image_paste9080348.png', 'image_paste9080348.png', 'PNG/0a/5d3b83607a2f9b8b60c862fb3cf19f1ea4c95d.PNG', 0, 'image/png', '2024-08-22 23:26:14', NULL, 0, NULL, 11, 0, '0a5d3b83607a2f9b8b60c862fb3cf19f1ea4c95d', 0, 'f073713c-8f4644df-66c782bf66cdf1.58527999', '2024-08-22 23:26:14'),
(34, 0, 0, 'Captura de Pantalla 2024-08-21 a la(s) 6.26.54 p.m..png', 'Captura de Pantalla 2024-08-21 a la(s) 6.26.54 p.m..png', 'PNG/e4/2ebb22b673588456a3544224bb7227cb6f69b6.PNG', 0, 'image/png', '2024-08-22 23:38:41', NULL, 0, NULL, 11, 0, 'e42ebb22b673588456a3544224bb7227cb6f69b6', 0, 'f073713c-8f4644df-66c7855e8c4551.85955107', '2024-08-22 23:38:41'),
(35, 0, 0, 'Captura de Pantalla 2024-08-21 a la(s) 7.29.18 p.m..png', 'Captura de Pantalla 2024-08-21 a la(s) 7.29.18 p.m..png', 'PNG/28/fa359d12937184bc308cd0c6f31a4b1a335e5d.PNG', 0, 'image/png', '2024-08-22 23:38:41', NULL, 0, NULL, 11, 0, '28fa359d12937184bc308cd0c6f31a4b1a335e5d', 0, 'f073713c-8f4644df-66c7855ea80198.22350485', '2024-08-22 23:38:41'),
(36, 0, 0, 'Captura de Pantalla 2024-08-21 a la(s) 6.54.01 p.m..png', 'Captura de Pantalla 2024-08-21 a la(s) 6.54.01 p.m..png', 'PNG/10/f58c2c2823c486a422ecdc09a01103555b5050.PNG', 0, 'image/png', '2024-08-22 23:38:41', NULL, 0, NULL, 11, 0, '10f58c2c2823c486a422ecdc09a01103555b5050', 0, 'f073713c-8f4644df-66c7855ebaeb07.12739813', '2024-08-22 23:38:41'),
(37, 0, 0, 'Captura de Pantalla 2024-08-21 a la(s) 7.14.35 p.m..png', 'Captura de Pantalla 2024-08-21 a la(s) 7.14.35 p.m..png', 'PNG/58/31ff20057ce8a401e819cdb6b5a8cda048ac81.PNG', 0, 'image/png', '2024-08-22 23:38:41', NULL, 0, NULL, 11, 0, '5831ff20057ce8a401e819cdb6b5a8cda048ac81', 0, 'f073713c-8f4644df-66c7855ecda3f4.73614871', '2024-08-22 23:38:41'),
(38, 0, 0, 'Captura de Pantalla 2024-08-21 a la(s) 7.27.12 p.m..png', 'Captura de Pantalla 2024-08-21 a la(s) 7.27.12 p.m..png', 'PNG/b1/daae843113e04f9c21bc98eadda3e2fc58b087.PNG', 0, 'image/png', '2024-08-22 23:38:41', NULL, 0, NULL, 11, 0, 'b1daae843113e04f9c21bc98eadda3e2fc58b087', 0, 'f073713c-8f4644df-66c7855edfc506.11819211', '2024-08-22 23:38:41'),
(39, 0, 0, 'Captura de Pantalla 2024-08-21 a la(s) 7.24.32 p.m..png', 'Captura de Pantalla 2024-08-21 a la(s) 7.24.32 p.m..png', 'PNG/46/388d89d97a63b43dae7fbb5022e5d54aa1f99c.PNG', 0, 'image/png', '2024-08-22 23:38:41', NULL, 0, NULL, 11, 0, '46388d89d97a63b43dae7fbb5022e5d54aa1f99c', 0, 'f073713c-8f4644df-66c7855ef03344.14385532', '2024-08-22 23:38:41'),
(40, 15, 0, 'Captura de Pantalla 2024-08-23 a la(s) 1.51.33 p.m..png', 'Captura de Pantalla 2024-08-23 a la(s) 1.51.33 p.m..png', 'PNG/e4/f27ead552389fda4f441f4a503e9c8218eae26.PNG', 0, 'image/png', '2024-08-23 23:53:25', NULL, 0, NULL, 11, 0, 'e4f27ead552389fda4f441f4a503e9c8218eae26', 0, 'f073713c-8f4644df-66c8da9e7c9bb3.81178865', '2024-08-23 23:53:25'),
(41, 7, 0, 'Documento de caso 11', 'image_paste8697609.jpeg', 'JPEG/b1/ad76c3e063ad9c2578d8375b8de7850e9ea2f6.JPEG', 0, 'image/jpeg', '2024-08-25 22:06:06', NULL, 0, NULL, 11, 11, 'b1ad76c3e063ad9c2578d8375b8de7850e9ea2f6', 0, 'f073713c-8f4644df-66cb63af54e0f4.72142543', '2024-08-25 22:06:06'),
(42, 0, 0, 'Documento de caso 20', 'image_paste2369176.png', 'PNG/ba/78f97de329f0a9d5b5ba20845456aae966e18c.PNG', 0, 'image/png', '2024-08-29 03:43:19', NULL, 0, NULL, 11, 20, 'ba78f97de329f0a9d5b5ba20845456aae966e18c', 0, 'f073713c-8f4644df-66cfa78ddfca82.40231402', '2024-08-29 03:43:19'),
(43, 0, 0, 'Screenshot_1.png', 'Screenshot_1.png', 'PNG/98/5c8b50c496dc8c89cb82039270b397aea0fcb9.PNG', 0, 'image/png', '2024-09-03 01:05:05', NULL, 0, NULL, 8, 0, '985c8b50c496dc8c89cb82039270b397aea0fcb9', 0, 'f073713c-8f4644df-66d61a60f32710.27346386', '2024-09-03 01:05:05'),
(44, 0, 0, 'Screenshot_1.png', 'Screenshot_1.png', 'PNG/50/a58e6a5ae7f8544852389f554430ff21f7debb.PNG', 0, 'image/png', '2024-09-03 01:09:47', NULL, 0, NULL, 8, 0, '50a58e6a5ae7f8544852389f554430ff21f7debb', 0, 'f073713c-8f4644df-66d61b71a10873.22223260', '2024-09-03 01:09:47'),
(45, 0, 0, 'Screenshot_1.png', 'Screenshot_1.png', 'PNG/8d/cedd8ad8a538fe5df7ce2d0371b0a68e2409fa.PNG', 0, 'image/png', '2024-09-03 01:14:16', NULL, 0, NULL, 8, 0, '8dcedd8ad8a538fe5df7ce2d0371b0a68e2409fa', 0, 'f073713c-8f4644df-66d61c932025b7.86053976', '2024-09-03 01:14:16'),
(46, 0, 0, 'a8afe480-1997-40fc-bbfa-1f93ebb9b4d5.jpeg', 'a8afe480-1997-40fc-bbfa-1f93ebb9b4d5.jpeg', 'JPEG/27/b205d30c1b3f5425d3e055731e88045d518a7e.JPEG', 0, 'image/jpeg', '2024-09-03 01:25:03', NULL, 0, NULL, 8, 0, '27b205d30c1b3f5425d3e055731e88045d518a7e', 0, 'f073713c-8f4644df-66d61efad877a8.10466755', '2024-09-03 01:25:03');

-- --------------------------------------------------------

--
-- Estructura de tabla para la tabla `glpi_documents_items`
--

CREATE TABLE `glpi_documents_items` (
  `id` int(10) UNSIGNED NOT NULL,
  `documents_id` int(10) UNSIGNED NOT NULL DEFAULT '0',
  `items_id` int(10) UNSIGNED NOT NULL DEFAULT '0',
  `itemtype` varchar(100) COLLATE utf8mb4_unicode_ci NOT NULL,
  `entities_id` int(10) UNSIGNED NOT NULL DEFAULT '0',
  `is_recursive` tinyint(4) NOT NULL DEFAULT '0',
  `date_mod` timestamp NULL DEFAULT NULL,
  `users_id` int(10) UNSIGNED DEFAULT '0',
  `timeline_position` tinyint(4) NOT NULL DEFAULT '0',
  `date_creation` timestamp NULL DEFAULT NULL,
  `date` timestamp NULL DEFAULT NULL
) ENGINE=InnoDB DEFAULT CHARSET=utf8mb4 COLLATE=utf8mb4_unicode_ci ROW_FORMAT=DYNAMIC;

--
-- Volcado de datos para la tabla `glpi_documents_items`
--

INSERT INTO `glpi_documents_items` (`id`, `documents_id`, `items_id`, `itemtype`, `entities_id`, `is_recursive`, `date_mod`, `users_id`, `timeline_position`, `date_creation`, `date`) VALUES
(1, 1, 2, 'ITILFollowup', 0, 0, '2024-08-21 10:01:56', 11, 1, '2024-08-21 10:01:56', '2024-08-21 10:01:56'),
(2, 2, 2, 'ITILFollowup', 0, 0, '2024-08-21 10:01:56', 11, 1, '2024-08-21 10:01:56', '2024-08-21 10:01:56'),
(3, 3, 2, 'ITILFollowup', 0, 0, '2024-08-21 10:01:56', 11, 1, '2024-08-21 10:01:56', '2024-08-21 10:01:56'),
(4, 4, 5, 'Ticket', 7, 0, '2024-08-21 10:07:06', 11, 1, '2024-08-21 10:07:06', '2024-08-21 10:07:06'),
(5, 5, 5, 'Ticket', 7, 0, '2024-08-21 10:07:06', 11, 1, '2024-08-21 10:07:06', '2024-08-21 10:07:06'),
(6, 6, 5, 'Ticket', 7, 0, '2024-08-21 10:07:06', 11, 1, '2024-08-21 10:07:06', '2024-08-21 10:07:06'),
(7, 7, 5, 'Ticket', 7, 0, '2024-08-21 10:07:06', 11, 1, '2024-08-21 10:07:06', '2024-08-21 10:07:06'),
(8, 8, 6, 'Ticket', 0, 0, '2024-08-21 10:45:50', 11, 1, '2024-08-21 10:45:50', '2024-08-21 10:45:50'),
(9, 9, 6, 'Ticket', 0, 0, '2024-08-21 10:45:50', 11, 1, '2024-08-21 10:45:50', '2024-08-21 10:45:50'),
(10, 10, 6, 'Ticket', 0, 0, '2024-08-21 10:45:50', 11, 1, '2024-08-21 10:45:50', '2024-08-21 10:45:50'),
(11, 11, 6, 'Ticket', 0, 0, '2024-08-21 10:45:50', 11, 1, '2024-08-21 10:45:50', '2024-08-21 10:45:50'),
(12, 12, 6, 'Ticket', 0, 0, '2024-08-21 10:45:50', 11, 1, '2024-08-21 10:45:50', '2024-08-21 10:45:50'),
(13, 13, 6, 'Ticket', 0, 0, '2024-08-21 10:45:50', 11, 1, '2024-08-21 10:45:50', '2024-08-21 10:45:50'),
(14, 14, 6, 'Ticket', 0, 0, '2024-08-21 10:45:50', 11, 1, '2024-08-21 10:45:50', '2024-08-21 10:45:50'),
(15, 15, 6, 'Ticket', 0, 0, '2024-08-21 10:45:50', 11, 1, '2024-08-21 10:45:50', '2024-08-21 10:45:50'),
(16, 16, 6, 'Ticket', 0, 0, '2024-08-21 10:45:50', 11, 1, '2024-08-21 10:45:50', '2024-08-21 10:45:50'),
(17, 17, 6, 'Ticket', 0, 0, '2024-08-21 10:45:50', 11, 1, '2024-08-21 10:45:50', '2024-08-21 10:45:50'),
(18, 18, 7, 'Ticket', 7, 0, '2024-08-21 21:55:13', 11, -1, '2024-08-21 21:55:13', '2024-08-21 21:55:13'),
(19, 19, 7, 'Ticket', 7, 0, '2024-08-21 21:55:13', 11, -1, '2024-08-21 21:55:13', '2024-08-21 21:55:13'),
(20, 20, 7, 'Ticket', 7, 0, '2024-08-21 21:55:13', 11, -1, '2024-08-21 21:55:13', '2024-08-21 21:55:13'),
(21, 21, 8, 'Ticket', 13, 0, '2024-08-21 22:53:11', 11, -1, '2024-08-21 22:53:11', '2024-08-21 22:53:11'),
(22, 22, 8, 'Ticket', 13, 0, '2024-08-21 22:53:11', 11, -1, '2024-08-21 22:53:11', '2024-08-21 22:53:11'),
(23, 23, 8, 'Ticket', 13, 0, '2024-08-21 22:53:11', 11, -1, '2024-08-21 22:53:11', '2024-08-21 22:53:11'),
(24, 24, 8, 'Ticket', 13, 0, '2024-08-21 22:53:11', 11, -1, '2024-08-21 22:53:11', '2024-08-21 22:53:11'),
(25, 25, 8, 'Ticket', 13, 0, '2024-08-21 22:53:11', 11, -1, '2024-08-21 22:53:11', '2024-08-21 22:53:11'),
(26, 26, 10, 'Ticket', 3, 0, '2024-08-22 21:42:40', 11, -1, '2024-08-22 21:42:40', '2024-08-22 21:42:40'),
(27, 27, 3, 'ITILFollowup', 3, 0, '2024-08-22 23:26:14', 11, -1, '2024-08-22 23:26:14', '2024-08-22 23:26:14'),
(28, 28, 3, 'ITILFollowup', 3, 0, '2024-08-22 23:26:14', 11, -1, '2024-08-22 23:26:14', '2024-08-22 23:26:14'),
(29, 29, 3, 'ITILFollowup', 3, 0, '2024-08-22 23:26:14', 11, -1, '2024-08-22 23:26:14', '2024-08-22 23:26:14'),
(30, 30, 3, 'ITILFollowup', 3, 0, '2024-08-22 23:26:14', 11, -1, '2024-08-22 23:26:14', '2024-08-22 23:26:14'),
(31, 31, 3, 'ITILFollowup', 3, 0, '2024-08-22 23:26:14', 11, -1, '2024-08-22 23:26:14', '2024-08-22 23:26:14'),
(32, 32, 3, 'ITILFollowup', 3, 0, '2024-08-22 23:26:14', 11, -1, '2024-08-22 23:26:14', '2024-08-22 23:26:14'),
(33, 33, 3, 'ITILFollowup', 3, 0, '2024-08-22 23:26:14', 11, -1, '2024-08-22 23:26:14', '2024-08-22 23:26:14'),
(34, 34, 2, 'ITILSolution', 0, 0, '2024-08-22 23:38:41', 11, 0, '2024-08-22 23:38:41', '2024-08-22 23:38:41'),
(35, 35, 2, 'ITILSolution', 0, 0, '2024-08-22 23:38:41', 11, 0, '2024-08-22 23:38:41', '2024-08-22 23:38:41'),
(36, 36, 2, 'ITILSolution', 0, 0, '2024-08-22 23:38:41', 11, 0, '2024-08-22 23:38:41', '2024-08-22 23:38:41'),
(37, 37, 2, 'ITILSolution', 0, 0, '2024-08-22 23:38:41', 11, 0, '2024-08-22 23:38:41', '2024-08-22 23:38:41'),
(38, 38, 2, 'ITILSolution', 0, 0, '2024-08-22 23:38:41', 11, 0, '2024-08-22 23:38:41', '2024-08-22 23:38:41'),
(39, 39, 2, 'ITILSolution', 0, 0, '2024-08-22 23:38:41', 11, 0, '2024-08-22 23:38:41', '2024-08-22 23:38:41'),
(40, 40, 7, 'TicketTask', 15, 0, '2024-08-23 23:53:25', 11, 1, '2024-08-23 23:53:25', '2024-08-23 23:53:25'),
(41, 41, 11, 'Ticket', 7, 0, '2024-08-25 22:06:06', 11, -1, '2024-08-25 22:06:06', '2024-08-25 22:06:06'),
(42, 42, 20, 'Ticket', 0, 0, '2024-08-29 03:43:19', 11, -1, '2024-08-29 03:43:19', '2024-08-29 03:43:19'),
(43, 43, 5, 'ITILSolution', 0, 0, '2024-09-03 01:05:05', 8, 0, '2024-09-03 01:05:05', '2024-09-03 01:05:05'),
(44, 44, 6, 'ITILSolution', 0, 0, '2024-09-03 01:09:47', 8, 0, '2024-09-03 01:09:47', '2024-09-03 01:09:47'),
(45, 45, 7, 'ITILSolution', 0, 0, '2024-09-03 01:14:16', 8, 0, '2024-09-03 01:14:16', '2024-09-03 01:14:16'),
(46, 46, 8, 'ITILSolution', 0, 0, '2024-09-03 01:25:03', 8, 0, '2024-09-03 01:25:03', '2024-09-03 01:25:03');

-- --------------------------------------------------------

--
-- Estructura de tabla para la tabla `glpi_documenttypes`
--

CREATE TABLE `glpi_documenttypes` (
  `id` int(10) UNSIGNED NOT NULL,
  `name` varchar(255) COLLATE utf8mb4_unicode_ci DEFAULT NULL,
  `ext` varchar(255) COLLATE utf8mb4_unicode_ci DEFAULT NULL,
  `icon` varchar(255) COLLATE utf8mb4_unicode_ci DEFAULT NULL,
  `mime` varchar(255) COLLATE utf8mb4_unicode_ci DEFAULT NULL,
  `is_uploadable` tinyint(4) NOT NULL DEFAULT '1',
  `date_mod` timestamp NULL DEFAULT NULL,
  `comment` text COLLATE utf8mb4_unicode_ci,
  `date_creation` timestamp NULL DEFAULT NULL
) ENGINE=InnoDB DEFAULT CHARSET=utf8mb4 COLLATE=utf8mb4_unicode_ci ROW_FORMAT=DYNAMIC;

--
-- Volcado de datos para la tabla `glpi_documenttypes`
--

INSERT INTO `glpi_documenttypes` (`id`, `name`, `ext`, `icon`, `mime`, `is_uploadable`, `date_mod`, `comment`, `date_creation`) VALUES
(1, 'JPEG', 'jpg', 'jpg-dist.png', NULL, 1, NULL, NULL, NULL),
(2, 'PNG', 'png', 'png-dist.png', NULL, 1, NULL, NULL, NULL),
(3, 'GIF', 'gif', 'gif-dist.png', NULL, 1, NULL, NULL, NULL),
(4, 'BMP', 'bmp', 'bmp-dist.png', NULL, 1, NULL, NULL, NULL),
(5, 'Photoshop', 'psd', 'psd-dist.png', NULL, 1, NULL, NULL, NULL),
(6, 'TIFF', 'tif', 'tif-dist.png', NULL, 1, NULL, NULL, NULL),
(7, 'AIFF', 'aiff', 'aiff-dist.png', NULL, 1, NULL, NULL, NULL),
(8, 'Windows Media', 'asf', 'asf-dist.png', NULL, 1, NULL, NULL, NULL),
(9, 'Windows Media', 'avi', 'avi-dist.png', NULL, 1, NULL, NULL, NULL),
(10, 'BZip', 'bz2', 'bz2-dist.png', NULL, 1, NULL, NULL, NULL),
(11, 'Word', 'doc', 'doc-dist.png', NULL, 1, NULL, NULL, NULL),
(12, 'DjVu', 'djvu', '', NULL, 1, NULL, NULL, NULL),
(13, 'PostScript', 'eps', 'ps-dist.png', NULL, 1, NULL, NULL, NULL),
(14, 'GZ', 'gz', 'gz-dist.png', NULL, 1, NULL, NULL, NULL),
(15, 'HTML', 'html', 'html-dist.png', NULL, 1, NULL, NULL, NULL),
(16, 'Midi', 'mid', 'mid-dist.png', NULL, 1, NULL, NULL, NULL),
(17, 'QuickTime', 'mov', 'mov-dist.png', NULL, 1, NULL, NULL, NULL),
(18, 'MP3', 'mp3', 'mp3-dist.png', NULL, 1, NULL, NULL, NULL),
(19, 'MPEG', 'mpg', 'mpg-dist.png', NULL, 1, NULL, NULL, NULL),
(20, 'Ogg Vorbis', 'ogg', 'ogg-dist.png', NULL, 1, NULL, NULL, NULL),
(21, 'PDF', 'pdf', 'pdf-dist.png', NULL, 1, NULL, NULL, NULL),
(22, 'PowerPoint', 'ppt', 'ppt-dist.png', NULL, 1, NULL, NULL, NULL),
(23, 'PostScript', 'ps', 'ps-dist.png', NULL, 1, NULL, NULL, NULL),
(24, 'QuickTime', 'qt', 'qt-dist.png', NULL, 1, NULL, NULL, NULL),
(25, 'RealAudio', 'ra', 'ra-dist.png', NULL, 1, NULL, NULL, NULL),
(26, 'RealAudio', 'ram', 'ram-dist.png', NULL, 1, NULL, NULL, NULL),
(27, 'RealAudio', 'rm', 'rm-dist.png', NULL, 1, NULL, NULL, NULL),
(28, 'RTF', 'rtf', 'rtf-dist.png', NULL, 1, NULL, NULL, NULL),
(29, 'StarOffice', 'sdd', 'sdd-dist.png', NULL, 1, NULL, NULL, NULL),
(30, 'StarOffice', 'sdw', 'sdw-dist.png', NULL, 1, NULL, NULL, NULL),
(31, 'Stuffit', 'sit', 'sit-dist.png', NULL, 1, NULL, NULL, NULL),
(32, 'OpenOffice Impress', 'sxi', 'sxi-dist.png', NULL, 1, NULL, NULL, NULL),
(33, 'OpenOffice', 'sxw', 'sxw-dist.png', NULL, 1, NULL, NULL, NULL),
(34, 'Flash', 'swf', 'swf-dist.png', NULL, 1, NULL, NULL, NULL),
(35, 'TGZ', 'tgz', 'tgz-dist.png', NULL, 1, NULL, NULL, NULL),
(36, 'texte', 'txt', 'txt-dist.png', NULL, 1, NULL, NULL, NULL),
(37, 'WAV', 'wav', 'wav-dist.png', NULL, 1, NULL, NULL, NULL),
(38, 'Excel', 'xls', 'xls-dist.png', NULL, 1, NULL, NULL, NULL),
(39, 'XML', 'xml', 'xml-dist.png', NULL, 1, NULL, NULL, NULL),
(40, 'Windows Media', 'wmv', 'wmv-dist.png', NULL, 1, NULL, NULL, NULL),
(41, 'Zip', 'zip', 'zip-dist.png', NULL, 1, NULL, NULL, NULL),
(42, 'MNG', 'mng', '', NULL, 1, NULL, NULL, NULL),
(43, 'Adobe Illustrator', 'ai', 'ai-dist.png', NULL, 1, NULL, NULL, NULL),
(44, 'C source', 'c', 'c-dist.png', NULL, 1, NULL, NULL, NULL),
(45, 'Debian', 'deb', 'deb-dist.png', NULL, 1, NULL, NULL, NULL),
(46, 'DVI', 'dvi', 'dvi-dist.png', NULL, 1, NULL, NULL, NULL),
(47, 'C header', 'h', 'h-dist.png', NULL, 1, NULL, NULL, NULL),
(48, 'Pascal', 'pas', 'pas-dist.png', NULL, 1, NULL, NULL, NULL),
(49, 'RedHat/Mandrake/SuSE', 'rpm', 'rpm-dist.png', NULL, 1, NULL, NULL, NULL),
(50, 'OpenOffice Calc', 'sxc', 'sxc-dist.png', NULL, 1, NULL, NULL, NULL),
(51, 'LaTeX', 'tex', 'tex-dist.png', NULL, 1, NULL, NULL, NULL),
(52, 'GIMP multi-layer', 'xcf', 'xcf-dist.png', NULL, 1, NULL, NULL, NULL),
(53, 'JPEG', 'jpeg', 'jpg-dist.png', NULL, 1, NULL, NULL, NULL),
(54, 'Oasis Open Office Writer', 'odt', 'odt-dist.png', NULL, 1, NULL, NULL, NULL),
(55, 'Oasis Open Office Calc', 'ods', 'ods-dist.png', NULL, 1, NULL, NULL, NULL),
(56, 'Oasis Open Office Impress', 'odp', 'odp-dist.png', NULL, 1, NULL, NULL, NULL),
(57, 'Oasis Open Office Impress Template', 'otp', 'odp-dist.png', NULL, 1, NULL, NULL, NULL),
(58, 'Oasis Open Office Writer Template', 'ott', 'odt-dist.png', NULL, 1, NULL, NULL, NULL),
(59, 'Oasis Open Office Calc Template', 'ots', 'ods-dist.png', NULL, 1, NULL, NULL, NULL),
(60, 'Oasis Open Office Math', 'odf', 'odf-dist.png', NULL, 1, NULL, NULL, NULL),
(61, 'Oasis Open Office Draw', 'odg', 'odg-dist.png', NULL, 1, NULL, NULL, NULL),
(62, 'Oasis Open Office Draw Template', 'otg', 'odg-dist.png', NULL, 1, NULL, NULL, NULL),
(63, 'Oasis Open Office Base', 'odb', 'odb-dist.png', NULL, 1, NULL, NULL, NULL),
(64, 'Oasis Open Office HTML', 'oth', 'oth-dist.png', NULL, 1, NULL, NULL, NULL),
(65, 'Oasis Open Office Writer Master', 'odm', 'odm-dist.png', NULL, 1, NULL, NULL, NULL),
(66, 'Oasis Open Office Chart', 'odc', '', NULL, 1, NULL, NULL, NULL),
(67, 'Oasis Open Office Image', 'odi', '', NULL, 1, NULL, NULL, NULL),
(68, 'Word XML', 'docx', 'doc-dist.png', NULL, 1, NULL, NULL, NULL),
(69, 'Excel XML', 'xlsx', 'xls-dist.png', NULL, 1, NULL, NULL, NULL),
(70, 'PowerPoint XML', 'pptx', 'ppt-dist.png', NULL, 1, NULL, NULL, NULL),
(71, 'Comma-Separated Values', 'csv', 'csv-dist.png', NULL, 1, NULL, NULL, NULL),
(72, 'Scalable Vector Graphics', 'svg', 'svg-dist.png', NULL, 1, NULL, NULL, NULL);

-- --------------------------------------------------------

--
-- Estructura de tabla para la tabla `glpi_domainrecords`
--

CREATE TABLE `glpi_domainrecords` (
  `id` int(10) UNSIGNED NOT NULL,
  `name` varchar(255) COLLATE utf8mb4_unicode_ci DEFAULT NULL,
  `data` text COLLATE utf8mb4_unicode_ci,
  `data_obj` text COLLATE utf8mb4_unicode_ci,
  `entities_id` int(10) UNSIGNED NOT NULL DEFAULT '0',
  `is_recursive` tinyint(4) NOT NULL DEFAULT '0',
  `domains_id` int(10) UNSIGNED NOT NULL DEFAULT '0',
  `domainrecordtypes_id` int(10) UNSIGNED NOT NULL DEFAULT '0',
  `ttl` int(11) NOT NULL,
  `users_id_tech` int(10) UNSIGNED NOT NULL DEFAULT '0',
  `groups_id_tech` int(10) UNSIGNED NOT NULL DEFAULT '0',
  `is_deleted` tinyint(4) NOT NULL DEFAULT '0',
  `comment` text COLLATE utf8mb4_unicode_ci,
  `date_mod` timestamp NULL DEFAULT NULL,
  `date_creation` timestamp NULL DEFAULT NULL
) ENGINE=InnoDB DEFAULT CHARSET=utf8mb4 COLLATE=utf8mb4_unicode_ci ROW_FORMAT=DYNAMIC;

-- --------------------------------------------------------

--
-- Estructura de tabla para la tabla `glpi_domainrecordtypes`
--

CREATE TABLE `glpi_domainrecordtypes` (
  `id` int(10) UNSIGNED NOT NULL,
  `name` varchar(255) COLLATE utf8mb4_unicode_ci DEFAULT NULL,
  `fields` text COLLATE utf8mb4_unicode_ci,
  `entities_id` int(10) UNSIGNED NOT NULL DEFAULT '0',
  `is_recursive` tinyint(4) NOT NULL DEFAULT '0',
  `comment` text COLLATE utf8mb4_unicode_ci
) ENGINE=InnoDB DEFAULT CHARSET=utf8mb4 COLLATE=utf8mb4_unicode_ci ROW_FORMAT=DYNAMIC;

--
-- Volcado de datos para la tabla `glpi_domainrecordtypes`
--

INSERT INTO `glpi_domainrecordtypes` (`id`, `name`, `fields`, `entities_id`, `is_recursive`, `comment`) VALUES
(1, 'A', '[]', 0, 1, 'Host address'),
(2, 'AAAA', '[]', 0, 1, 'IPv6 host address'),
(3, 'ALIAS', '[]', 0, 1, 'Auto resolved alias'),
(4, 'CNAME', '[{\"key\":\"target\",\"label\":\"Target\",\"placeholder\":\"sip.example.com.\",\"is_fqdn\":true}]', 0, 1, 'Canonical name for an alias'),
(5, 'MX', '[{\"key\":\"priority\",\"label\":\"Priority\",\"placeholder\":\"10\"},{\"key\":\"server\",\"label\":\"Server\",\"placeholder\":\"mail.example.com.\",\"is_fqdn\":true}]', 0, 1, 'Mail eXchange'),
(6, 'NS', '[]', 0, 1, 'Name Server'),
(7, 'PTR', '[]', 0, 1, 'Pointer'),
(8, 'SOA', '[{\"key\":\"primary_name_server\",\"label\":\"Primary name server\",\"placeholder\":\"ns1.example.com.\",\"is_fqdn\":true},{\"key\":\"primary_contact\",\"label\":\"Primary contact\",\"placeholder\":\"admin.example.com.\",\"is_fqdn\":true},{\"key\":\"serial\",\"label\":\"Serial\",\"placeholder\":\"2020010101\"},{\"key\":\"zone_refresh_timer\",\"label\":\"Zone refresh timer\",\"placeholder\":\"86400\"},{\"key\":\"failed_refresh_retry_timer\",\"label\":\"Failed refresh retry timer\",\"placeholder\":\"7200\"},{\"key\":\"zone_expiry_timer\",\"label\":\"Zone expiry timer\",\"placeholder\":\"1209600\"},{\"key\":\"minimum_ttl\",\"label\":\"Minimum TTL\",\"placeholder\":\"300\"}]', 0, 1, 'Start Of Authority'),
(9, 'SRV', '[{\"key\":\"priority\",\"label\":\"Priority\",\"placeholder\":\"0\"},{\"key\":\"weight\",\"label\":\"Weight\",\"placeholder\":\"10\"},{\"key\":\"port\",\"label\":\"Port\",\"placeholder\":\"5060\"},{\"key\":\"target\",\"label\":\"Target\",\"placeholder\":\"sip.example.com.\",\"is_fqdn\":true}]', 0, 1, 'Location of service'),
(10, 'TXT', '[{\"key\":\"data\",\"label\":\"TXT record data\",\"placeholder\":\"Your TXT record data\",\"quote_value\":true}]', 0, 1, 'Descriptive text'),
(11, 'CAA', '[{\"key\":\"flag\",\"label\":\"Flag\",\"placeholder\":\"0\"},{\"key\":\"tag\",\"label\":\"Tag\",\"placeholder\":\"issue\"},{\"key\":\"value\",\"label\":\"Value\",\"placeholder\":\"letsencrypt.org\",\"quote_value\":true}]', 0, 1, 'Certification Authority Authorization');

-- --------------------------------------------------------

--
-- Estructura de tabla para la tabla `glpi_domainrelations`
--

CREATE TABLE `glpi_domainrelations` (
  `id` int(10) UNSIGNED NOT NULL,
  `name` varchar(255) COLLATE utf8mb4_unicode_ci DEFAULT NULL,
  `entities_id` int(10) UNSIGNED NOT NULL DEFAULT '0',
  `is_recursive` tinyint(4) NOT NULL DEFAULT '0',
  `comment` text COLLATE utf8mb4_unicode_ci
) ENGINE=InnoDB DEFAULT CHARSET=utf8mb4 COLLATE=utf8mb4_unicode_ci ROW_FORMAT=DYNAMIC;

--
-- Volcado de datos para la tabla `glpi_domainrelations`
--

INSERT INTO `glpi_domainrelations` (`id`, `name`, `entities_id`, `is_recursive`, `comment`) VALUES
(1, 'Belongs', 0, 1, 'Item belongs to domain'),
(2, 'Manage', 0, 1, 'Item manages domain');

-- --------------------------------------------------------

--
-- Estructura de tabla para la tabla `glpi_domains`
--

CREATE TABLE `glpi_domains` (
  `id` int(10) UNSIGNED NOT NULL,
  `name` varchar(255) COLLATE utf8mb4_unicode_ci DEFAULT NULL,
  `entities_id` int(10) UNSIGNED NOT NULL DEFAULT '0',
  `is_recursive` tinyint(4) NOT NULL DEFAULT '0',
  `domaintypes_id` int(10) UNSIGNED NOT NULL DEFAULT '0',
  `date_expiration` timestamp NULL DEFAULT NULL,
  `date_domaincreation` timestamp NULL DEFAULT NULL,
  `users_id_tech` int(10) UNSIGNED NOT NULL DEFAULT '0',
  `groups_id_tech` int(10) UNSIGNED NOT NULL DEFAULT '0',
  `is_deleted` tinyint(4) NOT NULL DEFAULT '0',
  `comment` text COLLATE utf8mb4_unicode_ci,
  `is_template` tinyint(4) NOT NULL DEFAULT '0',
  `template_name` varchar(255) COLLATE utf8mb4_unicode_ci DEFAULT NULL,
  `is_active` tinyint(4) NOT NULL DEFAULT '0',
  `date_mod` timestamp NULL DEFAULT NULL,
  `date_creation` timestamp NULL DEFAULT NULL
) ENGINE=InnoDB DEFAULT CHARSET=utf8mb4 COLLATE=utf8mb4_unicode_ci ROW_FORMAT=DYNAMIC;

--
-- Volcado de datos para la tabla `glpi_domains`
--

INSERT INTO `glpi_domains` (`id`, `name`, `entities_id`, `is_recursive`, `domaintypes_id`, `date_expiration`, `date_domaincreation`, `users_id_tech`, `groups_id_tech`, `is_deleted`, `comment`, `is_template`, `template_name`, `is_active`, `date_mod`, `date_creation`) VALUES
(1, 'Alfaparfsabama.local', 0, 0, 0, NULL, NULL, 0, 0, 0, NULL, 0, NULL, 0, '2024-08-09 21:56:29', '2024-08-09 21:56:29'),
(2, 'local', 0, 0, 0, NULL, NULL, 0, 0, 0, NULL, 0, NULL, 0, '2024-08-22 01:47:12', '2024-08-22 01:47:12');

-- --------------------------------------------------------

--
-- Estructura de tabla para la tabla `glpi_domains_items`
--

CREATE TABLE `glpi_domains_items` (
  `id` int(10) UNSIGNED NOT NULL,
  `domains_id` int(10) UNSIGNED NOT NULL DEFAULT '0',
  `items_id` int(10) UNSIGNED NOT NULL DEFAULT '0',
  `itemtype` varchar(100) COLLATE utf8mb4_unicode_ci NOT NULL,
  `domainrelations_id` int(10) UNSIGNED NOT NULL DEFAULT '0'
) ENGINE=InnoDB DEFAULT CHARSET=utf8mb4 COLLATE=utf8mb4_unicode_ci ROW_FORMAT=DYNAMIC;

-- --------------------------------------------------------

--
-- Estructura de tabla para la tabla `glpi_domaintypes`
--

CREATE TABLE `glpi_domaintypes` (
  `id` int(10) UNSIGNED NOT NULL,
  `name` varchar(255) COLLATE utf8mb4_unicode_ci DEFAULT NULL,
  `entities_id` int(10) UNSIGNED NOT NULL DEFAULT '0',
  `is_recursive` tinyint(4) NOT NULL DEFAULT '0',
  `comment` text COLLATE utf8mb4_unicode_ci
) ENGINE=InnoDB DEFAULT CHARSET=utf8mb4 COLLATE=utf8mb4_unicode_ci ROW_FORMAT=DYNAMIC;

-- --------------------------------------------------------

--
-- Estructura de tabla para la tabla `glpi_dropdowntranslations`
--

CREATE TABLE `glpi_dropdowntranslations` (
  `id` int(10) UNSIGNED NOT NULL,
  `items_id` int(10) UNSIGNED NOT NULL DEFAULT '0',
  `itemtype` varchar(100) COLLATE utf8mb4_unicode_ci DEFAULT NULL,
  `language` varchar(10) COLLATE utf8mb4_unicode_ci DEFAULT NULL,
  `field` varchar(100) COLLATE utf8mb4_unicode_ci DEFAULT NULL,
  `value` text COLLATE utf8mb4_unicode_ci
) ENGINE=InnoDB DEFAULT CHARSET=utf8mb4 COLLATE=utf8mb4_unicode_ci ROW_FORMAT=DYNAMIC;

-- --------------------------------------------------------

--
-- Estructura de tabla para la tabla `glpi_enclosuremodels`
--

CREATE TABLE `glpi_enclosuremodels` (
  `id` int(10) UNSIGNED NOT NULL,
  `name` varchar(255) COLLATE utf8mb4_unicode_ci DEFAULT NULL,
  `comment` text COLLATE utf8mb4_unicode_ci,
  `product_number` varchar(255) COLLATE utf8mb4_unicode_ci DEFAULT NULL,
  `weight` int(11) NOT NULL DEFAULT '0',
  `required_units` int(11) NOT NULL DEFAULT '1',
  `depth` float NOT NULL DEFAULT '1',
  `power_connections` int(11) NOT NULL DEFAULT '0',
  `power_consumption` int(11) NOT NULL DEFAULT '0',
  `is_half_rack` tinyint(4) NOT NULL DEFAULT '0',
  `picture_front` text COLLATE utf8mb4_unicode_ci,
  `picture_rear` text COLLATE utf8mb4_unicode_ci,
  `pictures` text COLLATE utf8mb4_unicode_ci,
  `date_mod` timestamp NULL DEFAULT NULL,
  `date_creation` timestamp NULL DEFAULT NULL
) ENGINE=InnoDB DEFAULT CHARSET=utf8mb4 COLLATE=utf8mb4_unicode_ci ROW_FORMAT=DYNAMIC;

-- --------------------------------------------------------

--
-- Estructura de tabla para la tabla `glpi_enclosures`
--

CREATE TABLE `glpi_enclosures` (
  `id` int(10) UNSIGNED NOT NULL,
  `name` varchar(255) COLLATE utf8mb4_unicode_ci DEFAULT NULL,
  `entities_id` int(10) UNSIGNED NOT NULL DEFAULT '0',
  `is_recursive` tinyint(4) NOT NULL DEFAULT '0',
  `locations_id` int(10) UNSIGNED NOT NULL DEFAULT '0',
  `serial` varchar(255) COLLATE utf8mb4_unicode_ci DEFAULT NULL,
  `otherserial` varchar(255) COLLATE utf8mb4_unicode_ci DEFAULT NULL,
  `enclosuremodels_id` int(10) UNSIGNED DEFAULT NULL,
  `users_id_tech` int(10) UNSIGNED NOT NULL DEFAULT '0',
  `groups_id_tech` int(10) UNSIGNED NOT NULL DEFAULT '0',
  `is_template` tinyint(4) NOT NULL DEFAULT '0',
  `template_name` varchar(255) COLLATE utf8mb4_unicode_ci DEFAULT NULL,
  `is_deleted` tinyint(4) NOT NULL DEFAULT '0',
  `orientation` tinyint(4) DEFAULT NULL,
  `power_supplies` tinyint(4) NOT NULL DEFAULT '0',
  `states_id` int(10) UNSIGNED NOT NULL DEFAULT '0' COMMENT 'RELATION to states (id)',
  `comment` text COLLATE utf8mb4_unicode_ci,
  `manufacturers_id` int(10) UNSIGNED NOT NULL DEFAULT '0',
  `date_mod` timestamp NULL DEFAULT NULL,
  `date_creation` timestamp NULL DEFAULT NULL
) ENGINE=InnoDB DEFAULT CHARSET=utf8mb4 COLLATE=utf8mb4_unicode_ci ROW_FORMAT=DYNAMIC;

-- --------------------------------------------------------

--
-- Estructura de tabla para la tabla `glpi_entities`
--

CREATE TABLE `glpi_entities` (
  `id` int(10) UNSIGNED NOT NULL DEFAULT '0',
  `name` varchar(255) COLLATE utf8mb4_unicode_ci DEFAULT NULL,
  `entities_id` int(10) UNSIGNED DEFAULT '0',
  `completename` text COLLATE utf8mb4_unicode_ci,
  `comment` text COLLATE utf8mb4_unicode_ci,
  `level` int(11) NOT NULL DEFAULT '0',
  `sons_cache` longtext COLLATE utf8mb4_unicode_ci,
  `ancestors_cache` longtext COLLATE utf8mb4_unicode_ci,
  `registration_number` varchar(255) COLLATE utf8mb4_unicode_ci DEFAULT NULL,
  `address` text COLLATE utf8mb4_unicode_ci,
  `postcode` varchar(255) COLLATE utf8mb4_unicode_ci DEFAULT NULL,
  `town` varchar(255) COLLATE utf8mb4_unicode_ci DEFAULT NULL,
  `state` varchar(255) COLLATE utf8mb4_unicode_ci DEFAULT NULL,
  `country` varchar(255) COLLATE utf8mb4_unicode_ci DEFAULT NULL,
  `website` varchar(255) COLLATE utf8mb4_unicode_ci DEFAULT NULL,
  `phonenumber` varchar(255) COLLATE utf8mb4_unicode_ci DEFAULT NULL,
  `fax` varchar(255) COLLATE utf8mb4_unicode_ci DEFAULT NULL,
  `email` varchar(255) COLLATE utf8mb4_unicode_ci DEFAULT NULL,
  `admin_email` varchar(255) COLLATE utf8mb4_unicode_ci DEFAULT NULL,
  `admin_email_name` varchar(255) COLLATE utf8mb4_unicode_ci DEFAULT NULL,
  `from_email` varchar(255) COLLATE utf8mb4_unicode_ci DEFAULT NULL,
  `from_email_name` varchar(255) COLLATE utf8mb4_unicode_ci DEFAULT NULL,
  `noreply_email` varchar(255) COLLATE utf8mb4_unicode_ci DEFAULT NULL,
  `noreply_email_name` varchar(255) COLLATE utf8mb4_unicode_ci DEFAULT NULL,
  `replyto_email` varchar(255) COLLATE utf8mb4_unicode_ci DEFAULT NULL,
  `replyto_email_name` varchar(255) COLLATE utf8mb4_unicode_ci DEFAULT NULL,
  `notification_subject_tag` varchar(255) COLLATE utf8mb4_unicode_ci DEFAULT NULL,
  `ldap_dn` varchar(255) COLLATE utf8mb4_unicode_ci DEFAULT NULL,
  `tag` varchar(255) COLLATE utf8mb4_unicode_ci DEFAULT NULL,
  `authldaps_id` int(10) UNSIGNED NOT NULL DEFAULT '0',
  `mail_domain` varchar(255) COLLATE utf8mb4_unicode_ci DEFAULT NULL,
  `entity_ldapfilter` text COLLATE utf8mb4_unicode_ci,
  `mailing_signature` text COLLATE utf8mb4_unicode_ci,
  `cartridges_alert_repeat` int(11) NOT NULL DEFAULT '-2',
  `consumables_alert_repeat` int(11) NOT NULL DEFAULT '-2',
  `use_licenses_alert` int(11) NOT NULL DEFAULT '-2',
  `send_licenses_alert_before_delay` int(11) NOT NULL DEFAULT '-2',
  `use_certificates_alert` int(11) NOT NULL DEFAULT '-2',
  `send_certificates_alert_before_delay` int(11) NOT NULL DEFAULT '-2',
  `certificates_alert_repeat_interval` int(11) NOT NULL DEFAULT '-2',
  `use_contracts_alert` int(11) NOT NULL DEFAULT '-2',
  `send_contracts_alert_before_delay` int(11) NOT NULL DEFAULT '-2',
  `use_infocoms_alert` int(11) NOT NULL DEFAULT '-2',
  `send_infocoms_alert_before_delay` int(11) NOT NULL DEFAULT '-2',
  `use_reservations_alert` int(11) NOT NULL DEFAULT '-2',
  `use_domains_alert` int(11) NOT NULL DEFAULT '-2',
  `send_domains_alert_close_expiries_delay` int(11) NOT NULL DEFAULT '-2',
  `send_domains_alert_expired_delay` int(11) NOT NULL DEFAULT '-2',
  `autoclose_delay` int(11) NOT NULL DEFAULT '-2',
  `autopurge_delay` int(11) NOT NULL DEFAULT '-10',
  `notclosed_delay` int(11) NOT NULL DEFAULT '-2',
  `calendars_strategy` tinyint(4) NOT NULL DEFAULT '-2',
  `calendars_id` int(10) UNSIGNED NOT NULL DEFAULT '0',
  `auto_assign_mode` int(11) NOT NULL DEFAULT '-2',
  `tickettype` int(11) NOT NULL DEFAULT '-2',
  `max_closedate` timestamp NULL DEFAULT NULL,
  `inquest_config` int(11) NOT NULL DEFAULT '-2',
  `inquest_rate` int(11) NOT NULL DEFAULT '0',
  `inquest_delay` int(11) NOT NULL DEFAULT '-10',
  `inquest_URL` varchar(255) COLLATE utf8mb4_unicode_ci DEFAULT NULL,
  `autofill_warranty_date` varchar(255) COLLATE utf8mb4_unicode_ci NOT NULL DEFAULT '-2',
  `autofill_use_date` varchar(255) COLLATE utf8mb4_unicode_ci NOT NULL DEFAULT '-2',
  `autofill_buy_date` varchar(255) COLLATE utf8mb4_unicode_ci NOT NULL DEFAULT '-2',
  `autofill_delivery_date` varchar(255) COLLATE utf8mb4_unicode_ci NOT NULL DEFAULT '-2',
  `autofill_order_date` varchar(255) COLLATE utf8mb4_unicode_ci NOT NULL DEFAULT '-2',
  `tickettemplates_strategy` tinyint(4) NOT NULL DEFAULT '-2',
  `tickettemplates_id` int(10) UNSIGNED NOT NULL DEFAULT '0',
  `changetemplates_strategy` tinyint(4) NOT NULL DEFAULT '-2',
  `changetemplates_id` int(10) UNSIGNED NOT NULL DEFAULT '0',
  `problemtemplates_strategy` tinyint(4) NOT NULL DEFAULT '-2',
  `problemtemplates_id` int(10) UNSIGNED NOT NULL DEFAULT '0',
  `entities_strategy_software` tinyint(4) NOT NULL DEFAULT '-2',
  `entities_id_software` int(10) UNSIGNED NOT NULL DEFAULT '0',
  `default_contract_alert` int(11) NOT NULL DEFAULT '-2',
  `default_infocom_alert` int(11) NOT NULL DEFAULT '-2',
  `default_cartridges_alarm_threshold` int(11) NOT NULL DEFAULT '-2',
  `default_consumables_alarm_threshold` int(11) NOT NULL DEFAULT '-2',
  `delay_send_emails` int(11) NOT NULL DEFAULT '-2',
  `is_notif_enable_default` int(11) NOT NULL DEFAULT '-2',
  `inquest_duration` int(11) NOT NULL DEFAULT '0',
  `date_mod` timestamp NULL DEFAULT NULL,
  `date_creation` timestamp NULL DEFAULT NULL,
  `autofill_decommission_date` varchar(255) COLLATE utf8mb4_unicode_ci NOT NULL DEFAULT '-2',
  `suppliers_as_private` int(11) NOT NULL DEFAULT '-2',
  `anonymize_support_agents` int(11) NOT NULL DEFAULT '-2',
  `display_users_initials` int(11) NOT NULL DEFAULT '-2',
  `contracts_strategy_default` tinyint(4) NOT NULL DEFAULT '-2',
  `contracts_id_default` int(10) UNSIGNED NOT NULL DEFAULT '0',
  `enable_custom_css` int(11) NOT NULL DEFAULT '-2',
  `custom_css_code` text COLLATE utf8mb4_unicode_ci,
  `latitude` varchar(255) COLLATE utf8mb4_unicode_ci DEFAULT NULL,
  `longitude` varchar(255) COLLATE utf8mb4_unicode_ci DEFAULT NULL,
  `altitude` varchar(255) COLLATE utf8mb4_unicode_ci DEFAULT NULL,
  `transfers_strategy` tinyint(4) NOT NULL DEFAULT '-2',
  `transfers_id` int(10) UNSIGNED NOT NULL DEFAULT '0',
  `agent_base_url` varchar(255) COLLATE utf8mb4_unicode_ci DEFAULT NULL
) ENGINE=InnoDB DEFAULT CHARSET=utf8mb4 COLLATE=utf8mb4_unicode_ci ROW_FORMAT=DYNAMIC;

--
-- Volcado de datos para la tabla `glpi_entities`
--

INSERT INTO `glpi_entities` (`id`, `name`, `entities_id`, `completename`, `comment`, `level`, `sons_cache`, `ancestors_cache`, `registration_number`, `address`, `postcode`, `town`, `state`, `country`, `website`, `phonenumber`, `fax`, `email`, `admin_email`, `admin_email_name`, `from_email`, `from_email_name`, `noreply_email`, `noreply_email_name`, `replyto_email`, `replyto_email_name`, `notification_subject_tag`, `ldap_dn`, `tag`, `authldaps_id`, `mail_domain`, `entity_ldapfilter`, `mailing_signature`, `cartridges_alert_repeat`, `consumables_alert_repeat`, `use_licenses_alert`, `send_licenses_alert_before_delay`, `use_certificates_alert`, `send_certificates_alert_before_delay`, `certificates_alert_repeat_interval`, `use_contracts_alert`, `send_contracts_alert_before_delay`, `use_infocoms_alert`, `send_infocoms_alert_before_delay`, `use_reservations_alert`, `use_domains_alert`, `send_domains_alert_close_expiries_delay`, `send_domains_alert_expired_delay`, `autoclose_delay`, `autopurge_delay`, `notclosed_delay`, `calendars_strategy`, `calendars_id`, `auto_assign_mode`, `tickettype`, `max_closedate`, `inquest_config`, `inquest_rate`, `inquest_delay`, `inquest_URL`, `autofill_warranty_date`, `autofill_use_date`, `autofill_buy_date`, `autofill_delivery_date`, `autofill_order_date`, `tickettemplates_strategy`, `tickettemplates_id`, `changetemplates_strategy`, `changetemplates_id`, `problemtemplates_strategy`, `problemtemplates_id`, `entities_strategy_software`, `entities_id_software`, `default_contract_alert`, `default_infocom_alert`, `default_cartridges_alarm_threshold`, `default_consumables_alarm_threshold`, `delay_send_emails`, `is_notif_enable_default`, `inquest_duration`, `date_mod`, `date_creation`, `autofill_decommission_date`, `suppliers_as_private`, `anonymize_support_agents`, `display_users_initials`, `contracts_strategy_default`, `contracts_id_default`, `enable_custom_css`, `custom_css_code`, `latitude`, `longitude`, `altitude`, `transfers_strategy`, `transfers_id`, `agent_base_url`) VALUES
(0, 'GLPIColombia', NULL, 'GLPIColombia', NULL, 1, NULL, NULL, NULL, NULL, NULL, NULL, NULL, NULL, NULL, NULL, NULL, NULL, NULL, NULL, NULL, NULL, NULL, NULL, NULL, NULL, NULL, NULL, NULL, 0, NULL, NULL, NULL, 0, 0, 0, 0, 0, 0, 0, 0, 0, 0, 0, 0, -2, -2, -2, -10, -10, 0, 0, 0, -10, 1, NULL, 1, 0, 0, NULL, '0', '0', '0', '0', '0', 0, 1, 0, 1, 0, 1, -10, 0, 0, 0, 10, 10, 0, 1, 0, '2024-08-11 02:47:46', NULL, '0', 0, 0, 1, 0, 0, 0, NULL, NULL, NULL, NULL, 0, 0, NULL),
(1, 'alfaparf', 0, 'GLPIColombia > alfaparf', '', 2, NULL, '[0]', NULL, NULL, NULL, NULL, NULL, NULL, NULL, NULL, NULL, NULL, NULL, NULL, NULL, NULL, NULL, NULL, NULL, NULL, NULL, NULL, NULL, 0, NULL, NULL, NULL, -2, -2, -2, -2, -2, -2, -2, -2, -2, -2, -2, -2, -2, -2, -2, -2, -10, -2, -2, 0, -2, -2, '2024-08-11 15:26:45', -2, 0, -10, NULL, '-2', '-2', '-2', '-2', '-2', -2, 0, -2, 0, -2, 0, -2, 0, -2, -2, -2, -2, -2, -2, 0, '2024-08-11 15:26:45', '2024-08-11 15:26:45', '-2', -2, -2, -2, -2, 0, -2, NULL, NULL, NULL, NULL, -2, 0, NULL),
(3, 'contabilidad', 11, 'GLPIColombia > alfaparf > direccion financiera > contabilidad', '', 4, '{\"3\":3}', '{\"0\":0,\"1\":1,\"11\":11}', NULL, NULL, NULL, NULL, NULL, NULL, NULL, NULL, NULL, NULL, NULL, NULL, NULL, NULL, NULL, NULL, NULL, NULL, NULL, NULL, NULL, 0, NULL, NULL, NULL, -2, -2, -2, -2, -2, -2, -2, -2, -2, -2, -2, -2, -2, -2, -2, -2, -10, -2, -2, 0, -2, -2, '2024-08-12 02:48:38', -2, 0, -10, NULL, '-2', '-2', '-2', '-2', '-2', -2, 0, -2, 0, -2, 0, -2, 0, -2, -2, -2, -2, -2, -2, 0, '2024-08-13 22:23:47', '2024-08-12 02:48:38', '-2', -2, -2, -2, -2, 0, -2, NULL, NULL, NULL, NULL, -2, 0, NULL),
(5, 'gestion humana', 1, 'GLPIColombia > alfaparf > gestion humana', '', 3, NULL, '[0,1]', NULL, NULL, NULL, NULL, NULL, NULL, NULL, NULL, NULL, NULL, NULL, NULL, NULL, NULL, NULL, NULL, NULL, NULL, NULL, NULL, NULL, 0, NULL, NULL, NULL, -2, -2, -2, -2, -2, -2, -2, -2, -2, -2, -2, -2, -2, -2, -2, -2, -10, -2, -2, 0, -2, -2, '2024-08-12 02:51:32', -2, 0, -10, NULL, '-2', '-2', '-2', '-2', '-2', -2, 0, -2, 0, -2, 0, -2, 0, -2, -2, -2, -2, -2, -2, 0, '2024-08-12 02:51:32', '2024-08-12 02:51:32', '-2', -2, -2, -2, -2, 0, -2, NULL, NULL, NULL, NULL, -2, 0, NULL),
(7, 'comerciales', 1, 'GLPIColombia > alfaparf > comerciales', '', 3, '{\"7\":7}', '[0,1]', NULL, NULL, NULL, NULL, NULL, NULL, NULL, NULL, NULL, NULL, NULL, NULL, NULL, NULL, NULL, NULL, NULL, NULL, NULL, NULL, NULL, 0, NULL, NULL, NULL, -2, -2, -2, -2, -2, -2, -2, -2, -2, -2, -2, -2, -2, -2, -2, -2, -10, -2, -2, 0, -2, -2, '2024-08-12 03:05:06', -2, 0, -10, NULL, '-2', '-2', '-2', '-2', '-2', -2, 0, -2, 0, -2, 0, -2, 0, -2, -2, -2, -2, -2, -2, 0, '2024-08-12 03:05:06', '2024-08-12 03:05:06', '-2', -2, -2, -2, -2, 0, -2, NULL, NULL, NULL, NULL, -2, 0, NULL),
(11, 'direccion financiera', 1, 'GLPIColombia > alfaparf > direccion financiera', '', 3, NULL, '[0,1]', NULL, NULL, NULL, NULL, NULL, NULL, NULL, NULL, NULL, NULL, NULL, NULL, NULL, NULL, NULL, NULL, NULL, NULL, NULL, NULL, NULL, 0, NULL, NULL, NULL, -2, -2, -2, -2, -2, -2, -2, -2, -2, -2, -2, -2, -2, -2, -2, -2, -10, -2, -2, 0, -2, -2, '2024-08-13 22:23:02', -2, 0, -10, NULL, '-2', '-2', '-2', '-2', '-2', -2, 0, -2, 0, -2, 0, -2, 0, -2, -2, -2, -2, -2, -2, 0, '2024-09-04 08:30:56', '2024-08-13 22:23:02', '-2', -2, -2, -2, -2, 0, -2, NULL, NULL, NULL, NULL, -2, 0, NULL),
(12, 'educacion', 1, 'GLPIColombia > alfaparf > educacion', '', 3, '{\"12\":12}', '[0,1]', NULL, NULL, NULL, NULL, NULL, NULL, NULL, NULL, NULL, NULL, NULL, NULL, NULL, NULL, NULL, NULL, NULL, NULL, NULL, NULL, NULL, 0, NULL, NULL, NULL, -2, -2, -2, -2, -2, -2, -2, -2, -2, -2, -2, -2, -2, -2, -2, -2, -10, -2, -2, 0, -2, -2, '2024-08-15 02:21:50', -2, 0, -10, NULL, '-2', '-2', '-2', '-2', '-2', -2, 0, -2, 0, -2, 0, -2, 0, -2, -2, -2, -2, -2, -2, 0, '2024-08-15 02:21:50', '2024-08-15 02:21:50', '-2', -2, -2, -2, -2, 0, -2, NULL, NULL, NULL, NULL, -2, 0, NULL),
(13, 'marketing', 1, 'GLPIColombia > alfaparf > marketing', '', 3, '{\"13\":13}', '[0,1]', NULL, NULL, NULL, NULL, NULL, NULL, NULL, NULL, NULL, NULL, NULL, NULL, NULL, NULL, NULL, NULL, NULL, NULL, NULL, NULL, NULL, 0, NULL, NULL, NULL, -2, -2, -2, -2, -2, -2, -2, -2, -2, -2, -2, -2, -2, -2, -2, -2, -10, -2, -2, 0, -2, -2, '2024-08-15 03:24:14', -2, 0, -10, NULL, '-2', '-2', '-2', '-2', '-2', -2, 0, -2, 0, -2, 0, -2, 0, -2, -2, -2, -2, -2, -2, 0, '2024-09-04 08:31:27', '2024-08-15 03:24:14', '-2', -2, -2, -2, -2, 0, -2, NULL, NULL, NULL, NULL, -2, 0, NULL),
(14, 'logistica', 1, 'GLPIColombia > alfaparf > logistica', '', 3, NULL, '[0,1]', NULL, NULL, NULL, NULL, NULL, NULL, NULL, NULL, NULL, NULL, NULL, NULL, NULL, NULL, NULL, NULL, NULL, NULL, NULL, NULL, NULL, 0, NULL, NULL, NULL, -2, -2, -2, -2, -2, -2, -2, -2, -2, -2, -2, -2, -2, -2, -2, -2, -10, -2, -2, 0, -2, -2, '2024-08-15 03:41:56', -2, 0, -10, NULL, '-2', '-2', '-2', '-2', '-2', -2, 0, -2, 0, -2, 0, -2, 0, -2, -2, -2, -2, -2, -2, 0, '2024-08-15 03:41:56', '2024-08-15 03:41:56', '-2', -2, -2, -2, -2, 0, -2, NULL, NULL, NULL, NULL, -2, 0, NULL),
(15, 'sistemas y tecnologia', 1, 'GLPIColombia > alfaparf > sistemas y tecnologia', '', 3, '{\"15\":15}', '[0,1]', NULL, NULL, NULL, NULL, NULL, NULL, NULL, NULL, NULL, NULL, NULL, NULL, NULL, NULL, NULL, NULL, NULL, NULL, NULL, NULL, NULL, 0, NULL, NULL, NULL, -2, -2, -2, -2, -2, -2, -2, -2, -2, -2, -2, -2, -2, -2, -2, -2, -10, -2, -2, 0, -2, -2, '2024-08-15 04:09:11', -2, 0, -10, NULL, '-2', '-2', '-2', '-2', '-2', -2, 0, -2, 0, -2, 0, -2, 0, -2, -2, -2, -2, -2, -2, 0, '2024-08-15 04:09:24', '2024-08-15 04:09:11', '-2', -2, -2, -2, -2, 0, -2, NULL, NULL, NULL, NULL, -2, 0, NULL),
(17, 'coordinacion tecnica', 1, 'GLPIColombia > alfaparf > coordinacion tecnica', '', 3, NULL, '[0,1]', NULL, NULL, NULL, NULL, NULL, NULL, NULL, NULL, NULL, NULL, NULL, NULL, NULL, NULL, NULL, NULL, NULL, NULL, NULL, NULL, NULL, 0, NULL, NULL, NULL, -2, -2, -2, -2, -2, -2, -2, -2, -2, -2, -2, -2, -2, -2, -2, -2, -10, -2, -2, 0, -2, -2, '2024-09-04 08:22:28', -2, 0, -10, NULL, '-2', '-2', '-2', '-2', '-2', -2, 0, -2, 0, -2, 0, -2, 0, -2, -2, -2, -2, -2, -2, 0, '2024-09-04 08:22:28', '2024-09-04 08:22:28', '-2', -2, -2, -2, -2, 0, -2, NULL, NULL, NULL, NULL, -2, 0, NULL),
(18, 'facturacion', 11, 'GLPIColombia > alfaparf > direccion financiera > facturacion', '', 4, '{\"18\":18}', '{\"0\":0,\"1\":1,\"11\":11}', NULL, NULL, NULL, NULL, NULL, NULL, NULL, NULL, NULL, NULL, NULL, NULL, NULL, NULL, NULL, NULL, NULL, NULL, NULL, NULL, NULL, 0, NULL, NULL, NULL, -2, -2, -2, -2, -2, -2, -2, -2, -2, -2, -2, -2, -2, -2, -2, -2, -10, -2, -2, 0, -2, -2, '2024-09-05 21:59:40', -2, 0, -10, NULL, '-2', '-2', '-2', '-2', '-2', -2, 0, -2, 0, -2, 0, -2, 0, -2, -2, -2, -2, -2, -2, 0, '2024-09-05 21:59:40', '2024-09-05 21:59:40', '-2', -2, -2, -2, -2, 0, -2, NULL, NULL, NULL, NULL, -2, 0, NULL);

-- --------------------------------------------------------

--
-- Estructura de tabla para la tabla `glpi_entities_knowbaseitems`
--

